{"id":7295,"date":"2022-06-05T18:34:29","date_gmt":"2022-06-05T16:34:29","guid":{"rendered":"https:\/\/agora.xtec.cat\/ceiptorresjonama\/?page_id=7295"},"modified":"2024-06-17T13:50:22","modified_gmt":"2024-06-17T11:50:22","slug":"avaluacio-i-millora","status":"publish","type":"page","link":"https:\/\/agora.xtec.cat\/ceiptorresjonama\/estrategia-digital-de-centre\/part-estrategica\/avaluacio-i-millora\/","title":{"rendered":"Avaluaci\u00f3 i millora"},"content":{"rendered":"<p dir=\"ltr\">Per tal d&#8217;avaluar la implementaci\u00f3 de l&#8217;Estrat\u00e8gia Digital, a final de cada curs es reuneix la comissi\u00f3 digital i valora l&#8217;assoliment dels criteris dels indicadors de les activitats i dels objectius.<\/p>\n<p dir=\"ltr\">Cada responsable fa una exposici\u00f3 del que s&#8217;ha assolit i del que no s&#8217;ha assolit, i exposa les propostes de millora.<\/p>\n<p dir=\"ltr\">A partir d&#8217;aqu\u00ed, la comissi\u00f3 modifica l&#8217;EDC pel que queda de temps d&#8217;implementaci\u00f3, si s&#8217;escau.<\/p>\n<p dir=\"ltr\"><iframe loading=\"lazy\" src=\"https:\/\/docs.google.com\/spreadsheets\/d\/e\/2PACX-1vQZc-EacIqKYdkk9tHZuNzDX2IAwy3jSedUV1069vWUfJGfPepAx7QHNDVXC5xwQCFzCZDwlwo6ZfFc\/pubhtml?widget=true&amp;headers=false\" width=\"1000\" height=\"800\"><\/iframe><\/p>\n","protected":false},"excerpt":{"rendered":"<p>Per tal d&#8217;avaluar la implementaci\u00f3 de l&#8217;Estrat\u00e8gia Digital, a final de cada curs es reuneix la comissi\u00f3 digital i valora l&#8217;assoliment dels criteris dels indicadors de les activitats i dels objectius.<br \/>\nCada responsable fa una exposici\u00f3 del que s&#8217;ha assolit i del que no s&#8217;ha assolit,&hellip;  <a href=\"https:\/\/agora.xtec.cat\/ceiptorresjonama\/estrategia-digital-de-centre\/part-estrategica\/avaluacio-i-millora\/\" title=\"Read Avaluaci\u00f3 i millora\">Llegeix m\u00e9s\u00bb<\/a><\/p>\n","protected":false},"author":3,"featured_media":0,"parent":7240,"menu_order":4,"comment_status":"closed","ping_status":"closed","template":"page-templates\/side-menu.php","meta":{"_bbp_topic_count":0,"_bbp_reply_count":0,"_bbp_total_topic_count":0,"_bbp_total_reply_count":0,"_bbp_voice_count":0,"_bbp_anonymous_reply_count":0,"_bbp_topic_count_hidden":0,"_bbp_reply_count_hidden":0,"_bbp_forum_subforum_count":0,"footnotes":""},"class_list":["post-7295","page","type-page","status-publish","hentry"],"post_mailing_queue_ids":[],"_links":{"self":[{"href":"https:\/\/agora.xtec.cat\/ceiptorresjonama\/wp-json\/wp\/v2\/pages\/7295","targetHints":{"allow":["GET"]}}],"collection":[{"href":"https:\/\/agora.xtec.cat\/ceiptorresjonama\/wp-json\/wp\/v2\/pages"}],"about":[{"href":"https:\/\/agora.xtec.cat\/ceiptorresjonama\/wp-json\/wp\/v2\/types\/page"}],"author":[{"embeddable":true,"href":"https:\/\/agora.xtec.cat\/ceiptorresjonama\/wp-json\/wp\/v2\/users\/3"}],"replies":[{"embeddable":true,"href":"https:\/\/agora.xtec.cat\/ceiptorresjonama\/wp-json\/wp\/v2\/comments?post=7295"}],"version-history":[{"count":6,"href":"https:\/\/agora.xtec.cat\/ceiptorresjonama\/wp-json\/wp\/v2\/pages\/7295\/revisions"}],"predecessor-version":[{"id":8293,"href":"https:\/\/agora.xtec.cat\/ceiptorresjonama\/wp-json\/wp\/v2\/pages\/7295\/revisions\/8293"}],"up":[{"embeddable":true,"href":"https:\/\/agora.xtec.cat\/ceiptorresjonama\/wp-json\/wp\/v2\/pages\/7240"}],"wp:attachment":[{"href":"https:\/\/agora.xtec.cat\/ceiptorresjonama\/wp-json\/wp\/v2\/media?parent=7295"}],"curies":[{"name":"wp","href":"https:\/\/api.w.org\/{rel}","templated":true}]}}