{"id":35,"date":"2014-07-13T22:17:39","date_gmt":"2014-07-13T22:17:39","guid":{"rendered":"http:\/\/torresjonama.wordpress.com\/?page_id=35"},"modified":"2019-08-12T18:41:29","modified_gmt":"2019-08-12T16:41:29","slug":"lescola-2","status":"publish","type":"page","link":"https:\/\/agora.xtec.cat\/ceiptorresjonama\/lescola-2\/","title":{"rendered":"L&#8217;Escola"},"content":{"rendered":"<p style=\"text-align: justify;\"><strong>ON SOM<\/strong><\/p>\n<p style=\"text-align: justify;\">Estem al Carrer Torres Jonama, 9 de Mont-ras, <strong>entre la C-31 i el carrer dels Mestres Masgrau i Badia<\/strong>. L&#8217;adre\u00e7a oficial \u00e9s la seg\u00fcent:<\/p>\n<p style=\"text-align: justify;\">C\/ Torres Jonama, 9<\/p>\n<p style=\"text-align: justify;\"><span style=\"color: #000000;\">17253 &#8211; Mont-ras\u00a0 (Girona)<\/span><\/p>\n<p style=\"text-align: justify;\"><a href=\"https:\/\/agora.xtec.cat\/ceiptorresjonama\/wp-content\/uploads\/usu279\/2014\/09\/mapa-escola-montras.jpg\"><img loading=\"lazy\" decoding=\"async\" class=\"alignnone size-medium wp-image-312\" src=\"https:\/\/agora.xtec.cat\/ceiptorresjonama\/wp-content\/uploads\/usu279\/2014\/09\/mapa-escola-montras.jpg?w=300\" alt=\"mapa escola montras\" width=\"300\" height=\"193\" \/><\/a><\/p>\n<p style=\"text-align: justify;\"><strong>COM \u00c9S LA NOSTRA ESCOLA<\/strong><\/p>\n<p style=\"text-align: justify;\">L&#8217;escola Torres Jonama de Mont-ras \u00e9s una escola p\u00fabica que imparteix els nivells d&#8217;Educaci\u00f3 Infantil i Educaci\u00f3 Prim\u00e0ria dels 3 fins als 12 anys.<\/p>\n<p style=\"text-align: justify;\">\u00c9s una escola catalana i arrelada al seu medi, democr\u00e0tica, aconfessional, pluralista i no sexista.<\/p>\n<p style=\"text-align: justify;\">T\u00e9 com a objectiu l&#8217;educaci\u00f3 integral de l&#8217;alumnat. Fomenta una educaci\u00f3 que afavoreix actituds basades en el respecte pels dem\u00e9s i en relaci\u00f3 a un mateix, en la formaci\u00f3 per la pau, la solidaritat i la col\u00b7laboraci\u00f3 entre les persones i els pobles, en el sentit de la llibertat lligat al de la responsabilitat.<\/p>\n<p style=\"text-align: justify;\">L&#8217;escola ofereix un tracte personalitzat que s&#8217;adequa a les necessitats de cada alumne. I, a la vegada, tota la comunitat educativa participa en la gesti\u00f3 del centre.<\/p>\n<p style=\"text-align: justify;\">Per a m\u00e9s informaci\u00f3 (sobre el projecte educatiu, projectes&#8230;), no dubteu en posar-vos en contacte amb nosaltres.<\/p>\n<p><em>\u00a0<\/em><\/p>\n<p>&nbsp;<\/p>\n","protected":false},"excerpt":{"rendered":"<p>ON SOM<br \/>\nEstem al Carrer Torres Jonama, 9 de Mont-ras, entre la C-31 i el carrer dels Mestres Masgrau i Badia. L&#8217;adre\u00e7a oficial \u00e9s la seg\u00fcent:<br \/>\nC\/ Torres Jonama, 9<br \/>\n17253 &#8211; Mont-ras\u00a0 (Girona)<br \/>\n<a href=\"https:\/\/agora.xtec.cat\/ceiptorresjonama\/wp-content\/uploads\/usu279\/2014\/09\/mapa-escola-montras.jpg\"><\/a><br \/>\nCOM \u00c9S LA NOSTRA ESCOLA<br \/>\nL&#8217;escola Torres Jonama de Mont-ras \u00e9s una escola p\u00fabica que&hellip;  <a href=\"https:\/\/agora.xtec.cat\/ceiptorresjonama\/lescola-2\/\" title=\"Read L&#8217;Escola\">Llegeix m\u00e9s\u00bb<\/a><\/p>\n","protected":false},"author":1,"featured_media":0,"parent":0,"menu_order":0,"comment_status":"closed","ping_status":"open","template":"","meta":{"_bbp_topic_count":0,"_bbp_reply_count":0,"_bbp_total_topic_count":0,"_bbp_total_reply_count":0,"_bbp_voice_count":0,"_bbp_anonymous_reply_count":0,"_bbp_topic_count_hidden":0,"_bbp_reply_count_hidden":0,"_bbp_forum_subforum_count":0,"footnotes":""},"class_list":["post-35","page","type-page","status-publish","hentry"],"post_mailing_queue_ids":[],"_links":{"self":[{"href":"https:\/\/agora.xtec.cat\/ceiptorresjonama\/wp-json\/wp\/v2\/pages\/35","targetHints":{"allow":["GET"]}}],"collection":[{"href":"https:\/\/agora.xtec.cat\/ceiptorresjonama\/wp-json\/wp\/v2\/pages"}],"about":[{"href":"https:\/\/agora.xtec.cat\/ceiptorresjonama\/wp-json\/wp\/v2\/types\/page"}],"author":[{"embeddable":true,"href":"https:\/\/agora.xtec.cat\/ceiptorresjonama\/wp-json\/wp\/v2\/users\/1"}],"replies":[{"embeddable":true,"href":"https:\/\/agora.xtec.cat\/ceiptorresjonama\/wp-json\/wp\/v2\/comments?post=35"}],"version-history":[{"count":2,"href":"https:\/\/agora.xtec.cat\/ceiptorresjonama\/wp-json\/wp\/v2\/pages\/35\/revisions"}],"predecessor-version":[{"id":1517,"href":"https:\/\/agora.xtec.cat\/ceiptorresjonama\/wp-json\/wp\/v2\/pages\/35\/revisions\/1517"}],"wp:attachment":[{"href":"https:\/\/agora.xtec.cat\/ceiptorresjonama\/wp-json\/wp\/v2\/media?parent=35"}],"curies":[{"name":"wp","href":"https:\/\/api.w.org\/{rel}","templated":true}]}}

<p style="text-align: justify;"><strong>ON SOM</strong></p>
<p style="text-align: justify;">Estem al Carrer Torres Jonama, 9 de Mont-ras, <strong>entre la C-31 i el carrer dels Mestres Masgrau i Badia</strong>. L&#8217;adreça oficial és la següent:</p>
<p style="text-align: justify;">C/ Torres Jonama, 9</p>
<p style="text-align: justify;"><span style="color: #000000;">17253 &#8211; Mont-ras  (Girona)</span></p>
<p style="text-align: justify;"><a href="https://agora.xtec.cat/ceiptorresjonama/wp-content/uploads/usu279/2014/09/mapa-escola-montras.jpg"><img loading="lazy" decoding="async" class="alignnone size-medium wp-image-312" src="https://agora.xtec.cat/ceiptorresjonama/wp-content/uploads/usu279/2014/09/mapa-escola-montras.jpg?w=300" alt="mapa escola montras" width="300" height="193" /></a></p>
<p style="text-align: justify;"><strong>COM ÉS LA NOSTRA ESCOLA</strong></p>
<p style="text-align: justify;">L&#8217;escola Torres Jonama de Mont-ras és una escola púbica que imparteix els nivells d&#8217;Educació Infantil i Educació Primària dels 3 fins als 12 anys.</p>
<p style="text-align: justify;">És una escola catalana i arrelada al seu medi, democràtica, aconfessional, pluralista i no sexista.</p>
<p style="text-align: justify;">Té com a objectiu l&#8217;educació integral de l&#8217;alumnat. Fomenta una educació que afavoreix actituds basades en el respecte pels demés i en relació a un mateix, en la formació per la pau, la solidaritat i la col·laboració entre les persones i els pobles, en el sentit de la llibertat lligat al de la responsabilitat.</p>
<p style="text-align: justify;">L&#8217;escola ofereix un tracte personalitzat que s&#8217;adequa a les necessitats de cada alumne. I, a la vegada, tota la comunitat educativa participa en la gestió del centre.</p>
<p style="text-align: justify;">Per a més informació (sobre el projecte educatiu, projectes&#8230;), no dubteu en posar-vos en contacte amb nosaltres.</p>
<p><em> </em></p>
<p>&nbsp;</p>

<p>ON SOM<br />
Estem al Carrer Torres Jonama, 9 de Mont-ras, entre la C-31 i el carrer dels Mestres Masgrau i Badia. L&#8217;adreça oficial és la següent:<br />
C/ Torres Jonama, 9<br />
17253 &#8211; Mont-ras  (Girona)<br />
<a href="https://agora.xtec.cat/ceiptorresjonama/wp-content/uploads/usu279/2014/09/mapa-escola-montras.jpg"></a><br />
COM ÉS LA NOSTRA ESCOLA<br />
L&#8217;escola Torres Jonama de Mont-ras és una escola púbica que&hellip;  <a href="https://agora.xtec.cat/ceiptorresjonama/lescola-2/" title="Read L&#8217;Escola">Llegeix més»</a></p>
