{"id":31,"date":"2014-07-13T22:17:07","date_gmt":"2014-07-13T22:17:07","guid":{"rendered":"http:\/\/torresjonama.wordpress.com\/?page_id=31"},"modified":"2024-07-04T20:41:46","modified_gmt":"2024-07-04T18:41:46","slug":"lampa","status":"publish","type":"page","link":"https:\/\/agora.xtec.cat\/ceiptorresjonama\/lampa\/","title":{"rendered":"AMPA"},"content":{"rendered":"<p><strong>QUE F\u00c0 L\u2019AMPA??<\/strong><br \/>\n<strong>REPRESENTAR ELS PARES I LES MARES DELS ALUMNES.-<\/strong> L\u2019AMPA \u00e9s el<br \/>\nprincipal interlocutor entre les fam\u00edlies de l&#8217;alumnat, la direcci\u00f3 i el professorat<br \/>\nde l\u2019escola.<br \/>\n<strong>PROMOURE LA PARTICIPACI\u00d3 DE LES FAM\u00cdLIES.-<\/strong> L\u2019AMPA promou la<br \/>\nparticipaci\u00f3 de les fam\u00edlies de l&#8217;alumnat en les activitats de l\u2019escola. La implicaci\u00f3<br \/>\ndirecta de les fam\u00edlies contribueix a millorar i enriquir l\u2019educaci\u00f3 dels infants, aix\u00ed com<br \/>\nel funcionament general del centre.<br \/>\n<strong>ORGANITZAR ESDEVENIMENTS I OFERIR SERVEIS.<\/strong><br \/>\n*Serveis d\u2019acollida: matinal, i migdia<br \/>\n*Serveis d\u2019extraescolars; Mecanografia, Rob\u00f2tica<br \/>\n*Festes: Nadal, Carnestoltes, Castanyada, Sant Jordi, Fi de Curs<br \/>\n*Llibres de text i llibres per la Biblioteca<br \/>\n*Pantalles digitals per als alumnes<br \/>\n*Col\u00f2nies i viatge a Londres de 6\u00e8 curs<br \/>\n*Material laboratori<br \/>\n*Ordinadors<br \/>\nNom\u00e9s pel fet de ser soci ja estar\u00e0s ajudant, per\u00f2 si vols tenir un paper m\u00e9s actiu i aportar m\u00e9s<br \/>\nserveis i beneficis per als alumnes, per a les fam\u00edlies i per a tota la comunitat educativa, posa\u2019t<br \/>\nen contacte amb nosaltres. <span style=\"color: #0000ff;\">ampamontras@hotmail.com<\/span><br \/>\n<strong>\u2013 Venda de llibres de text<\/strong><\/p>\n","protected":false},"excerpt":{"rendered":"<p>QUE F\u00c0 L\u2019AMPA??<br \/>\nREPRESENTAR ELS PARES I LES MARES DELS ALUMNES.- L\u2019AMPA \u00e9s el<br \/>\nprincipal interlocutor entre les fam\u00edlies de l&#8217;alumnat, la direcci\u00f3 i el professorat<br \/>\nde l\u2019escola.<br \/>\nPROMOURE LA PARTICIPACI\u00d3 DE LES FAM\u00cdLIES.- L\u2019AMPA promou la<br \/>\nparticipaci\u00f3 de les fam\u00edlies de l&#8217;alumnat en les activitats de l\u2019escola. La implicaci\u00f3<br \/>\ndirecta&hellip;  <a href=\"https:\/\/agora.xtec.cat\/ceiptorresjonama\/lampa\/\" title=\"Read AMPA\">Llegeix m\u00e9s\u00bb<\/a><\/p>\n","protected":false},"author":1,"featured_media":0,"parent":0,"menu_order":1,"comment_status":"closed","ping_status":"open","template":"page-templates\/side-menu.php","meta":{"_bbp_topic_count":0,"_bbp_reply_count":0,"_bbp_total_topic_count":0,"_bbp_total_reply_count":0,"_bbp_voice_count":0,"_bbp_anonymous_reply_count":0,"_bbp_topic_count_hidden":0,"_bbp_reply_count_hidden":0,"_bbp_forum_subforum_count":0,"footnotes":""},"class_list":["post-31","page","type-page","status-publish","hentry"],"post_mailing_queue_ids":[],"_links":{"self":[{"href":"https:\/\/agora.xtec.cat\/ceiptorresjonama\/wp-json\/wp\/v2\/pages\/31","targetHints":{"allow":["GET"]}}],"collection":[{"href":"https:\/\/agora.xtec.cat\/ceiptorresjonama\/wp-json\/wp\/v2\/pages"}],"about":[{"href":"https:\/\/agora.xtec.cat\/ceiptorresjonama\/wp-json\/wp\/v2\/types\/page"}],"author":[{"embeddable":true,"href":"https:\/\/agora.xtec.cat\/ceiptorresjonama\/wp-json\/wp\/v2\/users\/1"}],"replies":[{"embeddable":true,"href":"https:\/\/agora.xtec.cat\/ceiptorresjonama\/wp-json\/wp\/v2\/comments?post=31"}],"version-history":[{"count":3,"href":"https:\/\/agora.xtec.cat\/ceiptorresjonama\/wp-json\/wp\/v2\/pages\/31\/revisions"}],"predecessor-version":[{"id":7834,"href":"https:\/\/agora.xtec.cat\/ceiptorresjonama\/wp-json\/wp\/v2\/pages\/31\/revisions\/7834"}],"wp:attachment":[{"href":"https:\/\/agora.xtec.cat\/ceiptorresjonama\/wp-json\/wp\/v2\/media?parent=31"}],"curies":[{"name":"wp","href":"https:\/\/api.w.org\/{rel}","templated":true}]}}

<p><strong>QUE FÀ L’AMPA??</strong><br />
<strong>REPRESENTAR ELS PARES I LES MARES DELS ALUMNES.-</strong> L’AMPA és el<br />
principal interlocutor entre les famílies de l&#8217;alumnat, la direcció i el professorat<br />
de l’escola.<br />
<strong>PROMOURE LA PARTICIPACIÓ DE LES FAMÍLIES.-</strong> L’AMPA promou la<br />
participació de les famílies de l&#8217;alumnat en les activitats de l’escola. La implicació<br />
directa de les famílies contribueix a millorar i enriquir l’educació dels infants, així com<br />
el funcionament general del centre.<br />
<strong>ORGANITZAR ESDEVENIMENTS I OFERIR SERVEIS.</strong><br />
*Serveis d’acollida: matinal, i migdia<br />
*Serveis d’extraescolars; Mecanografia, Robòtica<br />
*Festes: Nadal, Carnestoltes, Castanyada, Sant Jordi, Fi de Curs<br />
*Llibres de text i llibres per la Biblioteca<br />
*Pantalles digitals per als alumnes<br />
*Colònies i viatge a Londres de 6è curs<br />
*Material laboratori<br />
*Ordinadors<br />
Només pel fet de ser soci ja estaràs ajudant, però si vols tenir un paper més actiu i aportar més<br />
serveis i beneficis per als alumnes, per a les famílies i per a tota la comunitat educativa, posa’t<br />
en contacte amb nosaltres. <span style="color: #0000ff;">ampamontras@hotmail.com</span><br />
<strong>– Venda de llibres de text</strong></p>

<p>QUE FÀ L’AMPA??<br />
REPRESENTAR ELS PARES I LES MARES DELS ALUMNES.- L’AMPA és el<br />
principal interlocutor entre les famílies de l&#8217;alumnat, la direcció i el professorat<br />
de l’escola.<br />
PROMOURE LA PARTICIPACIÓ DE LES FAMÍLIES.- L’AMPA promou la<br />
participació de les famílies de l&#8217;alumnat en les activitats de l’escola. La implicació<br />
directa&hellip;  <a href="https://agora.xtec.cat/ceiptorresjonama/lampa/" title="Read AMPA">Llegeix més»</a></p>
