{"id":1472,"date":"2019-08-12T16:57:49","date_gmt":"2019-08-12T14:57:49","guid":{"rendered":"https:\/\/agora.xtec.cat\/ceiptorresjonama\/?page_id=1472"},"modified":"2019-08-12T17:54:44","modified_gmt":"2019-08-12T15:54:44","slug":"qui-som","status":"publish","type":"page","link":"https:\/\/agora.xtec.cat\/ceiptorresjonama\/lescola-2\/qui-som\/","title":{"rendered":"Qui som"},"content":{"rendered":"<p>L\u2019Escola Torres Jonama de Mont-ras \u00e9s una escola p\u00fabica que imparteix els nivells d\u2019Educaci\u00f3 Infantil i Educaci\u00f3 Prim\u00e0ria dels 3 fins als 12 anys.<\/p>\n<p>\u00c9s una escola catalana i arrelada al seu medi, democr\u00e0tica, aconfessional, pluralista i no sexista.<\/p>\n<p>T\u00e9 com a objectiu l\u2019educaci\u00f3 integral de l\u2019alumnat. Fomenta una educaci\u00f3 que afavoreix actituds basades en el respecte pels dem\u00e9s i en relaci\u00f3 a un mateix, en la formaci\u00f3 per la pau, la solidaritat i la col\u00b7laboraci\u00f3 entre les persones i els pobles, en el sentit de la llibertat lligat al de la responsabilitat.<\/p>\n<p>L\u2019escola ofereix un tracte personalitzat que s\u2019adequa a les necessitats de cada alumne. I, a la vegada, tota la comunitat educativa participa en la gesti\u00f3 del centre.<\/p>\n<p>Per a m\u00e9s informaci\u00f3 (sobre el projecte educatiu, projectes\u2026), no dubteu en posar-vos en contacte amb nosaltres.<\/p>\n<p>Compartim amb vosaltres l&#8217;article &#8220;<strong>Josep Gen\u00e9 i Barbosa. El somni d&#8217;un mestre republic\u00e0 enmig la barb\u00e0rie franquista<\/strong>&#8220;, un escrit de la Maria Bruguera sobre el paper i la import\u00e0ncia d&#8217;aquest mestre en la hist\u00f2ria del nostre centre. Donem les gr\u00e0cies a la Maria Bruguera per la seva aportaci\u00f3:<\/p>\n<p><iframe src=\"https:\/\/agora.xtec.cat\/ceiptorresjonama\/wp-content\/uploads\/usu279\/2019\/08\/josep_gene_barbosa_el_somni_dun_mestre_republica.pdf\" frameborder=\"0\" style=\"width:800px;height:400px;\"><\/iframe><\/p>\n","protected":false},"excerpt":{"rendered":"<p>L\u2019Escola Torres Jonama de Mont-ras \u00e9s una escola p\u00fabica que imparteix els nivells d\u2019Educaci\u00f3 Infantil i Educaci\u00f3 Prim\u00e0ria dels 3 fins als 12 anys.<br \/>\n\u00c9s una escola catalana i arrelada al seu medi, democr\u00e0tica, aconfessional, pluralista i no sexista.<br \/>\nT\u00e9 com a objectiu l\u2019educaci\u00f3 integral de l\u2019alumnat.&hellip;  <a href=\"https:\/\/agora.xtec.cat\/ceiptorresjonama\/lescola-2\/qui-som\/\" title=\"Read Qui som\">Llegeix m\u00e9s\u00bb<\/a><\/p>\n","protected":false},"author":3,"featured_media":0,"parent":35,"menu_order":0,"comment_status":"closed","ping_status":"closed","template":"page-templates\/side-menu.php","meta":{"_bbp_topic_count":0,"_bbp_reply_count":0,"_bbp_total_topic_count":0,"_bbp_total_reply_count":0,"_bbp_voice_count":0,"_bbp_anonymous_reply_count":0,"_bbp_topic_count_hidden":0,"_bbp_reply_count_hidden":0,"_bbp_forum_subforum_count":0,"footnotes":""},"class_list":["post-1472","page","type-page","status-publish","hentry"],"post_mailing_queue_ids":[],"_links":{"self":[{"href":"https:\/\/agora.xtec.cat\/ceiptorresjonama\/wp-json\/wp\/v2\/pages\/1472","targetHints":{"allow":["GET"]}}],"collection":[{"href":"https:\/\/agora.xtec.cat\/ceiptorresjonama\/wp-json\/wp\/v2\/pages"}],"about":[{"href":"https:\/\/agora.xtec.cat\/ceiptorresjonama\/wp-json\/wp\/v2\/types\/page"}],"author":[{"embeddable":true,"href":"https:\/\/agora.xtec.cat\/ceiptorresjonama\/wp-json\/wp\/v2\/users\/3"}],"replies":[{"embeddable":true,"href":"https:\/\/agora.xtec.cat\/ceiptorresjonama\/wp-json\/wp\/v2\/comments?post=1472"}],"version-history":[{"count":3,"href":"https:\/\/agora.xtec.cat\/ceiptorresjonama\/wp-json\/wp\/v2\/pages\/1472\/revisions"}],"predecessor-version":[{"id":1501,"href":"https:\/\/agora.xtec.cat\/ceiptorresjonama\/wp-json\/wp\/v2\/pages\/1472\/revisions\/1501"}],"up":[{"embeddable":true,"href":"https:\/\/agora.xtec.cat\/ceiptorresjonama\/wp-json\/wp\/v2\/pages\/35"}],"wp:attachment":[{"href":"https:\/\/agora.xtec.cat\/ceiptorresjonama\/wp-json\/wp\/v2\/media?parent=1472"}],"curies":[{"name":"wp","href":"https:\/\/api.w.org\/{rel}","templated":true}]}}

<p>L’Escola Torres Jonama de Mont-ras és una escola púbica que imparteix els nivells d’Educació Infantil i Educació Primària dels 3 fins als 12 anys.</p>
<p>És una escola catalana i arrelada al seu medi, democràtica, aconfessional, pluralista i no sexista.</p>
<p>Té com a objectiu l’educació integral de l’alumnat. Fomenta una educació que afavoreix actituds basades en el respecte pels demés i en relació a un mateix, en la formació per la pau, la solidaritat i la col·laboració entre les persones i els pobles, en el sentit de la llibertat lligat al de la responsabilitat.</p>
<p>L’escola ofereix un tracte personalitzat que s’adequa a les necessitats de cada alumne. I, a la vegada, tota la comunitat educativa participa en la gestió del centre.</p>
<p>Per a més informació (sobre el projecte educatiu, projectes…), no dubteu en posar-vos en contacte amb nosaltres.</p>
<p>Compartim amb vosaltres l&#8217;article &#8220;<strong>Josep Gené i Barbosa. El somni d&#8217;un mestre republicà enmig la barbàrie franquista</strong>&#8220;, un escrit de la Maria Bruguera sobre el paper i la importància d&#8217;aquest mestre en la història del nostre centre. Donem les gràcies a la Maria Bruguera per la seva aportació:</p>
<p><iframe src="https://agora.xtec.cat/ceiptorresjonama/wp-content/uploads/usu279/2019/08/josep_gene_barbosa_el_somni_dun_mestre_republica.pdf" frameborder="0" style="width:800px;height:400px;"></iframe></p>

<p>L’Escola Torres Jonama de Mont-ras és una escola púbica que imparteix els nivells d’Educació Infantil i Educació Primària dels 3 fins als 12 anys.<br />
És una escola catalana i arrelada al seu medi, democràtica, aconfessional, pluralista i no sexista.<br />
Té com a objectiu l’educació integral de l’alumnat.&hellip;  <a href="https://agora.xtec.cat/ceiptorresjonama/lescola-2/qui-som/" title="Read Qui som">Llegeix més»</a></p>
