{"id":777,"date":"2021-08-15T17:00:59","date_gmt":"2021-08-15T15:00:59","guid":{"rendered":"https:\/\/agora.xtec.cat\/ceiptorresjonama-palafrugell\/?page_id=777"},"modified":"2021-09-15T13:00:47","modified_gmt":"2021-09-15T11:00:47","slug":"comissions","status":"publish","type":"page","link":"https:\/\/agora.xtec.cat\/ceiptorresjonama-palafrugell\/comissions\/","title":{"rendered":"Comissions"},"content":{"rendered":"<p>Creiem que una AMPA activa i organitzada millora la qualitat del Centre Educatiu. \u00c9s per aquest motiu que per poder treballar millor, els pares i mares de l\u2019AMPA ens organitzem en Comissions. Cada comissi\u00f3 vetlla pel bon funcionament d\u2019algun dels aspectes que afecten la nostra Escola.<\/p>\n<p>Actualment, aquestes s\u00f3n les comissions de la nostra AMPA:<\/p>\n<p>\u2713\u00a0<b>Comissi\u00f3 Comunicaci\u00f3<\/b><\/p>\n<blockquote><p><b>Objectiu:\u00a0<\/b>Coordinar la comunicaci\u00f3 entre fam\u00edlies, l\u2019AMPA i l\u2019Escola, buscant de forma especial la implicaci\u00f3 de les fam\u00edlies i la transpar\u00e8ncia en la gesti\u00f3 de l\u2019AMPA. Donar suport a la resta de comissions perqu\u00e8 la informaci\u00f3 que necessitin donar a les fam\u00edlies arribi de forma \u00f2ptima.<\/p><\/blockquote>\n<p>\u2713\u00a0<b>Comissi\u00f3 de Delegats<\/b><\/p>\n<blockquote><p><b>Objectiu:\u00a0<\/b>Nexe per a qualsevol comunicaci\u00f3 entre l\u2019AMPA, l\u2019Escola i les fam\u00edlies. Ha de treballar molt estretament amb la Comissi\u00f3 de Comunicaci\u00f3.<\/p><\/blockquote>\n<p>\u2713\u00a0<b>Comissi\u00f3 Extraescolars<\/b><\/p>\n<blockquote><p><b>Objectiu:\u00a0<\/b>Coordinar i gestionar cada una de les activitats extraescolars, vetllant en tot moment per la seva qualitat i millora continua.<\/p><\/blockquote>\n<p>\u2713\u00a0<b>Comissi\u00f3 Festes<\/b><\/p>\n<blockquote><p><b>Objectiu:\u00a0<\/b>Organitzar i coordinar totes les festes de l\u2019AMPA, les quals es celebren fora de l\u2019horari escolar (Sant Jordi, Fi de curs&#8230;). Col\u00b7laborar amb l\u2019escola en l\u2019organitzaci\u00f3 d\u2019algunes de les seves festes dins horari escolar (Festa Carnestoltes, La Castanyada&#8230;)<\/p><\/blockquote>\n<p>\u2713\u00a0<b>Comissi\u00f3 Llibres<\/b><\/p>\n<blockquote><p><b>Objectiu:\u00a0<\/b>Estar en contacte amb l\u2019Escola i el prove\u00efdor de llibres per tal d\u2019aconseguir un descompte en la compra de llibres, donaci\u00f3 de llibres per la biblioteca de l\u2019Escola&#8230;<\/p><\/blockquote>\n<p>\u2713\u00a0<b>Comissi\u00f3 Subvencions<\/b><\/p>\n<blockquote><p><b>Objectiu:\u00a0<\/b>Sol\u00b7licitar i assabentar-se de tot tipus de subvencions que l\u2019AMPA pugui presentar-se per tal d\u2019obtenir ingressos extres.<\/p><\/blockquote>\n<p>Si voleu participar en alguna comissi\u00f3, poseu-vos en\u00a0<a href=\"mailto:amptatjp@gmail.com\">contacte amb l\u2019AMPA<\/a>!!<\/p>\n","protected":false},"excerpt":{"rendered":"<p>Creiem que una AMPA activa i organitzada millora la qualitat del Centre Educatiu. \u00c9s per aquest motiu que per poder treballar millor, els pares i mares de l\u2019AMPA ens organitzem en Comissions. Cada comissi\u00f3 vetlla pel bon funcionament d\u2019algun dels aspectes que afecten la nostra&hellip;  <a href=\"https:\/\/agora.xtec.cat\/ceiptorresjonama-palafrugell\/comissions\/\" title=\"Read Comissions\">Llegeix m\u00e9s\u00bb<\/a><\/p>\n","protected":false},"author":1,"featured_media":0,"parent":0,"menu_order":0,"comment_status":"closed","ping_status":"closed","template":"page-templates\/side-menu.php","meta":{"_bbp_topic_count":0,"_bbp_reply_count":0,"_bbp_total_topic_count":0,"_bbp_total_reply_count":0,"_bbp_voice_count":0,"_bbp_anonymous_reply_count":0,"_bbp_topic_count_hidden":0,"_bbp_reply_count_hidden":0,"_bbp_forum_subforum_count":0,"footnotes":""},"class_list":["post-777","page","type-page","status-publish","hentry"],"post_mailing_queue_ids":[],"_links":{"self":[{"href":"https:\/\/agora.xtec.cat\/ceiptorresjonama-palafrugell\/wp-json\/wp\/v2\/pages\/777","targetHints":{"allow":["GET"]}}],"collection":[{"href":"https:\/\/agora.xtec.cat\/ceiptorresjonama-palafrugell\/wp-json\/wp\/v2\/pages"}],"about":[{"href":"https:\/\/agora.xtec.cat\/ceiptorresjonama-palafrugell\/wp-json\/wp\/v2\/types\/page"}],"author":[{"embeddable":true,"href":"https:\/\/agora.xtec.cat\/ceiptorresjonama-palafrugell\/wp-json\/wp\/v2\/users\/1"}],"replies":[{"embeddable":true,"href":"https:\/\/agora.xtec.cat\/ceiptorresjonama-palafrugell\/wp-json\/wp\/v2\/comments?post=777"}],"version-history":[{"count":3,"href":"https:\/\/agora.xtec.cat\/ceiptorresjonama-palafrugell\/wp-json\/wp\/v2\/pages\/777\/revisions"}],"predecessor-version":[{"id":932,"href":"https:\/\/agora.xtec.cat\/ceiptorresjonama-palafrugell\/wp-json\/wp\/v2\/pages\/777\/revisions\/932"}],"wp:attachment":[{"href":"https:\/\/agora.xtec.cat\/ceiptorresjonama-palafrugell\/wp-json\/wp\/v2\/media?parent=777"}],"curies":[{"name":"wp","href":"https:\/\/api.w.org\/{rel}","templated":true}]}}