{"id":769,"date":"2021-08-15T16:57:13","date_gmt":"2021-08-15T14:57:13","guid":{"rendered":"https:\/\/agora.xtec.cat\/ceiptorresjonama-palafrugell\/?page_id=769"},"modified":"2021-08-15T16:57:13","modified_gmt":"2021-08-15T14:57:13","slug":"que-fem","status":"publish","type":"page","link":"https:\/\/agora.xtec.cat\/ceiptorresjonama-palafrugell\/que-fem\/","title":{"rendered":"Qu\u00e8 fem?"},"content":{"rendered":"<p>La nostra missi\u00f3 \u00e9s gestionar, finan\u00e7ar i promoure una s\u00e8rie d\u2019activitats que creiem que s\u00f3n molt importants. Destaquem:<\/p>\n<blockquote><p><em>\u2713\u00a0Promoci\u00f3 de la participaci\u00f3 de les fam\u00edlies dins la Comunitat Educativa potenciant la seva implicaci\u00f3 en el funcionament del Centre, creant un espai que permeti als pares i a les mares reflexionar i opinar sobre el funcionament quotidi\u00e0 de l\u2019Escola i sobre temes educatius d\u2019abast general.<\/em><\/p>\n<p><em>\u2713\u00a0Canalitzaci\u00f3 d\u2019opinions, suggeriments i propostes vinculant-les cap a fets i realitats.\u00a0<\/em><\/p>\n<p><em>\u2713\u00a0Administraci\u00f3 dels recursos econ\u00f2mics generats en benefici de tots els alumnes del\u00a0Centre.<\/em><\/p>\n<p><em>\u2713\u00a0Gesti\u00f3 i organitzaci\u00f3 de les activitats extraescolars.<\/em><\/p>\n<p><em>\u2713\u00a0Organitzaci\u00f3 de la festa de final de curs i col\u00b7laboraci\u00f3 en les que organitza l\u2019Escola com\u00a0per exemple la Castanyada.<\/em><\/p>\n<p><em>\u2713\u00a0Tramitaci\u00f3 de les sol\u00b7licituds de subvencions de l\u2019Ajuntament.<\/em><\/p>\n<p><em>\u2713\u00a0Tramitaci\u00f3 de l\u2019asseguran\u00e7a escolar de tots els alumnes.<\/em><\/p>\n<p><em>\u2713\u00a0Subvencionar part d\u2019una de les sortides a cada alumne en cada cicle.<\/em><\/p>\n<p><em>\u2713\u00a0Participar de forma activa en el projecte DANSA COBOSMIKA.<\/em><\/p><\/blockquote>\n","protected":false},"excerpt":{"rendered":"<p>La nostra missi\u00f3 \u00e9s gestionar, finan\u00e7ar i promoure una s\u00e8rie d\u2019activitats que creiem que s\u00f3n molt importants. Destaquem:<br \/>\n\u2713\u00a0Promoci\u00f3 de la participaci\u00f3 de les fam\u00edlies dins la Comunitat Educativa potenciant la seva implicaci\u00f3 en el funcionament del Centre, creant un espai que permeti als pares i&hellip;  <a href=\"https:\/\/agora.xtec.cat\/ceiptorresjonama-palafrugell\/que-fem\/\" title=\"Read Qu\u00e8 fem?\">Llegeix m\u00e9s\u00bb<\/a><\/p>\n","protected":false},"author":1,"featured_media":0,"parent":0,"menu_order":0,"comment_status":"closed","ping_status":"closed","template":"page-templates\/side-menu.php","meta":{"_bbp_topic_count":0,"_bbp_reply_count":0,"_bbp_total_topic_count":0,"_bbp_total_reply_count":0,"_bbp_voice_count":0,"_bbp_anonymous_reply_count":0,"_bbp_topic_count_hidden":0,"_bbp_reply_count_hidden":0,"_bbp_forum_subforum_count":0,"footnotes":""},"class_list":["post-769","page","type-page","status-publish","hentry"],"post_mailing_queue_ids":[],"_links":{"self":[{"href":"https:\/\/agora.xtec.cat\/ceiptorresjonama-palafrugell\/wp-json\/wp\/v2\/pages\/769","targetHints":{"allow":["GET"]}}],"collection":[{"href":"https:\/\/agora.xtec.cat\/ceiptorresjonama-palafrugell\/wp-json\/wp\/v2\/pages"}],"about":[{"href":"https:\/\/agora.xtec.cat\/ceiptorresjonama-palafrugell\/wp-json\/wp\/v2\/types\/page"}],"author":[{"embeddable":true,"href":"https:\/\/agora.xtec.cat\/ceiptorresjonama-palafrugell\/wp-json\/wp\/v2\/users\/1"}],"replies":[{"embeddable":true,"href":"https:\/\/agora.xtec.cat\/ceiptorresjonama-palafrugell\/wp-json\/wp\/v2\/comments?post=769"}],"version-history":[{"count":1,"href":"https:\/\/agora.xtec.cat\/ceiptorresjonama-palafrugell\/wp-json\/wp\/v2\/pages\/769\/revisions"}],"predecessor-version":[{"id":770,"href":"https:\/\/agora.xtec.cat\/ceiptorresjonama-palafrugell\/wp-json\/wp\/v2\/pages\/769\/revisions\/770"}],"wp:attachment":[{"href":"https:\/\/agora.xtec.cat\/ceiptorresjonama-palafrugell\/wp-json\/wp\/v2\/media?parent=769"}],"curies":[{"name":"wp","href":"https:\/\/api.w.org\/{rel}","templated":true}]}}