{"id":680,"date":"2021-08-10T19:17:48","date_gmt":"2021-08-10T17:17:48","guid":{"rendered":"https:\/\/agora.xtec.cat\/ceiptorresjonama-palafrugell\/?page_id=680"},"modified":"2021-08-14T11:46:34","modified_gmt":"2021-08-14T09:46:34","slug":"socialitzacio-de-llibres","status":"publish","type":"page","link":"https:\/\/agora.xtec.cat\/ceiptorresjonama-palafrugell\/lescola\/projectes-escola\/socialitzacio-de-llibres\/","title":{"rendered":"Socialitzaci\u00f3 de llibres"},"content":{"rendered":"<p dir=\"ltr\" style=\"text-align: center;\"><span style=\"text-decoration: underline;\"><strong>PROJECTE SOCIALITZACI\u00d3 DE LLIBRES<\/strong><\/span><\/p>\n<p dir=\"ltr\"><a href=\"https:\/\/agora.xtec.cat\/ceiptorresjonama-palafrugell\/wp-content\/uploads\/usu2626\/2021\/08\/llibres-socialitzats.png\"><img loading=\"lazy\" decoding=\"async\" class=\"aligncenter wp-image-699 size-medium\" src=\"https:\/\/agora.xtec.cat\/ceiptorresjonama-palafrugell\/wp-content\/uploads\/usu2626\/2021\/08\/llibres-socialitzats-300x206.png\" alt=\"\" width=\"300\" height=\"206\" srcset=\"https:\/\/agora.xtec.cat\/ceiptorresjonama-palafrugell\/wp-content\/uploads\/usu2626\/2021\/08\/llibres-socialitzats-300x206.png 300w, https:\/\/agora.xtec.cat\/ceiptorresjonama-palafrugell\/wp-content\/uploads\/usu2626\/2021\/08\/llibres-socialitzats.png 499w\" sizes=\"auto, (max-width: 300px) 100vw, 300px\" \/><\/a><\/p>\n<p dir=\"ltr\" style=\"text-align: justify;\"><strong>DESCRIPCI\u00d3 DEL PROJECTE<\/strong><\/p>\n<p dir=\"ltr\" style=\"text-align: justify;\">El projecte que presentem s\u2019ha desenvolupat en diferents etapes des de la seva introducci\u00f3 en el curs 1998\/99. La complexitat i cost del projecte van fer que la seva implantaci\u00f3 fos molt lenta. El curs 2005\/06 el Departament d\u2019Educaci\u00f3 de\u00a0 la Generalitat de Catalunya va promoure la subvenci\u00f3 de projectes per a la reutilitzaci\u00f3 de llibres. El nostre centre va presentar el seu i li fou concedida una subvenci\u00f3, que va rebre cada curs fins el 2011\/2012.<\/p>\n<p dir=\"ltr\" style=\"text-align: justify;\">Durant el curs 2013\/2014 es van reprendre aquestes dotacions, a partir d\u2019aleshores en concepte de finan\u00e7ament de llibres de text, material did\u00e0ctic i inform\u00e0tic (Resoluci\u00f3 de 13 de setembre de 2013).<\/p>\n<p dir=\"ltr\" style=\"text-align: justify;\">Tamb\u00e9 des de l\u2019any econ\u00f2mic 2014, rebem una dotaci\u00f3 per a llibres de l\u2019Ajuntament de Palafrugell (1.000\u20ac).<\/p>\n<p dir=\"ltr\" style=\"text-align: justify;\">Per al curs actual (2020\/2021), est\u00e0 prevista una dotaci\u00f3 del Departament d\u2019Educaci\u00f3 de 7.260 \u20ac i una subvenci\u00f3 de 1000\u20ac de l\u2019Ajuntament de Palafrugell.<\/p>\n<p dir=\"ltr\" style=\"text-align: justify;\"><strong>OBJECTIUS<\/strong><\/p>\n<ul style=\"text-align: justify;\">\n<li dir=\"ltr\">\n<p dir=\"ltr\">Rebaixar gradualment la despesa que les fam\u00edlies han d\u2019afrontar per a la compra dels llibres de text.<\/p>\n<\/li>\n<li dir=\"ltr\">\n<p dir=\"ltr\">Promoure la compra de material did\u00e0ctic com\u00fa com ara diccionaris, atles, &#8230;<\/p>\n<\/li>\n<li dir=\"ltr\">\n<p dir=\"ltr\">Treballar amb els alumnes l\u2019educaci\u00f3 dels valors com el saber compartir i la responsabilitat davant els materials comunitaris.<\/p>\n<\/li>\n<li dir=\"ltr\">\n<p dir=\"ltr\">L\u2019escola Torres Jonama de Palafrugell \u00e9s Escola Verda. Un dels plans d\u2019actuaci\u00f3 \u00e9s la reutilitzaci\u00f3. En aquest apartat, l\u2019objectiu de reduir es treballa a partir de la reutilitzaci\u00f3 de llibres escolars.<\/p>\n<\/li>\n<\/ul>\n<p dir=\"ltr\" style=\"text-align: justify;\"><strong>DESENVOLUPAMENT DEL PROJECTE<\/strong><\/p>\n<p dir=\"ltr\" style=\"text-align: justify;\">Seguiment del projecte durant els \u00faltims cinc cursos:<\/p>\n<p dir=\"ltr\" style=\"text-align: justify;\"><span style=\"text-decoration: underline;\"><em>Curs 2016\/2017<\/em><\/span><\/p>\n<p dir=\"ltr\" style=\"text-align: justify;\">Aquest curs es va posar en funcionament la renovaci\u00f3 dels llibres seg\u00fcents:<\/p>\n<p dir=\"ltr\" style=\"text-align: justify;\">Castell\u00e0, Catal\u00e0 i Matem\u00e0tiques de 5\u00e8. Adquisici\u00f3 feta a trav\u00e9s de l\u2019assignaci\u00f3 del Departament d\u2019Ensenyament per al finan\u00e7ament de llibres de text per al curs 2016-2017 (3.720\u20ac).<\/p>\n<p dir=\"ltr\" style=\"text-align: justify;\">Angl\u00e8s de Cicle Mitj\u00e0 i Cicle Superior.\u00a0 Compra que completa la quantitat que ens calia per tenir un llibre per a cada alumne. Feta a partir de la subvenci\u00f3 de 1.222\u20ac que l\u2019Ajuntament d\u00f3na per a la socialitzaci\u00f3 de llibres de text.<\/p>\n<p dir=\"ltr\" style=\"text-align: justify;\">L\u2019AMPA va assumir el sobrecost que no permetia la subvenci\u00f3 (405,42\u20ac en el cas dels llibres de 5\u00e8 i 225,18\u20ac pel que fa als llibres d\u2019Angl\u00e8s).<\/p>\n<p dir=\"ltr\" style=\"text-align: justify;\"><span style=\"text-decoration: underline;\"><em>Curs 2017\/2018<\/em><\/span><\/p>\n<p dir=\"ltr\" style=\"text-align: justify;\">Es renoven els llibres seg\u00fcents:<\/p>\n<p dir=\"ltr\" style=\"text-align: justify;\">Llibres de Castell\u00e0, Catal\u00e0 i Matem\u00e0tiques de 6\u00e8 (aquest \u00faltim llibre, tant el que utilitza el grup classe com el grup de suport). Adquisici\u00f3 feta amb la subvenci\u00f3 que vam rebre del Departament d\u2019Ensenyament per al finan\u00e7ament de material i llibres de text (enguany de 3600\u20ac).<\/p>\n<p dir=\"ltr\" style=\"text-align: justify;\">Llibres de Matem\u00e0tiques de 3r. Compra feta amb la subvenci\u00f3 de 1000\u20ac per a llibres socialitzats de l\u2019Ajuntament de Palafrugell.<\/p>\n<p dir=\"ltr\" style=\"text-align: justify;\"><span style=\"text-decoration: underline;\"><em>Curs 2018\/2019<\/em><\/span><\/p>\n<p dir=\"ltr\" style=\"text-align: justify;\">Es renoven els llibres seg\u00fcents:<\/p>\n<ul style=\"text-align: justify;\">\n<li dir=\"ltr\">\n<p dir=\"ltr\">Llibres de Medi Natural i Medi Social de Cicle Mitj\u00e0 (Editorial Teide).<\/p>\n<\/li>\n<li dir=\"ltr\">\n<p dir=\"ltr\">Llibre de Catal\u00e0 per Cicle Inicial (Editorial \u00c0lber).<\/p>\n<\/li>\n<li dir=\"ltr\">\n<p dir=\"ltr\">Llibres de Catal\u00e0 i de Castell\u00e0 de 3r (Editorial Text-La Galera).<\/p>\n<\/li>\n<\/ul>\n<p dir=\"ltr\" style=\"text-align: justify;\">Adquisici\u00f3 feta amb la subvenci\u00f3 del Departament d\u2019Ensenyament per al finan\u00e7ament de material i llibres de text (5978 \u20ac).<\/p>\n<ul style=\"text-align: justify;\">\n<li dir=\"ltr\">\n<p dir=\"ltr\">Llibres de Matem\u00e0tiques de 4t (Editorial Barcanova).<\/p>\n<\/li>\n<li dir=\"ltr\">\n<p dir=\"ltr\">Llibres de lectura en angl\u00e8s per a l\u2019activitat extraescolar d\u2019Escola Story Time.<\/p>\n<\/li>\n<\/ul>\n<p dir=\"ltr\" style=\"text-align: justify;\">Compra feta a trav\u00e9s de la subvenci\u00f3 de 1000\u20ac per a llibres socialitzats de l\u2019Ajuntament de Palafrugell.<\/p>\n<p dir=\"ltr\" style=\"text-align: justify;\"><span style=\"text-decoration: underline;\"><em>Curs 2019\/2020<\/em><\/span><\/p>\n<p dir=\"ltr\" style=\"text-align: justify;\">Es renoven els llibres seg\u00fcents:<\/p>\n<ul style=\"text-align: justify;\">\n<li dir=\"ltr\">\n<p dir=\"ltr\">Llibres de Catal\u00e0 i de Castell\u00e0 de 4t (Editorial Text-La Galera).<\/p>\n<\/li>\n<li dir=\"ltr\">\n<p dir=\"ltr\">Llibres d\u2019Angl\u00e8s de Cicle Mitj\u00e0 (Editorial Richmondt).<\/p>\n<\/li>\n<li dir=\"ltr\">\n<p dir=\"ltr\">Llibres de 3r, 4t i 6\u00e8 de Matem\u00e0tiques (Editorial Barcanova).<\/p>\n<\/li>\n<li dir=\"ltr\">\n<p dir=\"ltr\">Llibres del Projecte de Lectura de Prim\u00e0ria.<\/p>\n<\/li>\n<\/ul>\n<p dir=\"ltr\" style=\"text-align: justify;\">L\u2019adquisici\u00f3 es va fer amb la subvenci\u00f3 del Departament d\u2019Ensenyament per al finan\u00e7ament de material i llibres de text (7453\u20ac).<\/p>\n<ul style=\"text-align: justify;\">\n<li dir=\"ltr\">\n<p dir=\"ltr\">Llibres d\u2019Angl\u00e8s de 3r\u00a0 (Editorial Richmondt).<\/p>\n<\/li>\n<\/ul>\n<p dir=\"ltr\" style=\"text-align: justify;\">L\u2019adquisici\u00f3 es va fer\u00a0 a partir de la subvenci\u00f3 de 1000\u20ac per a llibres socialitzats de l\u2019Ajuntament de Palafrugell.<\/p>\n<p dir=\"ltr\" style=\"text-align: justify;\"><span style=\"text-decoration: underline;\"><em>Curs 2020\/2021<\/em><\/span><\/p>\n<p dir=\"ltr\" style=\"text-align: justify;\">Es renovaran els llibres i llic\u00e8ncies digitals seg\u00fcents amb la subvenci\u00f3 del Departament d\u2019Ensenyament:<\/p>\n<p dir=\"ltr\" style=\"text-align: justify;\">CICLE INICIAL:<\/p>\n<ul style=\"text-align: justify;\">\n<li dir=\"ltr\">\n<p dir=\"ltr\">Llibres de Catal\u00e0 (Els Murris).<\/p>\n<\/li>\n<\/ul>\n<p dir=\"ltr\" style=\"text-align: justify;\">CICLE MITJ\u00c0:<\/p>\n<ul style=\"text-align: justify;\">\n<li dir=\"ltr\">\n<p dir=\"ltr\">Llic\u00e8ncia digital Innovamat (Matem\u00e0tiques).<\/p>\n<\/li>\n<\/ul>\n<p dir=\"ltr\" style=\"text-align: justify;\">CICLE SUPERIOR:<\/p>\n<ul style=\"text-align: justify;\">\n<li dir=\"ltr\">\n<p dir=\"ltr\">Llibres\u00a0 de Castell\u00e0 de 5\u00e8.<\/p>\n<\/li>\n<li dir=\"ltr\">\n<p dir=\"ltr\">Llibres de Catal\u00e0.<\/p>\n<\/li>\n<li dir=\"ltr\">\n<p dir=\"ltr\">Llibres de Medi Social.<\/p>\n<\/li>\n<li dir=\"ltr\">\n<p dir=\"ltr\">Llibres\u00a0 d\u2019Angl\u00e8s de 5\u00e8.<\/p>\n<\/li>\n<\/ul>\n<p dir=\"ltr\" style=\"text-align: justify;\">GENERAL ESCOLA:<\/p>\n<ul style=\"text-align: justify;\">\n<li dir=\"ltr\">\n<p dir=\"ltr\">Adquisici\u00f3 de diversos lots de material did\u00e0ctic corresponent a l\u2019alumnat de fam\u00edlies vulnerables.<\/p>\n<\/li>\n<\/ul>\n<p dir=\"ltr\" style=\"text-align: justify;\">S\u2019adquiriran els llibres amb la subvenci\u00f3 de l\u2019Ajuntament de Palafrugell:<\/p>\n<ul>\n<li dir=\"ltr\">\n<p dir=\"ltr\" style=\"text-align: justify;\">Llibres de lectura en Castell\u00e0 per al Cicle Inicial.<\/p>\n<\/li>\n<\/ul>\n","protected":false},"excerpt":{"rendered":"<p>PROJECTE SOCIALITZACI\u00d3 DE LLIBRES<br \/>\n<a href=\"https:\/\/agora.xtec.cat\/ceiptorresjonama-palafrugell\/wp-content\/uploads\/usu2626\/2021\/08\/llibres-socialitzats.png\"><\/a><br \/>\nDESCRIPCI\u00d3 DEL PROJECTE<br \/>\nEl projecte que presentem s\u2019ha desenvolupat en diferents etapes des de la seva introducci\u00f3 en el curs 1998\/99. La complexitat i cost del projecte van fer que la seva implantaci\u00f3 fos molt lenta. El curs 2005\/06 el Departament d\u2019Educaci\u00f3&hellip;  <a href=\"https:\/\/agora.xtec.cat\/ceiptorresjonama-palafrugell\/lescola\/projectes-escola\/socialitzacio-de-llibres\/\" title=\"Read Socialitzaci\u00f3 de llibres\">Llegeix m\u00e9s\u00bb<\/a><\/p>\n","protected":false},"author":1,"featured_media":0,"parent":2,"menu_order":0,"comment_status":"closed","ping_status":"closed","template":"page-templates\/side-menu.php","meta":{"_bbp_topic_count":0,"_bbp_reply_count":0,"_bbp_total_topic_count":0,"_bbp_total_reply_count":0,"_bbp_voice_count":0,"_bbp_anonymous_reply_count":0,"_bbp_topic_count_hidden":0,"_bbp_reply_count_hidden":0,"_bbp_forum_subforum_count":0,"footnotes":""},"class_list":["post-680","page","type-page","status-publish","hentry"],"post_mailing_queue_ids":[],"_links":{"self":[{"href":"https:\/\/agora.xtec.cat\/ceiptorresjonama-palafrugell\/wp-json\/wp\/v2\/pages\/680","targetHints":{"allow":["GET"]}}],"collection":[{"href":"https:\/\/agora.xtec.cat\/ceiptorresjonama-palafrugell\/wp-json\/wp\/v2\/pages"}],"about":[{"href":"https:\/\/agora.xtec.cat\/ceiptorresjonama-palafrugell\/wp-json\/wp\/v2\/types\/page"}],"author":[{"embeddable":true,"href":"https:\/\/agora.xtec.cat\/ceiptorresjonama-palafrugell\/wp-json\/wp\/v2\/users\/1"}],"replies":[{"embeddable":true,"href":"https:\/\/agora.xtec.cat\/ceiptorresjonama-palafrugell\/wp-json\/wp\/v2\/comments?post=680"}],"version-history":[{"count":3,"href":"https:\/\/agora.xtec.cat\/ceiptorresjonama-palafrugell\/wp-json\/wp\/v2\/pages\/680\/revisions"}],"predecessor-version":[{"id":729,"href":"https:\/\/agora.xtec.cat\/ceiptorresjonama-palafrugell\/wp-json\/wp\/v2\/pages\/680\/revisions\/729"}],"up":[{"embeddable":true,"href":"https:\/\/agora.xtec.cat\/ceiptorresjonama-palafrugell\/wp-json\/wp\/v2\/pages\/2"}],"wp:attachment":[{"href":"https:\/\/agora.xtec.cat\/ceiptorresjonama-palafrugell\/wp-json\/wp\/v2\/media?parent=680"}],"curies":[{"name":"wp","href":"https:\/\/api.w.org\/{rel}","templated":true}]}}