{"id":670,"date":"2021-08-10T19:15:25","date_gmt":"2021-08-10T17:15:25","guid":{"rendered":"https:\/\/agora.xtec.cat\/ceiptorresjonama-palafrugell\/?page_id=670"},"modified":"2022-02-21T19:37:39","modified_gmt":"2022-02-21T18:37:39","slug":"escola-verda","status":"publish","type":"page","link":"https:\/\/agora.xtec.cat\/ceiptorresjonama-palafrugell\/lescola\/projectes-escola\/escola-verda\/","title":{"rendered":"Escola Verda"},"content":{"rendered":"<p style=\"text-align: center;\"><span style=\"text-decoration: underline;\"><strong>PROJECTE ESCOLA VERDA<\/strong><\/span><\/p>\n<p><a href=\"https:\/\/agora.xtec.cat\/ceiptorresjonama-palafrugell\/wp-content\/uploads\/usu2626\/2021\/08\/pagina-escola-verda-1.jpg\"><img loading=\"lazy\" decoding=\"async\" class=\" wp-image-731 aligncenter\" src=\"https:\/\/agora.xtec.cat\/ceiptorresjonama-palafrugell\/wp-content\/uploads\/usu2626\/2021\/08\/pagina-escola-verda-1-300x300.jpg\" alt=\"\" width=\"188\" height=\"188\" srcset=\"https:\/\/agora.xtec.cat\/ceiptorresjonama-palafrugell\/wp-content\/uploads\/usu2626\/2021\/08\/pagina-escola-verda-1-300x300.jpg 300w, https:\/\/agora.xtec.cat\/ceiptorresjonama-palafrugell\/wp-content\/uploads\/usu2626\/2021\/08\/pagina-escola-verda-1-150x150.jpg 150w, https:\/\/agora.xtec.cat\/ceiptorresjonama-palafrugell\/wp-content\/uploads\/usu2626\/2021\/08\/pagina-escola-verda-1.jpg 400w\" sizes=\"auto, (max-width: 188px) 100vw, 188px\" \/><\/a><\/p>\n<p dir=\"ltr\" style=\"text-align: justify;\">L\u2019escola Torres Jonama de Palafrugell est\u00e0 adherida al programa d\u2019ESCOLES VERDES, una iniciativa del Departament de Medi Ambient de la Generalitat de Catalunya.<\/p>\n<p dir=\"ltr\" style=\"text-align: justify;\">Una de les actuacions priorit\u00e0ries d\u2019aquest projecte recollides a l&#8217;Agenda 21 \u00e9s la reorientaci\u00f3 de l&#8217;educaci\u00f3 vers el desenvolupament sostenible; proposa, en aquest sentit, que s&#8217;ajudi les escoles a dissenyar plans de treball relacionats amb el medi ambient ben integrats en els seus plans d&#8217;estudi. \u00c9s en aquest marc on situem el Programa Escoles Verdes de la Generalitat de Catalunya.<\/p>\n<p dir=\"ltr\" style=\"text-align: center;\"><iframe loading=\"lazy\" src=\"https:\/\/drive.google.com\/file\/d\/1ARUV3Y5cYg4UHi-HNrTv1eB4iySw5xDW\/preview\" width=\"640\" height=\"480\"><\/iframe><\/p>\n<p dir=\"ltr\" style=\"text-align: justify;\"><em>PROGRAMES D&#8217;ACCI\u00d3 EN FUNCIONAMENT<\/em><\/p>\n<ol style=\"text-align: justify;\">\n<li dir=\"ltr\">\n<p dir=\"ltr\"><span style=\"text-decoration: underline;\">\u00c0mbit reducci\u00f3 de residus:<\/span><\/p>\n<\/li>\n<\/ol>\n<ul style=\"text-align: justify;\">\n<li dir=\"ltr\">\n<p dir=\"ltr\">Eliminaci\u00f3 dels embolcalls d\u2019un sol \u00fas per portar l\u2019esmorzar (Infantil)<\/p>\n<\/li>\n<li dir=\"ltr\">\n<p dir=\"ltr\">Fer c\u00f2pies per les dues cares (Escola)<\/p>\n<\/li>\n<li dir=\"ltr\">\n<p dir=\"ltr\">Projecte de compra de material com\u00fa. (Escola)<\/p>\n<\/li>\n<li dir=\"ltr\">\n<p dir=\"ltr\">Reduir la documentaci\u00f3 que es reparteix als pares a una per fam\u00edlia fomentar la difusi\u00f3 d\u2019aquests documents a partir del correu\u00a0 electr\u00f2nic i\/o la utilitzaci\u00f3 de l\u2019app Tokapp, que permet fer arribar directament les notificacions escolars al m\u00f2bil. (Escola)<\/p>\n<\/li>\n<\/ul>\n<ol style=\"text-align: justify;\" start=\"2\">\n<li dir=\"ltr\">\n<p dir=\"ltr\"><span style=\"text-decoration: underline;\">\u00c0mbit reutilitzaci\u00f3\u00a0<\/span><\/p>\n<\/li>\n<\/ol>\n<ul style=\"text-align: justify;\">\n<li dir=\"ltr\">\n<p dir=\"ltr\">Material did\u00e0ctic: Tots els llibres de consulta i estudi del Cicle Mitj\u00e0 i Superior s\u00f3n socialitzats.<\/p>\n<\/li>\n<li dir=\"ltr\">\n<p dir=\"ltr\">Aprofitament de paper per a esborranys (Escola)<\/p>\n<\/li>\n<li dir=\"ltr\">\n<p dir=\"ltr\">Aprofitament de les llibretes d\u2019un curs per l\u2019altre. (Prim\u00e0ria)<\/p>\n<\/li>\n<\/ul>\n<ol style=\"text-align: justify;\" start=\"3\">\n<li dir=\"ltr\">\n<p dir=\"ltr\"><span style=\"text-decoration: underline;\">\u00c0mbit reciclatge de residus<\/span><\/p>\n<\/li>\n<\/ol>\n<ul style=\"text-align: justify;\">\n<li dir=\"ltr\">\n<p dir=\"ltr\">Paper (Escola)<\/p>\n<\/li>\n<\/ul>\n<ul style=\"text-align: justify;\">\n<li dir=\"ltr\">\n<p dir=\"ltr\">Pl\u00e0stic (Escola)<\/p>\n<\/li>\n<li dir=\"ltr\">\n<p dir=\"ltr\">Mat\u00e8ria org\u00e0nica (Menjador i Escola)<\/p>\n<\/li>\n<\/ul>\n<ol style=\"text-align: justify;\" start=\"4\">\n<li dir=\"ltr\">\n<p dir=\"ltr\"><span style=\"text-decoration: underline;\">Ambientalitzaci\u00f3 de patis<\/span><\/p>\n<\/li>\n<\/ol>\n<ul style=\"text-align: justify;\">\n<li dir=\"ltr\">\n<p dir=\"ltr\">Plantada d\u2019arbres i manteniment<\/p>\n<\/li>\n<li dir=\"ltr\">\n<p dir=\"ltr\">Retolaci\u00f3 permanent dels arbres del pati<\/p>\n<\/li>\n<\/ul>\n<ol style=\"text-align: justify;\" start=\"5\">\n<li dir=\"ltr\">\n<p dir=\"ltr\"><span style=\"text-decoration: underline;\">Eix Transversal<\/span><\/p>\n<\/li>\n<\/ol>\n<ul style=\"text-align: justify;\">\n<li dir=\"ltr\">\n<p dir=\"ltr\">Medi natural: Hort ecol\u00f2gic<\/p>\n<ul>\n<li dir=\"ltr\">\n<p dir=\"ltr\"><strong>Prim\u00e0ria<\/strong>:<\/p>\n<\/li>\n<\/ul>\n<\/li>\n<\/ul>\n<ul style=\"text-align: justify;\">\n<li dir=\"ltr\">\n<p dir=\"ltr\">CI: Els cursos de 1r i 2n treballaran l\u2019hort en aquells aspectes curriculars que es cregui oport\u00fa (una parcel\u00b7la)<\/p>\n<\/li>\n<li dir=\"ltr\">\n<p dir=\"ltr\">CM: Els cursos de 3r i 4t treballaran l\u2019hort en aquells aspectes curriculars que es cregui oport\u00fa (una parcel\u00b7la)<\/p>\n<\/li>\n<li dir=\"ltr\">\n<p dir=\"ltr\">CS: Els cursos de 5\u00e8 i 6\u00e8 treballaran l\u2019hort en aquells aspectes curriculars que es cregui oport\u00fa. (una parcel\u00b7la)<\/p>\n<ul>\n<li dir=\"ltr\">\n<p dir=\"ltr\"><strong>Infantil<\/strong>: espai experimental d\u2019hort<\/p>\n<\/li>\n<\/ul>\n<\/li>\n<\/ul>\n<ul>\n<li dir=\"ltr\">\n<p dir=\"ltr\" style=\"text-align: justify;\">Medi: Visita a la deixalleria (4t i 5\u00e8)<\/p>\n<\/li>\n<\/ul>\n","protected":false},"excerpt":{"rendered":"<p>PROJECTE ESCOLA VERDA<br \/>\n<a href=\"https:\/\/agora.xtec.cat\/ceiptorresjonama-palafrugell\/wp-content\/uploads\/usu2626\/2021\/08\/pagina-escola-verda-1.jpg\"><\/a><br \/>\nL\u2019escola Torres Jonama de Palafrugell est\u00e0 adherida al programa d\u2019ESCOLES VERDES, una iniciativa del Departament de Medi Ambient de la Generalitat de Catalunya.<br \/>\nUna de les actuacions priorit\u00e0ries d\u2019aquest projecte recollides a l&#8217;Agenda 21 \u00e9s la reorientaci\u00f3 de l&#8217;educaci\u00f3 vers el desenvolupament sostenible;&hellip;  <a href=\"https:\/\/agora.xtec.cat\/ceiptorresjonama-palafrugell\/lescola\/projectes-escola\/escola-verda\/\" title=\"Read Escola Verda\">Llegeix m\u00e9s\u00bb<\/a><\/p>\n","protected":false},"author":1,"featured_media":0,"parent":2,"menu_order":0,"comment_status":"closed","ping_status":"closed","template":"page-templates\/side-menu.php","meta":{"_bbp_topic_count":0,"_bbp_reply_count":0,"_bbp_total_topic_count":0,"_bbp_total_reply_count":0,"_bbp_voice_count":0,"_bbp_anonymous_reply_count":0,"_bbp_topic_count_hidden":0,"_bbp_reply_count_hidden":0,"_bbp_forum_subforum_count":0,"footnotes":""},"class_list":["post-670","page","type-page","status-publish","hentry"],"post_mailing_queue_ids":[],"_links":{"self":[{"href":"https:\/\/agora.xtec.cat\/ceiptorresjonama-palafrugell\/wp-json\/wp\/v2\/pages\/670","targetHints":{"allow":["GET"]}}],"collection":[{"href":"https:\/\/agora.xtec.cat\/ceiptorresjonama-palafrugell\/wp-json\/wp\/v2\/pages"}],"about":[{"href":"https:\/\/agora.xtec.cat\/ceiptorresjonama-palafrugell\/wp-json\/wp\/v2\/types\/page"}],"author":[{"embeddable":true,"href":"https:\/\/agora.xtec.cat\/ceiptorresjonama-palafrugell\/wp-json\/wp\/v2\/users\/1"}],"replies":[{"embeddable":true,"href":"https:\/\/agora.xtec.cat\/ceiptorresjonama-palafrugell\/wp-json\/wp\/v2\/comments?post=670"}],"version-history":[{"count":3,"href":"https:\/\/agora.xtec.cat\/ceiptorresjonama-palafrugell\/wp-json\/wp\/v2\/pages\/670\/revisions"}],"predecessor-version":[{"id":1187,"href":"https:\/\/agora.xtec.cat\/ceiptorresjonama-palafrugell\/wp-json\/wp\/v2\/pages\/670\/revisions\/1187"}],"up":[{"embeddable":true,"href":"https:\/\/agora.xtec.cat\/ceiptorresjonama-palafrugell\/wp-json\/wp\/v2\/pages\/2"}],"wp:attachment":[{"href":"https:\/\/agora.xtec.cat\/ceiptorresjonama-palafrugell\/wp-json\/wp\/v2\/media?parent=670"}],"curies":[{"name":"wp","href":"https:\/\/api.w.org\/{rel}","templated":true}]}}