{"id":650,"date":"2021-08-10T18:01:31","date_gmt":"2021-08-10T16:01:31","guid":{"rendered":"https:\/\/agora.xtec.cat\/ceiptorresjonama-palafrugell\/?page_id=650"},"modified":"2021-09-09T13:59:16","modified_gmt":"2021-09-09T11:59:16","slug":"antiga-web-2","status":"publish","type":"page","link":"https:\/\/agora.xtec.cat\/ceiptorresjonama-palafrugell\/lescola\/antiga-web-2\/","title":{"rendered":"Antiga web"},"content":{"rendered":"<p>Seguint el seg\u00fcent enlla\u00e7 podreu visualitzar l&#8217;antiga p\u00e0gina web de l&#8217;escola, on trobareu informacions i fotografies d&#8217;anys anteriors:<\/p>\n<p><a href=\"https:\/\/sites.google.com\/a\/xtec.cat\/escola-torres-jonama-palafrugell\/home\">https:\/\/sites.google.com\/a\/xtec.cat\/escola-torres-jonama-palafrugell\/home<\/a><\/p>\n<p><a href=\"https:\/\/sites.google.com\/a\/xtec.cat\/escola-torres-jonama-palafrugell\/home\" rel=\"noopener\"><img loading=\"lazy\" decoding=\"async\" class=\"alignnone wp-image-653 size-large\" src=\"https:\/\/agora.xtec.cat\/ceiptorresjonama-palafrugell\/wp-content\/uploads\/usu2626\/2021\/08\/web-antiga-1024x207.png\" alt=\"\" width=\"1024\" height=\"207\" srcset=\"https:\/\/agora.xtec.cat\/ceiptorresjonama-palafrugell\/wp-content\/uploads\/usu2626\/2021\/08\/web-antiga-1024x207.png 1024w, https:\/\/agora.xtec.cat\/ceiptorresjonama-palafrugell\/wp-content\/uploads\/usu2626\/2021\/08\/web-antiga-300x61.png 300w, https:\/\/agora.xtec.cat\/ceiptorresjonama-palafrugell\/wp-content\/uploads\/usu2626\/2021\/08\/web-antiga-768x155.png 768w, https:\/\/agora.xtec.cat\/ceiptorresjonama-palafrugell\/wp-content\/uploads\/usu2626\/2021\/08\/web-antiga-1536x310.png 1536w, https:\/\/agora.xtec.cat\/ceiptorresjonama-palafrugell\/wp-content\/uploads\/usu2626\/2021\/08\/web-antiga.png 1848w\" sizes=\"auto, (max-width: 1024px) 100vw, 1024px\" \/><\/a><\/p>\n","protected":false},"excerpt":{"rendered":"<p>Seguint el seg\u00fcent enlla\u00e7 podreu visualitzar l&#8217;antiga p\u00e0gina web de l&#8217;escola, on trobareu informacions i fotografies d&#8217;anys anteriors:<br \/>\n<a href=\"https:\/\/sites.google.com\/a\/xtec.cat\/escola-torres-jonama-palafrugell\/home\">https:\/\/sites.google.com\/a\/xtec.cat\/escola-torres-jonama-palafrugell\/home<\/a><br \/>\n<a href=\"https:\/\/sites.google.com\/a\/xtec.cat\/escola-torres-jonama-palafrugell\/home\" rel=\"noopener\"><\/a><\/p>\n","protected":false},"author":1,"featured_media":0,"parent":22,"menu_order":0,"comment_status":"closed","ping_status":"closed","template":"page-templates\/side-menu.php","meta":{"_bbp_topic_count":0,"_bbp_reply_count":0,"_bbp_total_topic_count":0,"_bbp_total_reply_count":0,"_bbp_voice_count":0,"_bbp_anonymous_reply_count":0,"_bbp_topic_count_hidden":0,"_bbp_reply_count_hidden":0,"_bbp_forum_subforum_count":0,"footnotes":""},"class_list":["post-650","page","type-page","status-publish","hentry"],"post_mailing_queue_ids":[],"_links":{"self":[{"href":"https:\/\/agora.xtec.cat\/ceiptorresjonama-palafrugell\/wp-json\/wp\/v2\/pages\/650","targetHints":{"allow":["GET"]}}],"collection":[{"href":"https:\/\/agora.xtec.cat\/ceiptorresjonama-palafrugell\/wp-json\/wp\/v2\/pages"}],"about":[{"href":"https:\/\/agora.xtec.cat\/ceiptorresjonama-palafrugell\/wp-json\/wp\/v2\/types\/page"}],"author":[{"embeddable":true,"href":"https:\/\/agora.xtec.cat\/ceiptorresjonama-palafrugell\/wp-json\/wp\/v2\/users\/1"}],"replies":[{"embeddable":true,"href":"https:\/\/agora.xtec.cat\/ceiptorresjonama-palafrugell\/wp-json\/wp\/v2\/comments?post=650"}],"version-history":[{"count":3,"href":"https:\/\/agora.xtec.cat\/ceiptorresjonama-palafrugell\/wp-json\/wp\/v2\/pages\/650\/revisions"}],"predecessor-version":[{"id":908,"href":"https:\/\/agora.xtec.cat\/ceiptorresjonama-palafrugell\/wp-json\/wp\/v2\/pages\/650\/revisions\/908"}],"up":[{"embeddable":true,"href":"https:\/\/agora.xtec.cat\/ceiptorresjonama-palafrugell\/wp-json\/wp\/v2\/pages\/22"}],"wp:attachment":[{"href":"https:\/\/agora.xtec.cat\/ceiptorresjonama-palafrugell\/wp-json\/wp\/v2\/media?parent=650"}],"curies":[{"name":"wp","href":"https:\/\/api.w.org\/{rel}","templated":true}]}}