{"id":28,"date":"2014-09-18T12:29:35","date_gmt":"2014-09-18T11:29:35","guid":{"rendered":"http:\/\/agora.xtec.cat\/ceiptorresjonama-palafrugell\/?page_id=28"},"modified":"2025-10-24T10:50:12","modified_gmt":"2025-10-24T08:50:12","slug":"consell-escolar","status":"publish","type":"page","link":"https:\/\/agora.xtec.cat\/ceiptorresjonama-palafrugell\/lescola\/consell-escolar\/","title":{"rendered":"Consell escolar"},"content":{"rendered":"<p><span style=\"text-decoration: underline;\"><strong>Composici\u00f3 del Consell Escolar:<\/strong><\/span><\/p>\n<table style=\"border-collapse: collapse; width: 100%; height: 398px;\">\n<tbody>\n<tr style=\"height: 32px;\">\n<td style=\"width: 50%; height: 32px;\">Directora Presidenta<\/td>\n<td style=\"width: 50%; height: 32px;\">Em\u00edlia Garc\u00eda Aranda<\/td>\n<\/tr>\n<tr style=\"height: 32px;\">\n<td style=\"width: 50%; height: 32px;\">Cap d&#8217;Estudis<\/td>\n<td style=\"width: 50%; height: 32px;\">Sandra S\u00e1nchez Urrea<\/td>\n<\/tr>\n<tr style=\"height: 32px;\">\n<td style=\"width: 50%; height: 32px;\">Secretari<\/td>\n<td style=\"width: 50%; height: 32px;\">Jordi Jerez Baquedano<\/td>\n<\/tr>\n<tr style=\"height: 32px;\">\n<td style=\"width: 50%; height: 32px;\">Representant de l&#8217;Ajuntament<\/td>\n<td style=\"width: 50%; height: 32px;\">M\u00aa Lluisa Teixidor Marimon<\/td>\n<\/tr>\n<tr style=\"height: 32px;\">\n<td style=\"width: 50%; height: 32px;\">Representant del PAS<\/td>\n<td style=\"width: 50%; height: 32px;\">Carles G\u00fcell Prats<\/td>\n<\/tr>\n<tr>\n<td style=\"width: 50%;\">Representant PAE<\/td>\n<td style=\"width: 50%;\">Lourdes Ruiz Valls<\/td>\n<\/tr>\n<tr style=\"height: 174px;\">\n<td style=\"width: 50%; height: 174px;\">Representants del professorat<\/td>\n<td style=\"width: 50%; height: 174px;\">Yolanda Contreras Jim\u00e9nez<\/p>\n<p>Eva Agust\u00ed Pou<\/p>\n<p>Marta Le\u00f3n Mas<\/p>\n<p>Montse Rubau Riera<\/p>\n<p>Cristina Mu\u00f1oz G\u00f3mez<\/td>\n<\/tr>\n<tr style=\"height: 32px;\">\n<td style=\"width: 50%; height: 32px;\">Representant de l&#8217;AFA<\/td>\n<td style=\"width: 50%; height: 32px;\">Al\u00edcia Gallego Checa<\/td>\n<\/tr>\n<tr style=\"height: 32px;\">\n<td style=\"width: 50%; height: 32px;\">Representants elegits de les fam\u00edlies<\/td>\n<td style=\"width: 50%; height: 32px;\">Marta Moncayo Urendez (Mateo D\u00edaz 3r)<\/p>\n<p>Virginia Villalba Mart\u00ednez (\u00c0lex Luna 5\u00e8)<\/p>\n<p>Daniel Recio S\u00e1nchez (David Recio 5\u00e8)<\/td>\n<\/tr>\n<\/tbody>\n<\/table>\n<p>&nbsp;<\/p>\n<p><span style=\"text-decoration: underline;\"><strong>Acords:<\/strong><\/span><\/p>\n<ul>\n<li>Curs 2020-21\n<ul>\n<li><a href=\"https:\/\/drive.google.com\/file\/d\/1PTsqWGaSXHy7jpIQXWdasKMTcaq0A9Jk\/view?usp=sharing\">07 de juliol 2021<\/a><\/li>\n<li><a href=\"https:\/\/drive.google.com\/file\/d\/1PTsqWGaSXHy7jpIQXWdasKMTcaq0A9Jk\/view?usp=sharing\">14 de juny 2021<\/a><\/li>\n<li><a href=\"https:\/\/drive.google.com\/file\/d\/1HcHWmZPqVGSUsKIqFXNSCAutcYBLm3ah\/view\">1 de febrer 2021<\/a><\/li>\n<li><a href=\"https:\/\/drive.google.com\/file\/d\/1ddxuQr18JQdL_OvD9cmlJ6HQT2-Ck-gY\/view\">22 de gener 2021<\/a><\/li>\n<li><a href=\"https:\/\/drive.google.com\/file\/d\/1WxlWaxY65uSNca8VYmjh7H-xUT2Zg7eA\/view\">23 de novembre 2020<\/a><\/li>\n<li><a href=\"https:\/\/drive.google.com\/file\/d\/12wummvnh2Q5JJS9WzHhjqM6l6tlsV-9R\/view\">9 de setembre de 2020<\/a><\/li>\n<\/ul>\n<\/li>\n<\/ul>\n","protected":false},"excerpt":{"rendered":"<p>Composici\u00f3 del Consell Escolar:<\/p>\n<p>Directora Presidenta<br \/>\nEm\u00edlia Garc\u00eda Aranda<\/p>\n<p>Cap d&#8217;Estudis<br \/>\nSandra S\u00e1nchez Urrea<\/p>\n<p>Secretari<br \/>\nJordi Jerez Baquedano<\/p>\n<p>Representant de l&#8217;Ajuntament<br \/>\nM\u00aa Lluisa Teixidor Marimon<\/p>\n<p>Representant del PAS<br \/>\nCarles G\u00fcell Prats<\/p>\n<p>Representant PAE<br \/>\nLourdes Ruiz Valls<\/p>\n<p>Representants del professorat<br \/>\nYolanda Contreras Jim\u00e9nez<br \/>\nEva Agust\u00ed Pou<br \/>\nMarta Le\u00f3n Mas<br \/>\nMontse Rubau Riera<br \/>\nCristina Mu\u00f1oz G\u00f3mez<\/p>\n<p>Representant de l&#8217;AFA<br \/>\nAl\u00edcia Gallego Checa<\/p>\n<p>Representants elegits de les fam\u00edlies<br \/>\nMarta Moncayo&hellip;  <a href=\"https:\/\/agora.xtec.cat\/ceiptorresjonama-palafrugell\/lescola\/consell-escolar\/\" title=\"Read Consell escolar\">Llegeix m\u00e9s\u00bb<\/a><\/p>\n","protected":false},"author":1,"featured_media":0,"parent":22,"menu_order":30,"comment_status":"closed","ping_status":"closed","template":"page-templates\/side-menu.php","meta":{"_bbp_topic_count":0,"_bbp_reply_count":0,"_bbp_total_topic_count":0,"_bbp_total_reply_count":0,"_bbp_voice_count":0,"_bbp_anonymous_reply_count":0,"_bbp_topic_count_hidden":0,"_bbp_reply_count_hidden":0,"_bbp_forum_subforum_count":0,"footnotes":""},"class_list":["post-28","page","type-page","status-publish","hentry"],"post_mailing_queue_ids":[],"_links":{"self":[{"href":"https:\/\/agora.xtec.cat\/ceiptorresjonama-palafrugell\/wp-json\/wp\/v2\/pages\/28","targetHints":{"allow":["GET"]}}],"collection":[{"href":"https:\/\/agora.xtec.cat\/ceiptorresjonama-palafrugell\/wp-json\/wp\/v2\/pages"}],"about":[{"href":"https:\/\/agora.xtec.cat\/ceiptorresjonama-palafrugell\/wp-json\/wp\/v2\/types\/page"}],"author":[{"embeddable":true,"href":"https:\/\/agora.xtec.cat\/ceiptorresjonama-palafrugell\/wp-json\/wp\/v2\/users\/1"}],"replies":[{"embeddable":true,"href":"https:\/\/agora.xtec.cat\/ceiptorresjonama-palafrugell\/wp-json\/wp\/v2\/comments?post=28"}],"version-history":[{"count":5,"href":"https:\/\/agora.xtec.cat\/ceiptorresjonama-palafrugell\/wp-json\/wp\/v2\/pages\/28\/revisions"}],"predecessor-version":[{"id":2966,"href":"https:\/\/agora.xtec.cat\/ceiptorresjonama-palafrugell\/wp-json\/wp\/v2\/pages\/28\/revisions\/2966"}],"up":[{"embeddable":true,"href":"https:\/\/agora.xtec.cat\/ceiptorresjonama-palafrugell\/wp-json\/wp\/v2\/pages\/22"}],"wp:attachment":[{"href":"https:\/\/agora.xtec.cat\/ceiptorresjonama-palafrugell\/wp-json\/wp\/v2\/media?parent=28"}],"curies":[{"name":"wp","href":"https:\/\/api.w.org\/{rel}","templated":true}]}}