{"id":911,"date":"2018-11-21T09:56:24","date_gmt":"2018-11-21T08:56:24","guid":{"rendered":"http:\/\/agora.xtec.cat\/ceiptorreroja\/?page_id=911"},"modified":"2022-04-28T14:06:27","modified_gmt":"2022-04-28T12:06:27","slug":"pastorets","status":"publish","type":"page","link":"https:\/\/agora.xtec.cat\/ceiptorreroja\/lescola\/festes\/pastorets\/","title":{"rendered":"Els Pastorets"},"content":{"rendered":"<p style=\"text-align: justify;\">Durant el mes de desembre els alumnes de 6\u00e8 preparen una representaci\u00f3 basada en l&#8217;obra <strong><em>Els pastorets <\/em>de Josep M Folch i Torres<\/strong>. Un any es representa la versi\u00f3 &#8220;Gal\u00e0ctica&#8221; i l&#8217;any seg\u00fcent la versi\u00f3 &#8220;Tradicional&#8221;.\u00a0 Aquesta obra es pot veure la setmana abans de les vacances de Nadal al gimn\u00e0s de l&#8217;escola i hi assisteixen tots els alumnes i les fam\u00edlies dels alumnes de 6\u00e8. La recaptaci\u00f3 es destina al viatge de fi de curs.<\/p>\n<p>\ud83c\udf9e\u00a0 <a href=\"https:\/\/agora.xtec.cat\/ceiptorreroja\/pastorets-2020-2021\/\" target=\"_blank\" rel=\"noopener\">PASTORETS 2020<\/a><\/p>\n<p style=\"text-align: justify;\"><a href=\"https:\/\/agora.xtec.cat\/ceiptorreroja\/wp-content\/uploads\/usu1673\/2022\/04\/Pastorets-3.png\"><img loading=\"lazy\" decoding=\"async\" class=\"wp-image-3890 alignright\" src=\"https:\/\/agora.xtec.cat\/ceiptorreroja\/wp-content\/uploads\/usu1673\/2022\/04\/Pastorets-3-300x240.png\" alt=\"\" width=\"746\" height=\"596\" srcset=\"https:\/\/agora.xtec.cat\/ceiptorreroja\/wp-content\/uploads\/usu1673\/2022\/04\/Pastorets-3-300x240.png 300w, https:\/\/agora.xtec.cat\/ceiptorreroja\/wp-content\/uploads\/usu1673\/2022\/04\/Pastorets-3-1024x819.png 1024w, https:\/\/agora.xtec.cat\/ceiptorreroja\/wp-content\/uploads\/usu1673\/2022\/04\/Pastorets-3-768x614.png 768w, https:\/\/agora.xtec.cat\/ceiptorreroja\/wp-content\/uploads\/usu1673\/2022\/04\/Pastorets-3.png 1200w\" sizes=\"auto, (max-width: 746px) 100vw, 746px\" \/><\/a><\/p>\n","protected":false},"excerpt":{"rendered":"<p>Durant el mes de desembre els alumnes de 6\u00e8 preparen una representaci\u00f3 basada en l&#8217;obra Els pastorets de Josep M Folch i Torres. Un any es representa la versi\u00f3 &#8220;Gal\u00e0ctica&#8221; i l&#8217;any seg\u00fcent la versi\u00f3 &#8220;Tradicional&#8221;.\u00a0 Aquesta obra es pot veure la setmana abans de&hellip;  <a href=\"https:\/\/agora.xtec.cat\/ceiptorreroja\/lescola\/festes\/pastorets\/\" title=\"Read Els Pastorets\">Llegeix m\u00e9s\u00bb<\/a><\/p>\n","protected":false},"author":1,"featured_media":0,"parent":624,"menu_order":3,"comment_status":"closed","ping_status":"closed","template":"page-templates\/side-menu.php","meta":{"_bbp_topic_count":0,"_bbp_reply_count":0,"_bbp_total_topic_count":0,"_bbp_total_reply_count":0,"_bbp_voice_count":0,"_bbp_anonymous_reply_count":0,"_bbp_topic_count_hidden":0,"_bbp_reply_count_hidden":0,"_bbp_forum_subforum_count":0,"footnotes":""},"class_list":["post-911","page","type-page","status-publish","hentry"],"post_mailing_queue_ids":[],"_links":{"self":[{"href":"https:\/\/agora.xtec.cat\/ceiptorreroja\/wp-json\/wp\/v2\/pages\/911","targetHints":{"allow":["GET"]}}],"collection":[{"href":"https:\/\/agora.xtec.cat\/ceiptorreroja\/wp-json\/wp\/v2\/pages"}],"about":[{"href":"https:\/\/agora.xtec.cat\/ceiptorreroja\/wp-json\/wp\/v2\/types\/page"}],"author":[{"embeddable":true,"href":"https:\/\/agora.xtec.cat\/ceiptorreroja\/wp-json\/wp\/v2\/users\/1"}],"replies":[{"embeddable":true,"href":"https:\/\/agora.xtec.cat\/ceiptorreroja\/wp-json\/wp\/v2\/comments?post=911"}],"version-history":[{"count":4,"href":"https:\/\/agora.xtec.cat\/ceiptorreroja\/wp-json\/wp\/v2\/pages\/911\/revisions"}],"predecessor-version":[{"id":3880,"href":"https:\/\/agora.xtec.cat\/ceiptorreroja\/wp-json\/wp\/v2\/pages\/911\/revisions\/3880"}],"up":[{"embeddable":true,"href":"https:\/\/agora.xtec.cat\/ceiptorreroja\/wp-json\/wp\/v2\/pages\/624"}],"wp:attachment":[{"href":"https:\/\/agora.xtec.cat\/ceiptorreroja\/wp-json\/wp\/v2\/media?parent=911"}],"curies":[{"name":"wp","href":"https:\/\/api.w.org\/{rel}","templated":true}]}}

<p style="text-align: justify;">Durant el mes de desembre els alumnes de 6è preparen una representació basada en l&#8217;obra <strong><em>Els pastorets </em>de Josep M Folch i Torres</strong>. Un any es representa la versió &#8220;Galàctica&#8221; i l&#8217;any següent la versió &#8220;Tradicional&#8221;.  Aquesta obra es pot veure la setmana abans de les vacances de Nadal al gimnàs de l&#8217;escola i hi assisteixen tots els alumnes i les famílies dels alumnes de 6è. La recaptació es destina al viatge de fi de curs.</p>
<p>🎞  <a href="https://agora.xtec.cat/ceiptorreroja/pastorets-2020-2021/" target="_blank" rel="noopener">PASTORETS 2020</a></p>
<p style="text-align: justify;"><a href="https://agora.xtec.cat/ceiptorreroja/wp-content/uploads/usu1673/2022/04/Pastorets-3.png"><img loading="lazy" decoding="async" class="wp-image-3890 alignright" src="https://agora.xtec.cat/ceiptorreroja/wp-content/uploads/usu1673/2022/04/Pastorets-3-300x240.png" alt="" width="746" height="596" srcset="https://agora.xtec.cat/ceiptorreroja/wp-content/uploads/usu1673/2022/04/Pastorets-3-300x240.png 300w, https://agora.xtec.cat/ceiptorreroja/wp-content/uploads/usu1673/2022/04/Pastorets-3-1024x819.png 1024w, https://agora.xtec.cat/ceiptorreroja/wp-content/uploads/usu1673/2022/04/Pastorets-3-768x614.png 768w, https://agora.xtec.cat/ceiptorreroja/wp-content/uploads/usu1673/2022/04/Pastorets-3.png 1200w" sizes="auto, (max-width: 746px) 100vw, 746px" /></a></p>

<p>Durant el mes de desembre els alumnes de 6è preparen una representació basada en l&#8217;obra Els pastorets de Josep M Folch i Torres. Un any es representa la versió &#8220;Galàctica&#8221; i l&#8217;any següent la versió &#8220;Tradicional&#8221;.  Aquesta obra es pot veure la setmana abans de&hellip;  <a href="https://agora.xtec.cat/ceiptorreroja/lescola/festes/pastorets/" title="Read Els Pastorets">Llegeix més»</a></p>
