{"id":910,"date":"2018-11-21T09:55:50","date_gmt":"2018-11-21T08:55:50","guid":{"rendered":"http:\/\/agora.xtec.cat\/ceiptorreroja\/?page_id=910"},"modified":"2022-04-07T15:00:35","modified_gmt":"2022-04-07T13:00:35","slug":"caga-tio","status":"publish","type":"page","link":"https:\/\/agora.xtec.cat\/ceiptorreroja\/lescola\/festes\/caga-tio\/","title":{"rendered":"Caga Ti\u00f3"},"content":{"rendered":"<p><a href=\"https:\/\/agora.xtec.cat\/ceiptorreroja\/wp-content\/uploads\/usu1673\/2022\/04\/Imagen1.png\"><img loading=\"lazy\" decoding=\"async\" class=\" wp-image-3856 alignright\" src=\"https:\/\/agora.xtec.cat\/ceiptorreroja\/wp-content\/uploads\/usu1673\/2022\/04\/Imagen1-300x233.png\" alt=\"\" width=\"415\" height=\"322\" srcset=\"https:\/\/agora.xtec.cat\/ceiptorreroja\/wp-content\/uploads\/usu1673\/2022\/04\/Imagen1-300x233.png 300w, https:\/\/agora.xtec.cat\/ceiptorreroja\/wp-content\/uploads\/usu1673\/2022\/04\/Imagen1-768x598.png 768w, https:\/\/agora.xtec.cat\/ceiptorreroja\/wp-content\/uploads\/usu1673\/2022\/04\/Imagen1.png 1000w\" sizes=\"auto, (max-width: 415px) 100vw, 415px\" \/><\/a>La setmana abans de les vacances de Nadal, es duen a terme diferents activitats al voltant d&#8217;aquesta celebraci\u00f3. Entre tots constru\u00efm un monumental pessebre on cada classe s&#8217;encarrega de col\u00b7locar unes quantes figures, els alumnes de sis\u00e8 fan una representaci\u00f3 d&#8217; Els Pastorets, cantem Nadales&#8230; i un dels dies, tot l&#8217;alumnat de l&#8217;escola <em>fa cagar el ti\u00f3<\/em> dins l&#8217;horari lectiu.<\/p>\n<p>Per poder-lo <em>fer cagar, e<\/em>ls m\u00e9s petits s&#8217;han encarregat uns dies abans d&#8217;anar-lo alimentant amb \ud83c\udf4e\ud83c\udf4c\ud83c\udf6a&#8230;<\/p>\n","protected":false},"excerpt":{"rendered":"<p><a href=\"https:\/\/agora.xtec.cat\/ceiptorreroja\/wp-content\/uploads\/usu1673\/2022\/04\/Imagen1.png\"><\/a>La setmana abans de les vacances de Nadal, es duen a terme diferents activitats al voltant d&#8217;aquesta celebraci\u00f3. Entre tots constru\u00efm un monumental pessebre on cada classe s&#8217;encarrega de col\u00b7locar unes quantes figures, els alumnes de sis\u00e8 fan una representaci\u00f3 d&#8217; Els Pastorets, cantem&hellip;  <a href=\"https:\/\/agora.xtec.cat\/ceiptorreroja\/lescola\/festes\/caga-tio\/\" title=\"Read Caga Ti\u00f3\">Llegeix m\u00e9s\u00bb<\/a><\/p>\n","protected":false},"author":1,"featured_media":0,"parent":624,"menu_order":2,"comment_status":"closed","ping_status":"closed","template":"page-templates\/side-menu.php","meta":{"_bbp_topic_count":0,"_bbp_reply_count":0,"_bbp_total_topic_count":0,"_bbp_total_reply_count":0,"_bbp_voice_count":0,"_bbp_anonymous_reply_count":0,"_bbp_topic_count_hidden":0,"_bbp_reply_count_hidden":0,"_bbp_forum_subforum_count":0,"footnotes":""},"class_list":["post-910","page","type-page","status-publish","hentry"],"post_mailing_queue_ids":[],"_links":{"self":[{"href":"https:\/\/agora.xtec.cat\/ceiptorreroja\/wp-json\/wp\/v2\/pages\/910","targetHints":{"allow":["GET"]}}],"collection":[{"href":"https:\/\/agora.xtec.cat\/ceiptorreroja\/wp-json\/wp\/v2\/pages"}],"about":[{"href":"https:\/\/agora.xtec.cat\/ceiptorreroja\/wp-json\/wp\/v2\/types\/page"}],"author":[{"embeddable":true,"href":"https:\/\/agora.xtec.cat\/ceiptorreroja\/wp-json\/wp\/v2\/users\/1"}],"replies":[{"embeddable":true,"href":"https:\/\/agora.xtec.cat\/ceiptorreroja\/wp-json\/wp\/v2\/comments?post=910"}],"version-history":[{"count":3,"href":"https:\/\/agora.xtec.cat\/ceiptorreroja\/wp-json\/wp\/v2\/pages\/910\/revisions"}],"predecessor-version":[{"id":3874,"href":"https:\/\/agora.xtec.cat\/ceiptorreroja\/wp-json\/wp\/v2\/pages\/910\/revisions\/3874"}],"up":[{"embeddable":true,"href":"https:\/\/agora.xtec.cat\/ceiptorreroja\/wp-json\/wp\/v2\/pages\/624"}],"wp:attachment":[{"href":"https:\/\/agora.xtec.cat\/ceiptorreroja\/wp-json\/wp\/v2\/media?parent=910"}],"curies":[{"name":"wp","href":"https:\/\/api.w.org\/{rel}","templated":true}]}}

Caga Tió

<p><a href="https://agora.xtec.cat/ceiptorreroja/wp-content/uploads/usu1673/2022/04/Imagen1.png"><img loading="lazy" decoding="async" class=" wp-image-3856 alignright" src="https://agora.xtec.cat/ceiptorreroja/wp-content/uploads/usu1673/2022/04/Imagen1-300x233.png" alt="" width="415" height="322" srcset="https://agora.xtec.cat/ceiptorreroja/wp-content/uploads/usu1673/2022/04/Imagen1-300x233.png 300w, https://agora.xtec.cat/ceiptorreroja/wp-content/uploads/usu1673/2022/04/Imagen1-768x598.png 768w, https://agora.xtec.cat/ceiptorreroja/wp-content/uploads/usu1673/2022/04/Imagen1.png 1000w" sizes="auto, (max-width: 415px) 100vw, 415px" /></a>La setmana abans de les vacances de Nadal, es duen a terme diferents activitats al voltant d&#8217;aquesta celebració. Entre tots construïm un monumental pessebre on cada classe s&#8217;encarrega de col·locar unes quantes figures, els alumnes de sisè fan una representació d&#8217; Els Pastorets, cantem Nadales&#8230; i un dels dies, tot l&#8217;alumnat de l&#8217;escola <em>fa cagar el tió</em> dins l&#8217;horari lectiu.</p>
<p>Per poder-lo <em>fer cagar, e</em>ls més petits s&#8217;han encarregat uns dies abans d&#8217;anar-lo alimentant amb 🍎🍌🍪&#8230;</p>

<p><a href="https://agora.xtec.cat/ceiptorreroja/wp-content/uploads/usu1673/2022/04/Imagen1.png"></a>La setmana abans de les vacances de Nadal, es duen a terme diferents activitats al voltant d&#8217;aquesta celebració. Entre tots construïm un monumental pessebre on cada classe s&#8217;encarrega de col·locar unes quantes figures, els alumnes de sisè fan una representació d&#8217; Els Pastorets, cantem&hellip;  <a href="https://agora.xtec.cat/ceiptorreroja/lescola/festes/caga-tio/" title="Read Caga Tió">Llegeix més»</a></p>
