{"id":850,"date":"2018-11-20T12:30:18","date_gmt":"2018-11-20T11:30:18","guid":{"rendered":"http:\/\/agora.xtec.cat\/ceiptorreroja\/?page_id=850"},"modified":"2018-12-04T09:49:17","modified_gmt":"2018-12-04T08:49:17","slug":"la-setmana-cultural","status":"publish","type":"page","link":"https:\/\/agora.xtec.cat\/ceiptorreroja\/lescola\/projectes\/la-setmana-cultural\/","title":{"rendered":"La Setmana Cultural"},"content":{"rendered":"<p style=\"text-align: justify;\">Tractem la Setmana Cultural com a un Projecte d\u2019Escola perqu\u00e8 porta impl\u00edcit treballar una s\u00e8rie de petits projectes on tots i col\u00b7laborem i participem.<\/p>\n<p style=\"text-align: justify;\">El dia de la ci\u00e8ncia a l\u2019escola<\/p>\n<p style=\"text-align: justify;\">L\u2019exposici\u00f3 tem\u00e0tica<\/p>\n<p style=\"text-align: justify;\">La Gran Gimcana grupal<\/p>\n<p style=\"text-align: justify;\">Cadascuna d\u2019aquestes activitats \u00e9s un petit projecte que engloba a tota l\u2019escola i l\u2019emmarquem dins la Setmana Cultural i de Carnaval.<\/p>\n<table style=\"border-collapse: collapse; width: 100%; border: 0px;\">\n<tbody>\n<tr>\n<td style=\"width: 50%; border: 0px;\"><img decoding=\"async\" class=\"size-large wp-image-1078 aligncenter\" src=\"https:\/\/agora.xtec.cat\/ceiptorreroja\/wp-content\/uploads\/usu1673\/2018\/12\/20180206_100009-1024x768.jpg\" alt=\"\" width=\"1024\" srcset=\"https:\/\/agora.xtec.cat\/ceiptorreroja\/wp-content\/uploads\/usu1673\/2018\/12\/20180206_100009-1024x768.jpg 1024w, https:\/\/agora.xtec.cat\/ceiptorreroja\/wp-content\/uploads\/usu1673\/2018\/12\/20180206_100009-300x225.jpg 300w, https:\/\/agora.xtec.cat\/ceiptorreroja\/wp-content\/uploads\/usu1673\/2018\/12\/20180206_100009-768x576.jpg 768w, https:\/\/agora.xtec.cat\/ceiptorreroja\/wp-content\/uploads\/usu1673\/2018\/12\/20180206_100009-200x150.jpg 200w\" sizes=\"(max-width: 1024px) 100vw, 1024px\" \/><\/td>\n<td style=\"width: 50%; border: 0px;\"><img decoding=\"async\" class=\"size-large wp-image-1079 aligncenter\" src=\"https:\/\/agora.xtec.cat\/ceiptorreroja\/wp-content\/uploads\/usu1673\/2018\/12\/IMG_5250-1024x666.jpg\" alt=\"\" width=\"1024\" srcset=\"https:\/\/agora.xtec.cat\/ceiptorreroja\/wp-content\/uploads\/usu1673\/2018\/12\/IMG_5250-1024x666.jpg 1024w, https:\/\/agora.xtec.cat\/ceiptorreroja\/wp-content\/uploads\/usu1673\/2018\/12\/IMG_5250-300x195.jpg 300w, https:\/\/agora.xtec.cat\/ceiptorreroja\/wp-content\/uploads\/usu1673\/2018\/12\/IMG_5250-768x500.jpg 768w\" sizes=\"(max-width: 1024px) 100vw, 1024px\" \/><\/td>\n<\/tr>\n<tr style=\"height: 30px;\">\n<td style=\"width: 50%; text-align: right; border: 0px;\">Projecte de 4t<\/td>\n<td style=\"width: 50%; text-align: right; border: 0px;\">\u00a0Taller d&#8217;escultura (Pare de l&#8217;escola)<\/td>\n<\/tr>\n<\/tbody>\n<\/table>\n<p>&nbsp;<\/p>\n","protected":false},"excerpt":{"rendered":"<p>Tractem la Setmana Cultural com a un Projecte d\u2019Escola perqu\u00e8 porta impl\u00edcit treballar una s\u00e8rie de petits projectes on tots i col\u00b7laborem i participem.<br \/>\nEl dia de la ci\u00e8ncia a l\u2019escola<br \/>\nL\u2019exposici\u00f3 tem\u00e0tica<br \/>\nLa Gran Gimcana grupal<br \/>\nCadascuna d\u2019aquestes activitats \u00e9s un petit projecte que engloba a tota l\u2019escola&hellip;  <a href=\"https:\/\/agora.xtec.cat\/ceiptorreroja\/lescola\/projectes\/la-setmana-cultural\/\" title=\"Read La Setmana Cultural\">Llegeix m\u00e9s\u00bb<\/a><\/p>\n","protected":false},"author":1,"featured_media":0,"parent":670,"menu_order":14,"comment_status":"closed","ping_status":"closed","template":"page-templates\/side-menu.php","meta":{"_bbp_topic_count":0,"_bbp_reply_count":0,"_bbp_total_topic_count":0,"_bbp_total_reply_count":0,"_bbp_voice_count":0,"_bbp_anonymous_reply_count":0,"_bbp_topic_count_hidden":0,"_bbp_reply_count_hidden":0,"_bbp_forum_subforum_count":0,"footnotes":""},"class_list":["post-850","page","type-page","status-publish","hentry"],"post_mailing_queue_ids":[],"_links":{"self":[{"href":"https:\/\/agora.xtec.cat\/ceiptorreroja\/wp-json\/wp\/v2\/pages\/850","targetHints":{"allow":["GET"]}}],"collection":[{"href":"https:\/\/agora.xtec.cat\/ceiptorreroja\/wp-json\/wp\/v2\/pages"}],"about":[{"href":"https:\/\/agora.xtec.cat\/ceiptorreroja\/wp-json\/wp\/v2\/types\/page"}],"author":[{"embeddable":true,"href":"https:\/\/agora.xtec.cat\/ceiptorreroja\/wp-json\/wp\/v2\/users\/1"}],"replies":[{"embeddable":true,"href":"https:\/\/agora.xtec.cat\/ceiptorreroja\/wp-json\/wp\/v2\/comments?post=850"}],"version-history":[{"count":3,"href":"https:\/\/agora.xtec.cat\/ceiptorreroja\/wp-json\/wp\/v2\/pages\/850\/revisions"}],"predecessor-version":[{"id":1094,"href":"https:\/\/agora.xtec.cat\/ceiptorreroja\/wp-json\/wp\/v2\/pages\/850\/revisions\/1094"}],"up":[{"embeddable":true,"href":"https:\/\/agora.xtec.cat\/ceiptorreroja\/wp-json\/wp\/v2\/pages\/670"}],"wp:attachment":[{"href":"https:\/\/agora.xtec.cat\/ceiptorreroja\/wp-json\/wp\/v2\/media?parent=850"}],"curies":[{"name":"wp","href":"https:\/\/api.w.org\/{rel}","templated":true}]}}

<p style="text-align: justify;">Tractem la Setmana Cultural com a un Projecte d’Escola perquè porta implícit treballar una sèrie de petits projectes on tots i col·laborem i participem.</p>
<p style="text-align: justify;">El dia de la ciència a l’escola</p>
<p style="text-align: justify;">L’exposició temàtica</p>
<p style="text-align: justify;">La Gran Gimcana grupal</p>
<p style="text-align: justify;">Cadascuna d’aquestes activitats és un petit projecte que engloba a tota l’escola i l’emmarquem dins la Setmana Cultural i de Carnaval.</p>
<table style="border-collapse: collapse; width: 100%; border: 0px;">
<tbody>
<tr>
<td style="width: 50%; border: 0px;"><img decoding="async" class="size-large wp-image-1078 aligncenter" src="https://agora.xtec.cat/ceiptorreroja/wp-content/uploads/usu1673/2018/12/20180206_100009-1024x768.jpg" alt="" width="1024" srcset="https://agora.xtec.cat/ceiptorreroja/wp-content/uploads/usu1673/2018/12/20180206_100009-1024x768.jpg 1024w, https://agora.xtec.cat/ceiptorreroja/wp-content/uploads/usu1673/2018/12/20180206_100009-300x225.jpg 300w, https://agora.xtec.cat/ceiptorreroja/wp-content/uploads/usu1673/2018/12/20180206_100009-768x576.jpg 768w, https://agora.xtec.cat/ceiptorreroja/wp-content/uploads/usu1673/2018/12/20180206_100009-200x150.jpg 200w" sizes="(max-width: 1024px) 100vw, 1024px" /></td>
<td style="width: 50%; border: 0px;"><img decoding="async" class="size-large wp-image-1079 aligncenter" src="https://agora.xtec.cat/ceiptorreroja/wp-content/uploads/usu1673/2018/12/IMG_5250-1024x666.jpg" alt="" width="1024" srcset="https://agora.xtec.cat/ceiptorreroja/wp-content/uploads/usu1673/2018/12/IMG_5250-1024x666.jpg 1024w, https://agora.xtec.cat/ceiptorreroja/wp-content/uploads/usu1673/2018/12/IMG_5250-300x195.jpg 300w, https://agora.xtec.cat/ceiptorreroja/wp-content/uploads/usu1673/2018/12/IMG_5250-768x500.jpg 768w" sizes="(max-width: 1024px) 100vw, 1024px" /></td>
</tr>
<tr style="height: 30px;">
<td style="width: 50%; text-align: right; border: 0px;">Projecte de 4t</td>
<td style="width: 50%; text-align: right; border: 0px;"> Taller d&#8217;escultura (Pare de l&#8217;escola)</td>
</tr>
</tbody>
</table>
<p>&nbsp;</p>

<p>Tractem la Setmana Cultural com a un Projecte d’Escola perquè porta implícit treballar una sèrie de petits projectes on tots i col·laborem i participem.<br />
El dia de la ciència a l’escola<br />
L’exposició temàtica<br />
La Gran Gimcana grupal<br />
Cadascuna d’aquestes activitats és un petit projecte que engloba a tota l’escola&hellip;  <a href="https://agora.xtec.cat/ceiptorreroja/lescola/projectes/la-setmana-cultural/" title="Read La Setmana Cultural">Llegeix més»</a></p>
