{"id":848,"date":"2018-11-20T12:29:45","date_gmt":"2018-11-20T11:29:45","guid":{"rendered":"http:\/\/agora.xtec.cat\/ceiptorreroja\/?page_id=848"},"modified":"2022-05-23T13:18:28","modified_gmt":"2022-05-23T11:18:28","slug":"projecte-apadrinem-el-patrimoni","status":"publish","type":"page","link":"https:\/\/agora.xtec.cat\/ceiptorreroja\/lescola\/projectes\/projecte-apadrinem-el-patrimoni\/","title":{"rendered":"Projecte Apadrinem el patrimoni"},"content":{"rendered":"<p>El programa <a href=\"http:\/\/xtec.gencat.cat\/ca\/projectes\/apadrinemnostrepatrimoni\/\" target=\"_blank\" rel=\"noopener\"><em>Apadrinem el nostre patrimoni<\/em><\/a> es basa en la idea de l\u2019apadrinament d\u2019un element patrimonial per part del centre educatiu, la qual cosa comporta donar-li valor i aprofundir en el seu coneixement des del punt de vista cultural i, alhora, fer que aquest coneixement sigui socialment rellevant, \u00e9s a dir, que arribi a la mateixa comunitat i a l\u2019entorn de l\u2019escola.<\/p>\n<p style=\"text-align: justify;\">A la nostra escola, aquest, \u00e9s un projecte en el que s\u2019impliquen tots els cursos i que est\u00e0 liderat des de 6\u00e8. Es va triar 3 indrets, dels que es busca informaci\u00f3 i es realitzen activitats al seu entorn per a despr\u00e9s, fer-la p\u00fablica.<\/p>\n<p>En aquest sentit, tamb\u00e9 es va crear el blog <a href=\"https:\/\/descobrimiconeguemelnostrepatrimoni.blogspot.com\/\" target=\"_blank\" rel=\"noopener\"><em>Descobrim i coneguem el nostre patrimoni<\/em><\/a> on es publica informaci\u00f3 d&#8217;aquests i d&#8217;altres llocs del nostre entorn.<\/p>\n","protected":false},"excerpt":{"rendered":"<p>El programa <a href=\"http:\/\/xtec.gencat.cat\/ca\/projectes\/apadrinemnostrepatrimoni\/\" target=\"_blank\" rel=\"noopener\">Apadrinem el nostre patrimoni<\/a> es basa en la idea de l\u2019apadrinament d\u2019un element patrimonial per part del centre educatiu, la qual cosa comporta donar-li valor i aprofundir en el seu coneixement des del punt de vista cultural i, alhora, fer&hellip;  <a href=\"https:\/\/agora.xtec.cat\/ceiptorreroja\/lescola\/projectes\/projecte-apadrinem-el-patrimoni\/\" title=\"Read Projecte Apadrinem el patrimoni\">Llegeix m\u00e9s\u00bb<\/a><\/p>\n","protected":false},"author":1,"featured_media":0,"parent":670,"menu_order":13,"comment_status":"closed","ping_status":"closed","template":"","meta":{"_bbp_topic_count":0,"_bbp_reply_count":0,"_bbp_total_topic_count":0,"_bbp_total_reply_count":0,"_bbp_voice_count":0,"_bbp_anonymous_reply_count":0,"_bbp_topic_count_hidden":0,"_bbp_reply_count_hidden":0,"_bbp_forum_subforum_count":0,"footnotes":""},"class_list":["post-848","page","type-page","status-publish","hentry"],"post_mailing_queue_ids":[],"_links":{"self":[{"href":"https:\/\/agora.xtec.cat\/ceiptorreroja\/wp-json\/wp\/v2\/pages\/848","targetHints":{"allow":["GET"]}}],"collection":[{"href":"https:\/\/agora.xtec.cat\/ceiptorreroja\/wp-json\/wp\/v2\/pages"}],"about":[{"href":"https:\/\/agora.xtec.cat\/ceiptorreroja\/wp-json\/wp\/v2\/types\/page"}],"author":[{"embeddable":true,"href":"https:\/\/agora.xtec.cat\/ceiptorreroja\/wp-json\/wp\/v2\/users\/1"}],"replies":[{"embeddable":true,"href":"https:\/\/agora.xtec.cat\/ceiptorreroja\/wp-json\/wp\/v2\/comments?post=848"}],"version-history":[{"count":4,"href":"https:\/\/agora.xtec.cat\/ceiptorreroja\/wp-json\/wp\/v2\/pages\/848\/revisions"}],"predecessor-version":[{"id":4141,"href":"https:\/\/agora.xtec.cat\/ceiptorreroja\/wp-json\/wp\/v2\/pages\/848\/revisions\/4141"}],"up":[{"embeddable":true,"href":"https:\/\/agora.xtec.cat\/ceiptorreroja\/wp-json\/wp\/v2\/pages\/670"}],"wp:attachment":[{"href":"https:\/\/agora.xtec.cat\/ceiptorreroja\/wp-json\/wp\/v2\/media?parent=848"}],"curies":[{"name":"wp","href":"https:\/\/api.w.org\/{rel}","templated":true}]}}

<p>El programa <a href="http://xtec.gencat.cat/ca/projectes/apadrinemnostrepatrimoni/" target="_blank" rel="noopener"><em>Apadrinem el nostre patrimoni</em></a> es basa en la idea de l’apadrinament d’un element patrimonial per part del centre educatiu, la qual cosa comporta donar-li valor i aprofundir en el seu coneixement des del punt de vista cultural i, alhora, fer que aquest coneixement sigui socialment rellevant, és a dir, que arribi a la mateixa comunitat i a l’entorn de l’escola.</p>
<p style="text-align: justify;">A la nostra escola, aquest, és un projecte en el que s’impliquen tots els cursos i que està liderat des de 6è. Es va triar 3 indrets, dels que es busca informació i es realitzen activitats al seu entorn per a després, fer-la pública.</p>
<p>En aquest sentit, també es va crear el blog <a href="https://descobrimiconeguemelnostrepatrimoni.blogspot.com/" target="_blank" rel="noopener"><em>Descobrim i coneguem el nostre patrimoni</em></a> on es publica informació d&#8217;aquests i d&#8217;altres llocs del nostre entorn.</p>

<p>El programa <a href="http://xtec.gencat.cat/ca/projectes/apadrinemnostrepatrimoni/" target="_blank" rel="noopener">Apadrinem el nostre patrimoni</a> es basa en la idea de l’apadrinament d’un element patrimonial per part del centre educatiu, la qual cosa comporta donar-li valor i aprofundir en el seu coneixement des del punt de vista cultural i, alhora, fer&hellip;  <a href="https://agora.xtec.cat/ceiptorreroja/lescola/projectes/projecte-apadrinem-el-patrimoni/" title="Read Projecte Apadrinem el patrimoni">Llegeix més»</a></p>
