{"id":842,"date":"2018-11-20T12:27:16","date_gmt":"2018-11-20T11:27:16","guid":{"rendered":"http:\/\/agora.xtec.cat\/ceiptorreroja\/?page_id=842"},"modified":"2021-01-18T09:23:31","modified_gmt":"2021-01-18T08:23:31","slug":"recursos-tic","status":"publish","type":"page","link":"https:\/\/agora.xtec.cat\/ceiptorreroja\/lescola\/projectes\/recursos-tic\/","title":{"rendered":"Recursos TIC"},"content":{"rendered":"<p style=\"text-align: justify;\">Hem fet una aposta per les noves tecnologies. Totes les aules estan equipades amb pissarres digitals. Disposem tamb\u00e9 de tauletes per a poder treballar en alguns tallers, mat\u00e8ries o projectes. El nostre principal objectiu \u00e9s ajudar els nostres alumnes a fer un \u00fas raonable de les noves tecnologies.<\/p>\n<p>Als nostres racons de matem\u00e0tiques manipulatives treballem tamb\u00e9 la rob\u00f2tica aplicada a les matem\u00e0tiques.<\/p>\n","protected":false},"excerpt":{"rendered":"<p>Hem fet una aposta per les noves tecnologies. Totes les aules estan equipades amb pissarres digitals. Disposem tamb\u00e9 de tauletes per a poder treballar en alguns tallers, mat\u00e8ries o projectes. El nostre principal objectiu \u00e9s ajudar els nostres alumnes a fer un \u00fas raonable de&hellip;  <a href=\"https:\/\/agora.xtec.cat\/ceiptorreroja\/lescola\/projectes\/recursos-tic\/\" title=\"Read Recursos TIC\">Llegeix m\u00e9s\u00bb<\/a><\/p>\n","protected":false},"author":1,"featured_media":0,"parent":670,"menu_order":10,"comment_status":"closed","ping_status":"closed","template":"page-templates\/side-menu.php","meta":{"_bbp_topic_count":0,"_bbp_reply_count":0,"_bbp_total_topic_count":0,"_bbp_total_reply_count":0,"_bbp_voice_count":0,"_bbp_anonymous_reply_count":0,"_bbp_topic_count_hidden":0,"_bbp_reply_count_hidden":0,"_bbp_forum_subforum_count":0,"footnotes":""},"class_list":["post-842","page","type-page","status-publish","hentry"],"post_mailing_queue_ids":[],"_links":{"self":[{"href":"https:\/\/agora.xtec.cat\/ceiptorreroja\/wp-json\/wp\/v2\/pages\/842","targetHints":{"allow":["GET"]}}],"collection":[{"href":"https:\/\/agora.xtec.cat\/ceiptorreroja\/wp-json\/wp\/v2\/pages"}],"about":[{"href":"https:\/\/agora.xtec.cat\/ceiptorreroja\/wp-json\/wp\/v2\/types\/page"}],"author":[{"embeddable":true,"href":"https:\/\/agora.xtec.cat\/ceiptorreroja\/wp-json\/wp\/v2\/users\/1"}],"replies":[{"embeddable":true,"href":"https:\/\/agora.xtec.cat\/ceiptorreroja\/wp-json\/wp\/v2\/comments?post=842"}],"version-history":[{"count":3,"href":"https:\/\/agora.xtec.cat\/ceiptorreroja\/wp-json\/wp\/v2\/pages\/842\/revisions"}],"predecessor-version":[{"id":2380,"href":"https:\/\/agora.xtec.cat\/ceiptorreroja\/wp-json\/wp\/v2\/pages\/842\/revisions\/2380"}],"up":[{"embeddable":true,"href":"https:\/\/agora.xtec.cat\/ceiptorreroja\/wp-json\/wp\/v2\/pages\/670"}],"wp:attachment":[{"href":"https:\/\/agora.xtec.cat\/ceiptorreroja\/wp-json\/wp\/v2\/media?parent=842"}],"curies":[{"name":"wp","href":"https:\/\/api.w.org\/{rel}","templated":true}]}}