{"id":832,"date":"2018-11-20T12:09:04","date_gmt":"2018-11-20T11:09:04","guid":{"rendered":"http:\/\/agora.xtec.cat\/ceiptorreroja\/?page_id=832"},"modified":"2022-05-23T10:34:55","modified_gmt":"2022-05-23T08:34:55","slug":"angles-a-partir-de-3-anys","status":"publish","type":"page","link":"https:\/\/agora.xtec.cat\/ceiptorreroja\/lescola\/projectes\/angles-a-partir-de-3-anys\/","title":{"rendered":"Angl\u00e8s a partir de 3 anys"},"content":{"rendered":"<p style=\"text-align: justify;\">Introdu\u00efm la llengua anglesa a Educaci\u00f3 Infantil 3 anys, ja que les edats primerenques afavoreixen una millor assimilaci\u00f3 de l\u2019idioma.<\/p>\n<p style=\"text-align: justify;\">El Coneixement del Medi Natural i Social des d\u2019Educaci\u00f3 Infantil 5 anys fins a 6\u00e8 est\u00e0 seq\u00fcenciat de manera que alguns dels temes s\u00f3n en llengua anglesa.<\/p>\n<p style=\"text-align: justify;\">\n","protected":false},"excerpt":{"rendered":"<p>Introdu\u00efm la llengua anglesa a Educaci\u00f3 Infantil 3 anys, ja que les edats primerenques afavoreixen una millor assimilaci\u00f3 de l\u2019idioma.<br \/>\nEl Coneixement del Medi Natural i Social des d\u2019Educaci\u00f3 Infantil 5 anys fins a 6\u00e8 est\u00e0 seq\u00fcenciat de manera que alguns dels temes s\u00f3n en llengua&hellip;  <a href=\"https:\/\/agora.xtec.cat\/ceiptorreroja\/lescola\/projectes\/angles-a-partir-de-3-anys\/\" title=\"Read Angl\u00e8s a partir de 3 anys\">Llegeix m\u00e9s\u00bb<\/a><\/p>\n","protected":false},"author":1,"featured_media":0,"parent":670,"menu_order":5,"comment_status":"closed","ping_status":"closed","template":"page-templates\/side-menu.php","meta":{"_bbp_topic_count":0,"_bbp_reply_count":0,"_bbp_total_topic_count":0,"_bbp_total_reply_count":0,"_bbp_voice_count":0,"_bbp_anonymous_reply_count":0,"_bbp_topic_count_hidden":0,"_bbp_reply_count_hidden":0,"_bbp_forum_subforum_count":0,"footnotes":""},"class_list":["post-832","page","type-page","status-publish","hentry"],"post_mailing_queue_ids":[],"_links":{"self":[{"href":"https:\/\/agora.xtec.cat\/ceiptorreroja\/wp-json\/wp\/v2\/pages\/832","targetHints":{"allow":["GET"]}}],"collection":[{"href":"https:\/\/agora.xtec.cat\/ceiptorreroja\/wp-json\/wp\/v2\/pages"}],"about":[{"href":"https:\/\/agora.xtec.cat\/ceiptorreroja\/wp-json\/wp\/v2\/types\/page"}],"author":[{"embeddable":true,"href":"https:\/\/agora.xtec.cat\/ceiptorreroja\/wp-json\/wp\/v2\/users\/1"}],"replies":[{"embeddable":true,"href":"https:\/\/agora.xtec.cat\/ceiptorreroja\/wp-json\/wp\/v2\/comments?post=832"}],"version-history":[{"count":3,"href":"https:\/\/agora.xtec.cat\/ceiptorreroja\/wp-json\/wp\/v2\/pages\/832\/revisions"}],"predecessor-version":[{"id":4117,"href":"https:\/\/agora.xtec.cat\/ceiptorreroja\/wp-json\/wp\/v2\/pages\/832\/revisions\/4117"}],"up":[{"embeddable":true,"href":"https:\/\/agora.xtec.cat\/ceiptorreroja\/wp-json\/wp\/v2\/pages\/670"}],"wp:attachment":[{"href":"https:\/\/agora.xtec.cat\/ceiptorreroja\/wp-json\/wp\/v2\/media?parent=832"}],"curies":[{"name":"wp","href":"https:\/\/api.w.org\/{rel}","templated":true}]}}

Anglès a partir de 3 anys

<p style="text-align: justify;">Introduïm la llengua anglesa a Educació Infantil 3 anys, ja que les edats primerenques afavoreixen una millor assimilació de l’idioma.</p>
<p style="text-align: justify;">El Coneixement del Medi Natural i Social des d’Educació Infantil 5 anys fins a 6è està seqüenciat de manera que alguns dels temes són en llengua anglesa.</p>
<p style="text-align: justify;">

<p>Introduïm la llengua anglesa a Educació Infantil 3 anys, ja que les edats primerenques afavoreixen una millor assimilació de l’idioma.<br />
El Coneixement del Medi Natural i Social des d’Educació Infantil 5 anys fins a 6è està seqüenciat de manera que alguns dels temes són en llengua&hellip;  <a href="https://agora.xtec.cat/ceiptorreroja/lescola/projectes/angles-a-partir-de-3-anys/" title="Read Anglès a partir de 3 anys">Llegeix més»</a></p>
