{"id":823,"date":"2018-11-20T12:02:23","date_gmt":"2018-11-20T11:02:23","guid":{"rendered":"http:\/\/agora.xtec.cat\/ceiptorreroja\/?page_id=823"},"modified":"2021-09-28T10:34:58","modified_gmt":"2021-09-28T08:34:58","slug":"assemblea","status":"publish","type":"page","link":"https:\/\/agora.xtec.cat\/ceiptorreroja\/lescola\/projectes\/assemblea\/","title":{"rendered":"Assemblea"},"content":{"rendered":"<p style=\"text-align: justify;\">Tots els divendres. \u00c9s la <strong>reuni\u00f3 setmanal de TOTS els\/les alumnes i mestres<\/strong> de l\u2019escola amb una doble finalitat:<\/p>\n<ul>\n<li style=\"text-align: justify;\">Actua com a nucli de comunicaci\u00f3 interactiu (informacions diverses, confer\u00e8ncies, actuacions&#8230;).<\/li>\n<li style=\"text-align: justify;\">Actua com a impulsor de l\u2019expressi\u00f3 oral i l\u2019orat\u00f2ria en general, alhora que podem aprendre a escoltar per discernir i desenvolupar un esperit cr\u00edtic.<\/li>\n<\/ul>\n<h3 style=\"text-align: justify;\"><strong>Confer\u00e8ncies:<\/strong><\/h3>\n<p style=\"text-align: justify;\"><strong>P3 a 5\u00e8:<\/strong> Cada curs escolar els\/les alumnes es preparen una confer\u00e8ncia i l\u2019exposen a la seva aula davant els seus companys de classe (assemblea setmanal de classe)<\/p>\n<p style=\"text-align: justify;\"><strong>6\u00e8:<\/strong> El curs de 6\u00e8 es prepara les confer\u00e8ncies en grup, amb suport inform\u00e0tic i l\u2019exposa a l\u2019Assemblea General. Els\/les alumnes de 6\u00e8 s\u00f3n tamb\u00e9 els encarregats de dirigir-la.<\/p>\n<h3 style=\"text-align: justify;\"><strong>Actuacions:<\/strong><\/h3>\n<p style=\"text-align: justify;\">A l\u2019Assemblea hi tenen cabuda tot tipus d\u2019actuacions, liter\u00e0ries, teatrals, m\u00fasica, dansa, tant si \u00e9s iniciativa dels alumnes com del grup classe.<\/p>\n","protected":false},"excerpt":{"rendered":"<p>Tots els divendres. \u00c9s la reuni\u00f3 setmanal de TOTS els\/les alumnes i mestres de l\u2019escola amb una doble finalitat:<\/p>\n<ul>\n<li style=\"text-align: justify;\">Actua com a nucli de comunicaci\u00f3 interactiu (informacions diverses, confer\u00e8ncies, actuacions&#8230;).<\/li>\n<li style=\"text-align: justify;\">Actua com a impulsor de l\u2019expressi\u00f3 oral i l\u2019orat\u00f2ria en general, alhora que&hellip;  <a href=\"https:\/\/agora.xtec.cat\/ceiptorreroja\/lescola\/projectes\/assemblea\/\" title=\"Read Assemblea\">Llegeix m\u00e9s\u00bb<\/a><br \/>\n","protected":false},"author":1,"featured_media":0,"parent":670,"menu_order":1,"comment_status":"closed","ping_status":"closed","template":"page-templates\/side-menu.php","meta":{"_bbp_topic_count":0,"_bbp_reply_count":0,"_bbp_total_topic_count":0,"_bbp_total_reply_count":0,"_bbp_voice_count":0,"_bbp_anonymous_reply_count":0,"_bbp_topic_count_hidden":0,"_bbp_reply_count_hidden":0,"_bbp_forum_subforum_count":0,"footnotes":""},"class_list":["post-823","page","type-page","status-publish","hentry"],"post_mailing_queue_ids":[],"_links":{"self":[{"href":"https:\/\/agora.xtec.cat\/ceiptorreroja\/wp-json\/wp\/v2\/pages\/823","targetHints":{"allow":["GET"]}}],"collection":[{"href":"https:\/\/agora.xtec.cat\/ceiptorreroja\/wp-json\/wp\/v2\/pages"}],"about":[{"href":"https:\/\/agora.xtec.cat\/ceiptorreroja\/wp-json\/wp\/v2\/types\/page"}],"author":[{"embeddable":true,"href":"https:\/\/agora.xtec.cat\/ceiptorreroja\/wp-json\/wp\/v2\/users\/1"}],"replies":[{"embeddable":true,"href":"https:\/\/agora.xtec.cat\/ceiptorreroja\/wp-json\/wp\/v2\/comments?post=823"}],"version-history":[{"count":3,"href":"https:\/\/agora.xtec.cat\/ceiptorreroja\/wp-json\/wp\/v2\/pages\/823\/revisions"}],"predecessor-version":[{"id":2706,"href":"https:\/\/agora.xtec.cat\/ceiptorreroja\/wp-json\/wp\/v2\/pages\/823\/revisions\/2706"}],"up":[{"embeddable":true,"href":"https:\/\/agora.xtec.cat\/ceiptorreroja\/wp-json\/wp\/v2\/pages\/670"}],"wp:attachment":[{"href":"https:\/\/agora.xtec.cat\/ceiptorreroja\/wp-json\/wp\/v2\/media?parent=823"}],"curies":[{"name":"wp","href":"https:\/\/api.w.org\/{rel}","templated":true}]}}

<p style="text-align: justify;">Tots els divendres. És la <strong>reunió setmanal de TOTS els/les alumnes i mestres</strong> de l’escola amb una doble finalitat:</p>
<ul>
<li style="text-align: justify;">Actua com a nucli de comunicació interactiu (informacions diverses, conferències, actuacions&#8230;).</li>
<li style="text-align: justify;">Actua com a impulsor de l’expressió oral i l’oratòria en general, alhora que podem aprendre a escoltar per discernir i desenvolupar un esperit crític.</li>
</ul>
<h3 style="text-align: justify;"><strong>Conferències:</strong></h3>
<p style="text-align: justify;"><strong>P3 a 5è:</strong> Cada curs escolar els/les alumnes es preparen una conferència i l’exposen a la seva aula davant els seus companys de classe (assemblea setmanal de classe)</p>
<p style="text-align: justify;"><strong>6è:</strong> El curs de 6è es prepara les conferències en grup, amb suport informàtic i l’exposa a l’Assemblea General. Els/les alumnes de 6è són també els encarregats de dirigir-la.</p>
<h3 style="text-align: justify;"><strong>Actuacions:</strong></h3>
<p style="text-align: justify;">A l’Assemblea hi tenen cabuda tot tipus d’actuacions, literàries, teatrals, música, dansa, tant si és iniciativa dels alumnes com del grup classe.</p>

<p>Tots els divendres. És la reunió setmanal de TOTS els/les alumnes i mestres de l’escola amb una doble finalitat:</p>
<ul>
<li style="text-align: justify;">Actua com a nucli de comunicació interactiu (informacions diverses, conferències, actuacions&#8230;).</li>
<li style="text-align: justify;">Actua com a impulsor de l’expressió oral i l’oratòria en general, alhora que&hellip;  <a href="https://agora.xtec.cat/ceiptorreroja/lescola/projectes/assemblea/" title="Read Assemblea">Llegeix més»</a><br />
