{"id":77,"date":"2014-09-18T14:05:08","date_gmt":"2014-09-18T12:05:08","guid":{"rendered":"http:\/\/agora.xtec.cat\/ceiptorreroja\/?page_id=77"},"modified":"2025-10-09T11:26:40","modified_gmt":"2025-10-09T09:26:40","slug":"acollida","status":"publish","type":"page","link":"https:\/\/agora.xtec.cat\/ceiptorreroja\/serveis\/acollida\/","title":{"rendered":"Acollida"},"content":{"rendered":"<p><a href=\"https:\/\/drive.google.com\/file\/d\/1S1Z7YHWmqggX9EfwKCRMOfW61mnSq6Kd\/view?usp=drive_link\"><img loading=\"lazy\" decoding=\"async\" class=\"alignleft wp-image-5326\" src=\"https:\/\/agora.xtec.cat\/ceiptorreroja\/wp-content\/uploads\/usu1673\/2025\/10\/Captura-264x300.jpg\" alt=\"\" width=\"202\" height=\"230\" srcset=\"https:\/\/agora.xtec.cat\/ceiptorreroja\/wp-content\/uploads\/usu1673\/2025\/10\/Captura-264x300.jpg 264w, https:\/\/agora.xtec.cat\/ceiptorreroja\/wp-content\/uploads\/usu1673\/2025\/10\/Captura.jpg 339w\" sizes=\"auto, (max-width: 202px) 100vw, 202px\" \/><\/a>El <strong>Servei d&#8217;acollida<\/strong> \u00e9s un servei que ofereix l&#8217;AMPA de l&#8217;escola per tal d&#8217;ajudar en la conciliaci\u00f3 dels horaris de les fam\u00edlies. Se&#8217;n pot fer un \u00fas habitual o b\u00e9 espor\u00e0dic.<\/p>\n<p>L&#8217;horari del servei d&#8217;acollida \u00e9s:<\/p>\n<ul>\n<li>Al mat\u00ed, de 8 a 8.30 h<\/li>\n<li>A la tarda, de 16.30 a 17.30 h<\/li>\n<\/ul>\n<h5><a href=\"https:\/\/drive.google.com\/file\/d\/1S1Z7YHWmqggX9EfwKCRMOfW61mnSq6Kd\/view?usp=drive_link\">Aqu\u00ed podeu consultar els\u00a0<strong>PREUS<\/strong> del servei.<\/a><\/h5>\n","protected":false},"excerpt":{"rendered":"<p><a href=\"https:\/\/drive.google.com\/file\/d\/1S1Z7YHWmqggX9EfwKCRMOfW61mnSq6Kd\/view?usp=drive_link\"><\/a>El Servei d&#8217;acollida \u00e9s un servei que ofereix l&#8217;AMPA de l&#8217;escola per tal d&#8217;ajudar en la conciliaci\u00f3 dels horaris de les fam\u00edlies. Se&#8217;n pot fer un \u00fas habitual o b\u00e9 espor\u00e0dic.<br \/>\nL&#8217;horari del servei d&#8217;acollida \u00e9s:<\/p>\n<ul>\n<li>Al mat\u00ed, de 8 a 8.30 h<\/li>\n<li>A la tarda, de&hellip;  <a href=\"https:\/\/agora.xtec.cat\/ceiptorreroja\/serveis\/acollida\/\" title=\"Read Acollida\">Llegeix m\u00e9s\u00bb<\/a><br \/>\n","protected":false},"author":1,"featured_media":0,"parent":66,"menu_order":0,"comment_status":"closed","ping_status":"closed","template":"","meta":{"_bbp_topic_count":0,"_bbp_reply_count":0,"_bbp_total_topic_count":0,"_bbp_total_reply_count":0,"_bbp_voice_count":0,"_bbp_anonymous_reply_count":0,"_bbp_topic_count_hidden":0,"_bbp_reply_count_hidden":0,"_bbp_forum_subforum_count":0,"footnotes":""},"class_list":["post-77","page","type-page","status-publish","hentry"],"post_mailing_queue_ids":[],"_links":{"self":[{"href":"https:\/\/agora.xtec.cat\/ceiptorreroja\/wp-json\/wp\/v2\/pages\/77","targetHints":{"allow":["GET"]}}],"collection":[{"href":"https:\/\/agora.xtec.cat\/ceiptorreroja\/wp-json\/wp\/v2\/pages"}],"about":[{"href":"https:\/\/agora.xtec.cat\/ceiptorreroja\/wp-json\/wp\/v2\/types\/page"}],"author":[{"embeddable":true,"href":"https:\/\/agora.xtec.cat\/ceiptorreroja\/wp-json\/wp\/v2\/users\/1"}],"replies":[{"embeddable":true,"href":"https:\/\/agora.xtec.cat\/ceiptorreroja\/wp-json\/wp\/v2\/comments?post=77"}],"version-history":[{"count":7,"href":"https:\/\/agora.xtec.cat\/ceiptorreroja\/wp-json\/wp\/v2\/pages\/77\/revisions"}],"predecessor-version":[{"id":5328,"href":"https:\/\/agora.xtec.cat\/ceiptorreroja\/wp-json\/wp\/v2\/pages\/77\/revisions\/5328"}],"up":[{"embeddable":true,"href":"https:\/\/agora.xtec.cat\/ceiptorreroja\/wp-json\/wp\/v2\/pages\/66"}],"wp:attachment":[{"href":"https:\/\/agora.xtec.cat\/ceiptorreroja\/wp-json\/wp\/v2\/media?parent=77"}],"curies":[{"name":"wp","href":"https:\/\/api.w.org\/{rel}","templated":true}]}}

<p><a href="https://drive.google.com/file/d/1S1Z7YHWmqggX9EfwKCRMOfW61mnSq6Kd/view?usp=drive_link"><img loading="lazy" decoding="async" class="alignleft wp-image-5326" src="https://agora.xtec.cat/ceiptorreroja/wp-content/uploads/usu1673/2025/10/Captura-264x300.jpg" alt="" width="202" height="230" srcset="https://agora.xtec.cat/ceiptorreroja/wp-content/uploads/usu1673/2025/10/Captura-264x300.jpg 264w, https://agora.xtec.cat/ceiptorreroja/wp-content/uploads/usu1673/2025/10/Captura.jpg 339w" sizes="auto, (max-width: 202px) 100vw, 202px" /></a>El <strong>Servei d&#8217;acollida</strong> és un servei que ofereix l&#8217;AMPA de l&#8217;escola per tal d&#8217;ajudar en la conciliació dels horaris de les famílies. Se&#8217;n pot fer un ús habitual o bé esporàdic.</p>
<p>L&#8217;horari del servei d&#8217;acollida és:</p>
<ul>
<li>Al matí, de 8 a 8.30 h</li>
<li>A la tarda, de 16.30 a 17.30 h</li>
</ul>
<h5><a href="https://drive.google.com/file/d/1S1Z7YHWmqggX9EfwKCRMOfW61mnSq6Kd/view?usp=drive_link">Aquí podeu consultar els <strong>PREUS</strong> del servei.</a></h5>

<p><a href="https://drive.google.com/file/d/1S1Z7YHWmqggX9EfwKCRMOfW61mnSq6Kd/view?usp=drive_link"></a>El Servei d&#8217;acollida és un servei que ofereix l&#8217;AMPA de l&#8217;escola per tal d&#8217;ajudar en la conciliació dels horaris de les famílies. Se&#8217;n pot fer un ús habitual o bé esporàdic.<br />
L&#8217;horari del servei d&#8217;acollida és:</p>
<ul>
<li>Al matí, de 8 a 8.30 h</li>
<li>A la tarda, de&hellip;  <a href="https://agora.xtec.cat/ceiptorreroja/serveis/acollida/" title="Read Acollida">Llegeix més»</a><br />
