{"id":660,"date":"2018-07-12T11:12:49","date_gmt":"2018-07-12T09:12:49","guid":{"rendered":"http:\/\/agora.xtec.cat\/ceiptorreroja\/?page_id=660"},"modified":"2022-09-09T11:29:35","modified_gmt":"2022-09-09T09:29:35","slug":"autoritzacions-i-sollicituds","status":"publish","type":"page","link":"https:\/\/agora.xtec.cat\/ceiptorreroja\/secretaria\/autoritzacions-i-sollicituds\/","title":{"rendered":"Autoritzacions i sol\u00b7licituds"},"content":{"rendered":"<p>A continuaci\u00f3 teniu alguns dels formularis relatius a la gesti\u00f3 del centre i als processos de preinscripci\u00f3 i matr\u00edcula:<\/p>\n<table style=\"border-collapse: collapse; width: 100%; height: 459px;\">\n<tbody>\n<tr style=\"height: 32px;\">\n<td style=\"width: 13.3068%; height: 32px;\"><strong>PREINSCRIPCI\u00d3<\/strong><\/td>\n<td style=\"width: 68.3647%; height: 32px;\">\u00a0El proc\u00e9s de preinscripci\u00f3 es realitza a trav\u00e9s del web <em>Preinscripci\u00f3 (Gencat)<\/em><\/td>\n<td style=\"width: 18.3285%; height: 32px;\"><a href=\"https:\/\/preinscripcio.gencat.cat\/ca\/inici\" target=\"_blank\" rel=\"noopener\">Enlla\u00e7 al web<\/a><\/td>\n<\/tr>\n<tr style=\"height: 32px;\">\n<td style=\"height: 267px; width: 13.3068%;\" rowspan=\"11\"><strong>\u00a0<\/strong><strong>MATR\u00cdCULA<\/strong><strong>\u00a0<\/strong><br \/>\n<strong><br \/>\n<\/strong><strong><br \/>\n<\/strong><strong><br \/>\n<\/strong><strong><br \/>\n<\/strong><strong><br \/>\n<\/strong><strong><br \/>\n<\/strong><strong><br \/>\n<\/strong><\/td>\n<td style=\"width: 68.3647%; height: 10px;\">\u00a0Fitxa matr\u00edcula curs 2022-23<\/td>\n<td style=\"width: 18.3285%; height: 10px;\"><a href=\"https:\/\/drive.google.com\/file\/d\/1nh-oTYi-DKDXZcuj9DwfAAaEACDxUeXX\/view?usp=sharing\" target=\"_blank\" rel=\"noopener\">Descarrega document<\/a><\/td>\n<\/tr>\n<tr style=\"height: 32px;\">\n<td style=\"width: 68.3647%; height: 32px;\">\u00a0Dades alumne\/a curs 2022-23<\/td>\n<td style=\"width: 18.3285%; height: 32px;\"><a href=\"https:\/\/drive.google.com\/file\/d\/1x5ev3bXnervnu_HTULV5gjDxXphKg-YX\/view?usp=sharing\" target=\"_blank\" rel=\"noopener\">Descarrega document<\/a><\/td>\n<\/tr>\n<tr style=\"height: 32px;\">\n<td style=\"width: 68.3647%; height: 32px;\">\u00a0Dades m\u00e8diques 2022-23<\/td>\n<td style=\"width: 18.3285%; height: 32px;\"><a href=\"https:\/\/drive.google.com\/file\/d\/1YsYgYRtXpT7WYnl8x7OIIqNVadmptkEl\/view?usp=sharing\" target=\"_blank\" rel=\"noopener\">Descarrega document<\/a><\/td>\n<\/tr>\n<tr style=\"height: 32px;\">\n<td style=\"width: 68.3647%; height: 32px;\">\u00a0Autoritzaci\u00f3 medicaments 2022-23<\/td>\n<td style=\"width: 18.3285%; height: 32px;\"><a href=\"https:\/\/drive.google.com\/file\/d\/1zfN9ckozxCYVY5_Sbnc0mRALsMtoNHz2\/view?usp=sharing\" target=\"_blank\" rel=\"noopener\">Descarrega document<\/a><\/td>\n<\/tr>\n<tr style=\"height: 32px;\">\n<td style=\"width: 68.3647%; height: 32px;\">\u00a0Autoritzaci\u00f3 Drets d&#8217;imatge relativa als alumnes menors de 14 anys: \u00fas d&#8217;imatges, publicaci\u00f3 dades\u00a0 \u00a0car\u00e0cter personal i de material que elaboren<\/td>\n<td style=\"width: 18.3285%; height: 32px;\"><a href=\"https:\/\/drive.google.com\/file\/d\/1w66GoLYxqratnO5uXWBQwwY4yoGhetWN\/view?usp=sharing\" target=\"_blank\" rel=\"noopener\">Descarrega document<\/a><\/td>\n<\/tr>\n<tr>\n<td style=\"width: 68.3647%;\">\u00a0Autoritzaci\u00f3 Sortides a peu<\/td>\n<td style=\"width: 18.3285%;\"><a href=\"https:\/\/drive.google.com\/file\/d\/18h2oESbjB6YkVF-maxp65GFp3n1Tyh2v\/view?usp=sharing\" target=\"_blank\" rel=\"noopener\">Descarrega document<\/a><\/td>\n<\/tr>\n<tr style=\"height: 32px;\">\n<td style=\"width: 68.3647%; height: 32px;\">\u00a0Carta comprom\u00eds educatiu escola Torre Roja 2022-23<\/td>\n<td style=\"width: 18.3285%; height: 32px;\"><a href=\"https:\/\/drive.google.com\/file\/d\/1dsmcYss-zokT1P6lIAVYv82wGXqGpjHA\/view?usp=sharing\" target=\"_blank\" rel=\"noopener\">Descarrega document<\/a><\/td>\n<\/tr>\n<tr style=\"height: 32px;\">\n<td style=\"width: 68.3647%; height: 32px;\">\u00a0Q\u00fcestionari matr\u00edcula Educaci\u00f3 Infantil 2022-23<\/td>\n<td style=\"width: 18.3285%; height: 32px;\"><a href=\"https:\/\/drive.google.com\/file\/d\/1fclaKWs7jqIV-pZ_y_wBnJku33vuqKEU\/view?usp=sharing\" target=\"_blank\" rel=\"noopener\">Descarrega document<\/a><\/td>\n<\/tr>\n<tr style=\"height: 32px;\">\n<td style=\"width: 68.3647%; height: 33px;\">\u00a0Autoritzaci\u00f3 per a c\u00e0rrecs en compte bancari (Escola)<\/td>\n<td style=\"width: 18.3285%; height: 33px;\"><a href=\"https:\/\/drive.google.com\/file\/d\/1fSa8iyf-FFKZxoN9WQeiNLBjOupc4Ns7\/view?usp=sharing\" target=\"_blank\" rel=\"noopener\">Descarrega document<\/a><\/td>\n<\/tr>\n<tr style=\"height: 32px;\">\n<td style=\"width: 68.3647%; height: 32px;\">\u00a0Formulari a presentar en el cas de pares separats<\/td>\n<td style=\"width: 18.3285%; height: 32px;\"><a href=\"https:\/\/drive.google.com\/file\/d\/1MkZMqltJCtu6z-hs5yVgMlNRHhisqdhh\/view?usp=sharing\" target=\"_blank\" rel=\"noopener\">Descarrega document<\/a><\/td>\n<\/tr>\n<tr style=\"height: 32px;\">\n<td style=\"width: 68.3647%; height: 32px;\">\u00a0Admissi\u00f3 al llarg del curs<\/td>\n<td style=\"width: 18.3285%; height: 32px;\"><a href=\"https:\/\/drive.google.com\/file\/d\/1TrT1LKet4DxKSu4fwMObHenqvHt2WNS3\/view?usp=sharing\" target=\"_blank\" rel=\"noopener\">Descarrega document<\/a><\/td>\n<\/tr>\n<tr style=\"height: 32px;\">\n<td style=\"width: 13.3068%; height: 64px; text-align: left; vertical-align: middle;\" rowspan=\"2\"><strong>\u00a0<\/strong><br \/>\n<strong>AMPA<\/strong><\/td>\n<td style=\"width: 68.3647%; height: 32px;\">\u00a0Full adhesi\u00f3 a l&#8217;AMPA<\/td>\n<td style=\"width: 18.3285%; height: 32px;\"><a href=\"https:\/\/drive.google.com\/file\/d\/1vuRYVzO5nGeuitxUn9EC1a4mf6wGaEm3\/view?usp=sharing\" target=\"_blank\" rel=\"noopener\">Descarrega document<\/a><\/td>\n<\/tr>\n<tr style=\"height: 32px;\">\n<td style=\"width: 68.3647%; height: 32px;\">\u00a0Autoritzaci\u00f3 per a c\u00e0rrecs en compte bancari (AMPA)<\/td>\n<td style=\"width: 18.3285%; height: 32px;\"><a href=\"https:\/\/drive.google.com\/file\/d\/1Nh99DBGt2r5UY6m8r2Yzp6oy1_GovTHK\/view?usp=sharing\" target=\"_blank\" rel=\"noopener\">Descarrega document<\/a><\/td>\n<\/tr>\n<\/tbody>\n<\/table>\n","protected":false},"excerpt":{"rendered":"<p>A continuaci\u00f3 teniu alguns dels formularis relatius a la gesti\u00f3 del centre i als processos de preinscripci\u00f3 i matr\u00edcula:<\/p>\n<p>PREINSCRIPCI\u00d3<br \/>\n\u00a0El proc\u00e9s de preinscripci\u00f3 es realitza a trav\u00e9s del web Preinscripci\u00f3 (Gencat)<br \/>\n<a href=\"https:\/\/preinscripcio.gencat.cat\/ca\/inici\" target=\"_blank\" rel=\"noopener\">Enlla\u00e7 al web<\/a><\/p>\n<p>\u00a0MATR\u00cdCULA\u00a0<\/p>\n<p>\u00a0Fitxa matr\u00edcula curs 2022-23<br \/>\n<a href=\"https:\/\/drive.google.com\/file\/d\/1nh-oTYi-DKDXZcuj9DwfAAaEACDxUeXX\/view?usp=sharing\" target=\"_blank\" rel=\"noopener\">Descarrega document<\/a><\/p>\n<p>\u00a0Dades alumne\/a curs 2022-23<br \/>\n<a&hellip;  <a href=\"https:\/\/agora.xtec.cat\/ceiptorreroja\/secretaria\/autoritzacions-i-sollicituds\/\" title=\"Read Autoritzacions i sol\u00b7licituds\">Llegeix m\u00e9s\u00bb<\/a><\/p>\n","protected":false},"author":1,"featured_media":0,"parent":658,"menu_order":0,"comment_status":"closed","ping_status":"closed","template":"","meta":{"_bbp_topic_count":0,"_bbp_reply_count":0,"_bbp_total_topic_count":0,"_bbp_total_reply_count":0,"_bbp_voice_count":0,"_bbp_anonymous_reply_count":0,"_bbp_topic_count_hidden":0,"_bbp_reply_count_hidden":0,"_bbp_forum_subforum_count":0,"footnotes":""},"class_list":["post-660","page","type-page","status-publish","hentry"],"post_mailing_queue_ids":[],"_links":{"self":[{"href":"https:\/\/agora.xtec.cat\/ceiptorreroja\/wp-json\/wp\/v2\/pages\/660","targetHints":{"allow":["GET"]}}],"collection":[{"href":"https:\/\/agora.xtec.cat\/ceiptorreroja\/wp-json\/wp\/v2\/pages"}],"about":[{"href":"https:\/\/agora.xtec.cat\/ceiptorreroja\/wp-json\/wp\/v2\/types\/page"}],"author":[{"embeddable":true,"href":"https:\/\/agora.xtec.cat\/ceiptorreroja\/wp-json\/wp\/v2\/users\/1"}],"replies":[{"embeddable":true,"href":"https:\/\/agora.xtec.cat\/ceiptorreroja\/wp-json\/wp\/v2\/comments?post=660"}],"version-history":[{"count":4,"href":"https:\/\/agora.xtec.cat\/ceiptorreroja\/wp-json\/wp\/v2\/pages\/660\/revisions"}],"predecessor-version":[{"id":4310,"href":"https:\/\/agora.xtec.cat\/ceiptorreroja\/wp-json\/wp\/v2\/pages\/660\/revisions\/4310"}],"up":[{"embeddable":true,"href":"https:\/\/agora.xtec.cat\/ceiptorreroja\/wp-json\/wp\/v2\/pages\/658"}],"wp:attachment":[{"href":"https:\/\/agora.xtec.cat\/ceiptorreroja\/wp-json\/wp\/v2\/media?parent=660"}],"curies":[{"name":"wp","href":"https:\/\/api.w.org\/{rel}","templated":true}]}}

<p>A continuació teniu alguns dels formularis relatius a la gestió del centre i als processos de preinscripció i matrícula:</p>
<table style="border-collapse: collapse; width: 100%; height: 459px;">
<tbody>
<tr style="height: 32px;">
<td style="width: 13.3068%; height: 32px;"><strong>PREINSCRIPCIÓ</strong></td>
<td style="width: 68.3647%; height: 32px;"> El procés de preinscripció es realitza a través del web <em>Preinscripció (Gencat)</em></td>
<td style="width: 18.3285%; height: 32px;"><a href="https://preinscripcio.gencat.cat/ca/inici" target="_blank" rel="noopener">Enllaç al web</a></td>
</tr>
<tr style="height: 32px;">
<td style="height: 267px; width: 13.3068%;" rowspan="11"><strong> </strong><strong>MATRÍCULA</strong><strong> </strong><br />
<strong><br />
</strong><strong><br />
</strong><strong><br />
</strong><strong><br />
</strong><strong><br />
</strong><strong><br />
</strong><strong><br />
</strong></td>
<td style="width: 68.3647%; height: 10px;"> Fitxa matrícula curs 2022-23</td>
<td style="width: 18.3285%; height: 10px;"><a href="https://drive.google.com/file/d/1nh-oTYi-DKDXZcuj9DwfAAaEACDxUeXX/view?usp=sharing" target="_blank" rel="noopener">Descarrega document</a></td>
</tr>
<tr style="height: 32px;">
<td style="width: 68.3647%; height: 32px;"> Dades alumne/a curs 2022-23</td>
<td style="width: 18.3285%; height: 32px;"><a href="https://drive.google.com/file/d/1x5ev3bXnervnu_HTULV5gjDxXphKg-YX/view?usp=sharing" target="_blank" rel="noopener">Descarrega document</a></td>
</tr>
<tr style="height: 32px;">
<td style="width: 68.3647%; height: 32px;"> Dades mèdiques 2022-23</td>
<td style="width: 18.3285%; height: 32px;"><a href="https://drive.google.com/file/d/1YsYgYRtXpT7WYnl8x7OIIqNVadmptkEl/view?usp=sharing" target="_blank" rel="noopener">Descarrega document</a></td>
</tr>
<tr style="height: 32px;">
<td style="width: 68.3647%; height: 32px;"> Autorització medicaments 2022-23</td>
<td style="width: 18.3285%; height: 32px;"><a href="https://drive.google.com/file/d/1zfN9ckozxCYVY5_Sbnc0mRALsMtoNHz2/view?usp=sharing" target="_blank" rel="noopener">Descarrega document</a></td>
</tr>
<tr style="height: 32px;">
<td style="width: 68.3647%; height: 32px;"> Autorització Drets d&#8217;imatge relativa als alumnes menors de 14 anys: ús d&#8217;imatges, publicació dades   caràcter personal i de material que elaboren</td>
<td style="width: 18.3285%; height: 32px;"><a href="https://drive.google.com/file/d/1w66GoLYxqratnO5uXWBQwwY4yoGhetWN/view?usp=sharing" target="_blank" rel="noopener">Descarrega document</a></td>
</tr>
<tr>
<td style="width: 68.3647%;"> Autorització Sortides a peu</td>
<td style="width: 18.3285%;"><a href="https://drive.google.com/file/d/18h2oESbjB6YkVF-maxp65GFp3n1Tyh2v/view?usp=sharing" target="_blank" rel="noopener">Descarrega document</a></td>
</tr>
<tr style="height: 32px;">
<td style="width: 68.3647%; height: 32px;"> Carta compromís educatiu escola Torre Roja 2022-23</td>
<td style="width: 18.3285%; height: 32px;"><a href="https://drive.google.com/file/d/1dsmcYss-zokT1P6lIAVYv82wGXqGpjHA/view?usp=sharing" target="_blank" rel="noopener">Descarrega document</a></td>
</tr>
<tr style="height: 32px;">
<td style="width: 68.3647%; height: 32px;"> Qüestionari matrícula Educació Infantil 2022-23</td>
<td style="width: 18.3285%; height: 32px;"><a href="https://drive.google.com/file/d/1fclaKWs7jqIV-pZ_y_wBnJku33vuqKEU/view?usp=sharing" target="_blank" rel="noopener">Descarrega document</a></td>
</tr>
<tr style="height: 32px;">
<td style="width: 68.3647%; height: 33px;"> Autorització per a càrrecs en compte bancari (Escola)</td>
<td style="width: 18.3285%; height: 33px;"><a href="https://drive.google.com/file/d/1fSa8iyf-FFKZxoN9WQeiNLBjOupc4Ns7/view?usp=sharing" target="_blank" rel="noopener">Descarrega document</a></td>
</tr>
<tr style="height: 32px;">
<td style="width: 68.3647%; height: 32px;"> Formulari a presentar en el cas de pares separats</td>
<td style="width: 18.3285%; height: 32px;"><a href="https://drive.google.com/file/d/1MkZMqltJCtu6z-hs5yVgMlNRHhisqdhh/view?usp=sharing" target="_blank" rel="noopener">Descarrega document</a></td>
</tr>
<tr style="height: 32px;">
<td style="width: 68.3647%; height: 32px;"> Admissió al llarg del curs</td>
<td style="width: 18.3285%; height: 32px;"><a href="https://drive.google.com/file/d/1TrT1LKet4DxKSu4fwMObHenqvHt2WNS3/view?usp=sharing" target="_blank" rel="noopener">Descarrega document</a></td>
</tr>
<tr style="height: 32px;">
<td style="width: 13.3068%; height: 64px; text-align: left; vertical-align: middle;" rowspan="2"><strong> </strong><br />
<strong>AMPA</strong></td>
<td style="width: 68.3647%; height: 32px;"> Full adhesió a l&#8217;AMPA</td>
<td style="width: 18.3285%; height: 32px;"><a href="https://drive.google.com/file/d/1vuRYVzO5nGeuitxUn9EC1a4mf6wGaEm3/view?usp=sharing" target="_blank" rel="noopener">Descarrega document</a></td>
</tr>
<tr style="height: 32px;">
<td style="width: 68.3647%; height: 32px;"> Autorització per a càrrecs en compte bancari (AMPA)</td>
<td style="width: 18.3285%; height: 32px;"><a href="https://drive.google.com/file/d/1Nh99DBGt2r5UY6m8r2Yzp6oy1_GovTHK/view?usp=sharing" target="_blank" rel="noopener">Descarrega document</a></td>
</tr>
</tbody>
</table>

<p>A continuació teniu alguns dels formularis relatius a la gestió del centre i als processos de preinscripció i matrícula:</p>
<p>PREINSCRIPCIÓ<br />
 El procés de preinscripció es realitza a través del web Preinscripció (Gencat)<br />
<a href="https://preinscripcio.gencat.cat/ca/inici" target="_blank" rel="noopener">Enllaç al web</a></p>
<p> MATRÍCULA </p>
<p> Fitxa matrícula curs 2022-23<br />
<a href="https://drive.google.com/file/d/1nh-oTYi-DKDXZcuj9DwfAAaEACDxUeXX/view?usp=sharing" target="_blank" rel="noopener">Descarrega document</a></p>
<p> Dades alumne/a curs 2022-23<br />
<a&hellip;  <a href="https://agora.xtec.cat/ceiptorreroja/secretaria/autoritzacions-i-sollicituds/" title="Read Autoritzacions i sol·licituds">Llegeix més»</a></p>
