{"id":624,"date":"2018-07-12T09:33:42","date_gmt":"2018-07-12T07:33:42","guid":{"rendered":"http:\/\/agora.xtec.cat\/ceiptorreroja\/?page_id=624"},"modified":"2025-09-16T11:04:42","modified_gmt":"2025-09-16T09:04:42","slug":"festes","status":"publish","type":"page","link":"https:\/\/agora.xtec.cat\/ceiptorreroja\/lescola\/festes\/","title":{"rendered":"Festes"},"content":{"rendered":"<p data-start=\"40\" data-end=\"551\">A l\u2019Escola Torre Roja ens agraden molt les festes i les vivim amb entusiasme i alegria. Al llarg del curs escolar, cada celebraci\u00f3 \u00e9s una ocasi\u00f3 especial per aprendre, compartir i gaudir plegats. Comencem amb <strong data-start=\"249\" data-end=\"266\">Santa Cec\u00edlia<\/strong>, on la m\u00fasica \u00e9s la protagonista i omple l\u2019escola de sons i can\u00e7ons. L&#8217;alumnat de l&#8217;escola, volunt\u00e0riament, juntament amb les mestres de m\u00fasica preparen un concert amb el que gaudim tota l&#8217;escola en assemblea.<\/p>\n<p data-start=\"40\" data-end=\"551\">Continuem amb <strong data-start=\"350\" data-end=\"367\">la Castanyada<\/strong>, on degustem castanyes i panellets mentre expliquem hist\u00f2ries de tardor. L&#8217;alumnat de 6\u00e8 es converteixen en castanyers i castanyeres i acompanyen i ajuden a la resta d&#8217;escola. L&#8217;AFA ens torra i convida a castanyes, i un cop les hem menjat ballem tots plegats.<\/p>\n<p data-start=\"40\" data-end=\"551\">Quan arriba <strong data-start=\"453\" data-end=\"462\">Nadal<\/strong>, decorem l\u2019escola, fem la cantada de nadales, l&#8217;amic invisible, el caga ti\u00f3\u00a0 i gaudim de la representaci\u00f3 de &#8220;Els pastorets de 6\u00e8&#8221;, que un any s\u00f3n tradicionals i el seg\u00fcent gal\u00e0ctics.<\/p>\n<p data-start=\"40\" data-end=\"551\">M\u00e9s endavant gaudim de la <strong data-start=\"579\" data-end=\"613\">Setmana Cultural i de Carnaval<\/strong>, plena d\u2019activitats creatives, disfresses i molta diversi\u00f3.<\/p>\n<p data-start=\"40\" data-end=\"551\">Quan arriba la Setmana Santa fem la <strong data-start=\"687\" data-end=\"706\">Gimcana al bosc<\/strong>, que ens convida a jugar i aprendre en plena natura. Els nens i les nenes de 6\u00e8 s\u00f3n els encarregats de les diferents proves, sempre guiats des de l&#8217;\u00e0rea d&#8217;Educaci\u00f3 F\u00edsica.<\/p>\n<p data-start=\"40\" data-end=\"551\">Per <strong data-start=\"764\" data-end=\"778\">Sant Jordi<\/strong> celebrem el <strong data-start=\"784\" data-end=\"806\">Certamen Joan Juan<\/strong>, un certamen de poesia on gaudim de les poesies dels nens i nenes de 6\u00e8. La resta d&#8217;escola elaborem roses, punts de llibres i fem activitats ben creatives que omplen l\u2019escola de contes i emocions.<\/p>\n<p data-start=\"914\" data-end=\"1180\">A la primavera celebrem els nostres <strong data-start=\"950\" data-end=\"967\">Jocs Ol\u00edmpics<\/strong>, on l\u2019esport i el treball en equip ens fan viure moments molt divertits. Aquesta festa \u00e9s oberta a les fam\u00edlies i \u00e9s una jornada on acabem tots compartint el sopar plegats.<\/p>\n<p data-start=\"914\" data-end=\"1180\">Finalment, tanquem el curs amb la <strong data-start=\"1075\" data-end=\"1101\">Festa de Final de Curs<\/strong>, aquesta festa t\u00e9 dues activitats importants, la sortida al Xaragall amb la celebraci\u00f3 del gran aniversari, plena de dol\u00e7 i de jocs d&#8217;aigua i el Festival de Final de curs, on tots ballem i fem espectacle damunt l&#8217;escenari.<\/p>\n<p data-start=\"914\" data-end=\"1180\">Us convidem a gaudir-les amb nosaltres!<\/p>\n","protected":false},"excerpt":{"rendered":"<p>A l\u2019Escola Torre Roja ens agraden molt les festes i les vivim amb entusiasme i alegria. Al llarg del curs escolar, cada celebraci\u00f3 \u00e9s una ocasi\u00f3 especial per aprendre, compartir i gaudir plegats. Comencem amb Santa Cec\u00edlia, on la m\u00fasica \u00e9s la protagonista i omple&hellip;  <a href=\"https:\/\/agora.xtec.cat\/ceiptorreroja\/lescola\/festes\/\" title=\"Read Festes\">Llegeix m\u00e9s\u00bb<\/a><\/p>\n","protected":false},"author":1,"featured_media":0,"parent":22,"menu_order":11,"comment_status":"closed","ping_status":"closed","template":"page-templates\/side-menu.php","meta":{"_bbp_topic_count":0,"_bbp_reply_count":0,"_bbp_total_topic_count":0,"_bbp_total_reply_count":0,"_bbp_voice_count":0,"_bbp_anonymous_reply_count":0,"_bbp_topic_count_hidden":0,"_bbp_reply_count_hidden":0,"_bbp_forum_subforum_count":0,"footnotes":""},"class_list":["post-624","page","type-page","status-publish","hentry"],"post_mailing_queue_ids":[],"_links":{"self":[{"href":"https:\/\/agora.xtec.cat\/ceiptorreroja\/wp-json\/wp\/v2\/pages\/624","targetHints":{"allow":["GET"]}}],"collection":[{"href":"https:\/\/agora.xtec.cat\/ceiptorreroja\/wp-json\/wp\/v2\/pages"}],"about":[{"href":"https:\/\/agora.xtec.cat\/ceiptorreroja\/wp-json\/wp\/v2\/types\/page"}],"author":[{"embeddable":true,"href":"https:\/\/agora.xtec.cat\/ceiptorreroja\/wp-json\/wp\/v2\/users\/1"}],"replies":[{"embeddable":true,"href":"https:\/\/agora.xtec.cat\/ceiptorreroja\/wp-json\/wp\/v2\/comments?post=624"}],"version-history":[{"count":5,"href":"https:\/\/agora.xtec.cat\/ceiptorreroja\/wp-json\/wp\/v2\/pages\/624\/revisions"}],"predecessor-version":[{"id":5308,"href":"https:\/\/agora.xtec.cat\/ceiptorreroja\/wp-json\/wp\/v2\/pages\/624\/revisions\/5308"}],"up":[{"embeddable":true,"href":"https:\/\/agora.xtec.cat\/ceiptorreroja\/wp-json\/wp\/v2\/pages\/22"}],"wp:attachment":[{"href":"https:\/\/agora.xtec.cat\/ceiptorreroja\/wp-json\/wp\/v2\/media?parent=624"}],"curies":[{"name":"wp","href":"https:\/\/api.w.org\/{rel}","templated":true}]}}

<p data-start="40" data-end="551">A l’Escola Torre Roja ens agraden molt les festes i les vivim amb entusiasme i alegria. Al llarg del curs escolar, cada celebració és una ocasió especial per aprendre, compartir i gaudir plegats. Comencem amb <strong data-start="249" data-end="266">Santa Cecília</strong>, on la música és la protagonista i omple l’escola de sons i cançons. L&#8217;alumnat de l&#8217;escola, voluntàriament, juntament amb les mestres de música preparen un concert amb el que gaudim tota l&#8217;escola en assemblea.</p>
<p data-start="40" data-end="551">Continuem amb <strong data-start="350" data-end="367">la Castanyada</strong>, on degustem castanyes i panellets mentre expliquem històries de tardor. L&#8217;alumnat de 6è es converteixen en castanyers i castanyeres i acompanyen i ajuden a la resta d&#8217;escola. L&#8217;AFA ens torra i convida a castanyes, i un cop les hem menjat ballem tots plegats.</p>
<p data-start="40" data-end="551">Quan arriba <strong data-start="453" data-end="462">Nadal</strong>, decorem l’escola, fem la cantada de nadales, l&#8217;amic invisible, el caga tió  i gaudim de la representació de &#8220;Els pastorets de 6è&#8221;, que un any són tradicionals i el següent galàctics.</p>
<p data-start="40" data-end="551">Més endavant gaudim de la <strong data-start="579" data-end="613">Setmana Cultural i de Carnaval</strong>, plena d’activitats creatives, disfresses i molta diversió.</p>
<p data-start="40" data-end="551">Quan arriba la Setmana Santa fem la <strong data-start="687" data-end="706">Gimcana al bosc</strong>, que ens convida a jugar i aprendre en plena natura. Els nens i les nenes de 6è són els encarregats de les diferents proves, sempre guiats des de l&#8217;àrea d&#8217;Educació Física.</p>
<p data-start="40" data-end="551">Per <strong data-start="764" data-end="778">Sant Jordi</strong> celebrem el <strong data-start="784" data-end="806">Certamen Joan Juan</strong>, un certamen de poesia on gaudim de les poesies dels nens i nenes de 6è. La resta d&#8217;escola elaborem roses, punts de llibres i fem activitats ben creatives que omplen l’escola de contes i emocions.</p>
<p data-start="914" data-end="1180">A la primavera celebrem els nostres <strong data-start="950" data-end="967">Jocs Olímpics</strong>, on l’esport i el treball en equip ens fan viure moments molt divertits. Aquesta festa és oberta a les famílies i és una jornada on acabem tots compartint el sopar plegats.</p>
<p data-start="914" data-end="1180">Finalment, tanquem el curs amb la <strong data-start="1075" data-end="1101">Festa de Final de Curs</strong>, aquesta festa té dues activitats importants, la sortida al Xaragall amb la celebració del gran aniversari, plena de dolç i de jocs d&#8217;aigua i el Festival de Final de curs, on tots ballem i fem espectacle damunt l&#8217;escenari.</p>
<p data-start="914" data-end="1180">Us convidem a gaudir-les amb nosaltres!</p>

<p>A l’Escola Torre Roja ens agraden molt les festes i les vivim amb entusiasme i alegria. Al llarg del curs escolar, cada celebració és una ocasió especial per aprendre, compartir i gaudir plegats. Comencem amb Santa Cecília, on la música és la protagonista i omple&hellip;  <a href="https://agora.xtec.cat/ceiptorreroja/lescola/festes/" title="Read Festes">Llegeix més»</a></p>
