{"id":610,"date":"2018-07-12T09:28:44","date_gmt":"2018-07-12T07:28:44","guid":{"rendered":"http:\/\/agora.xtec.cat\/ceiptorreroja\/?page_id=610"},"modified":"2022-05-11T15:29:37","modified_gmt":"2022-05-11T13:29:37","slug":"projecte-educatiu","status":"publish","type":"page","link":"https:\/\/agora.xtec.cat\/ceiptorreroja\/documentacio-dorganitzacio-del-centre\/projecte-educatiu\/","title":{"rendered":"Projecte educatiu de centre (PEC)"},"content":{"rendered":"<p><a href=\"https:\/\/drive.google.com\/file\/d\/1PZ7QUl6dh2ZQoehReg13FfhExPc0p5V2\/view?usp=sharing\" target=\"_blank\" rel=\"noopener noreferrer\"><img loading=\"lazy\" decoding=\"async\" class=\"wp-image-2477 size-medium alignright\" style=\"border: 2px solid green; border-radius: 15px;\" src=\"https:\/\/agora.xtec.cat\/ceiptorreroja\/wp-content\/uploads\/usu1673\/2021\/02\/1.-PEC_page-0001-212x300.jpg\" alt=\"\" width=\"212\" height=\"300\" srcset=\"https:\/\/agora.xtec.cat\/ceiptorreroja\/wp-content\/uploads\/usu1673\/2021\/02\/1.-PEC_page-0001-212x300.jpg 212w, https:\/\/agora.xtec.cat\/ceiptorreroja\/wp-content\/uploads\/usu1673\/2021\/02\/1.-PEC_page-0001-768x1087.jpg 768w, https:\/\/agora.xtec.cat\/ceiptorreroja\/wp-content\/uploads\/usu1673\/2021\/02\/1.-PEC_page-0001-724x1024.jpg 724w, https:\/\/agora.xtec.cat\/ceiptorreroja\/wp-content\/uploads\/usu1673\/2021\/02\/1.-PEC_page-0001.jpg 1240w\" sizes=\"auto, (max-width: 212px) 100vw, 212px\" \/><\/a><\/p>\n<p>El <strong>projecte educatiu de centre<\/strong> (PEC) \u00e9s un document que inclou els trets d&#8217;identitat del centre, els principis pedag\u00f2gics, els principis organitzatius i el projecte ling\u00fc\u00edstic.<\/p>\n<p>En aquest document s&#8217;especifiquen els valors, els objectius i les prioritats d&#8217;actuaci\u00f3 del centre, la concreci\u00f3 dels curr\u00edculums que s&#8217;imparteixen i el tractament transversal en les \u00e0rees, mat\u00e8ries o m\u00f2duls de l&#8217;educaci\u00f3 en valors i altres ensenyaments.<\/p>\n<p>En els centres p\u00fablics, el PEC l&#8217;elabora el claustre, a iniciativa del director.<\/p>\n<p>Els centres p\u00fablics i els centres privats concertats han de disposar de projecte educatiu, d&#8217;acord amb el que estableix la Llei 12\/2009, del 10 de juliol, d&#8217;educaci\u00f3.<\/p>\n","protected":false},"excerpt":{"rendered":"<p><a href=\"https:\/\/drive.google.com\/file\/d\/1PZ7QUl6dh2ZQoehReg13FfhExPc0p5V2\/view?usp=sharing\" target=\"_blank\" rel=\"noopener noreferrer\"><\/a><br \/>\nEl projecte educatiu de centre (PEC) \u00e9s un document que inclou els trets d&#8217;identitat del centre, els principis pedag\u00f2gics, els principis organitzatius i el projecte ling\u00fc\u00edstic.<br \/>\nEn aquest document s&#8217;especifiquen els valors, els objectius i les prioritats d&#8217;actuaci\u00f3 del centre, la concreci\u00f3&hellip;  <a href=\"https:\/\/agora.xtec.cat\/ceiptorreroja\/documentacio-dorganitzacio-del-centre\/projecte-educatiu\/\" title=\"Read Projecte educatiu de centre (PEC)\">Llegeix m\u00e9s\u00bb<\/a><\/p>\n","protected":false},"author":1,"featured_media":0,"parent":643,"menu_order":10,"comment_status":"closed","ping_status":"closed","template":"page-templates\/side-menu.php","meta":{"_bbp_topic_count":0,"_bbp_reply_count":0,"_bbp_total_topic_count":0,"_bbp_total_reply_count":0,"_bbp_voice_count":0,"_bbp_anonymous_reply_count":0,"_bbp_topic_count_hidden":0,"_bbp_reply_count_hidden":0,"_bbp_forum_subforum_count":0,"footnotes":""},"class_list":["post-610","page","type-page","status-publish","hentry"],"post_mailing_queue_ids":[],"_links":{"self":[{"href":"https:\/\/agora.xtec.cat\/ceiptorreroja\/wp-json\/wp\/v2\/pages\/610","targetHints":{"allow":["GET"]}}],"collection":[{"href":"https:\/\/agora.xtec.cat\/ceiptorreroja\/wp-json\/wp\/v2\/pages"}],"about":[{"href":"https:\/\/agora.xtec.cat\/ceiptorreroja\/wp-json\/wp\/v2\/types\/page"}],"author":[{"embeddable":true,"href":"https:\/\/agora.xtec.cat\/ceiptorreroja\/wp-json\/wp\/v2\/users\/1"}],"replies":[{"embeddable":true,"href":"https:\/\/agora.xtec.cat\/ceiptorreroja\/wp-json\/wp\/v2\/comments?post=610"}],"version-history":[{"count":3,"href":"https:\/\/agora.xtec.cat\/ceiptorreroja\/wp-json\/wp\/v2\/pages\/610\/revisions"}],"predecessor-version":[{"id":1159,"href":"https:\/\/agora.xtec.cat\/ceiptorreroja\/wp-json\/wp\/v2\/pages\/610\/revisions\/1159"}],"up":[{"embeddable":true,"href":"https:\/\/agora.xtec.cat\/ceiptorreroja\/wp-json\/wp\/v2\/pages\/643"}],"wp:attachment":[{"href":"https:\/\/agora.xtec.cat\/ceiptorreroja\/wp-json\/wp\/v2\/media?parent=610"}],"curies":[{"name":"wp","href":"https:\/\/api.w.org\/{rel}","templated":true}]}}

<p><a href="https://drive.google.com/file/d/1PZ7QUl6dh2ZQoehReg13FfhExPc0p5V2/view?usp=sharing" target="_blank" rel="noopener noreferrer"><img loading="lazy" decoding="async" class="wp-image-2477 size-medium alignright" style="border: 2px solid green; border-radius: 15px;" src="https://agora.xtec.cat/ceiptorreroja/wp-content/uploads/usu1673/2021/02/1.-PEC_page-0001-212x300.jpg" alt="" width="212" height="300" srcset="https://agora.xtec.cat/ceiptorreroja/wp-content/uploads/usu1673/2021/02/1.-PEC_page-0001-212x300.jpg 212w, https://agora.xtec.cat/ceiptorreroja/wp-content/uploads/usu1673/2021/02/1.-PEC_page-0001-768x1087.jpg 768w, https://agora.xtec.cat/ceiptorreroja/wp-content/uploads/usu1673/2021/02/1.-PEC_page-0001-724x1024.jpg 724w, https://agora.xtec.cat/ceiptorreroja/wp-content/uploads/usu1673/2021/02/1.-PEC_page-0001.jpg 1240w" sizes="auto, (max-width: 212px) 100vw, 212px" /></a></p>
<p>El <strong>projecte educatiu de centre</strong> (PEC) és un document que inclou els trets d&#8217;identitat del centre, els principis pedagògics, els principis organitzatius i el projecte lingüístic.</p>
<p>En aquest document s&#8217;especifiquen els valors, els objectius i les prioritats d&#8217;actuació del centre, la concreció dels currículums que s&#8217;imparteixen i el tractament transversal en les àrees, matèries o mòduls de l&#8217;educació en valors i altres ensenyaments.</p>
<p>En els centres públics, el PEC l&#8217;elabora el claustre, a iniciativa del director.</p>
<p>Els centres públics i els centres privats concertats han de disposar de projecte educatiu, d&#8217;acord amb el que estableix la Llei 12/2009, del 10 de juliol, d&#8217;educació.</p>

<p><a href="https://drive.google.com/file/d/1PZ7QUl6dh2ZQoehReg13FfhExPc0p5V2/view?usp=sharing" target="_blank" rel="noopener noreferrer"></a><br />
El projecte educatiu de centre (PEC) és un document que inclou els trets d&#8217;identitat del centre, els principis pedagògics, els principis organitzatius i el projecte lingüístic.<br />
En aquest document s&#8217;especifiquen els valors, els objectius i les prioritats d&#8217;actuació del centre, la concreció&hellip;  <a href="https://agora.xtec.cat/ceiptorreroja/documentacio-dorganitzacio-del-centre/projecte-educatiu/" title="Read Projecte educatiu de centre (PEC)">Llegeix més»</a></p>
