{"id":566,"date":"2018-07-11T09:54:47","date_gmt":"2018-07-11T07:54:47","guid":{"rendered":"http:\/\/agora.xtec.cat\/ceiptorreroja\/?page_id=566"},"modified":"2025-12-30T17:17:53","modified_gmt":"2025-12-30T16:17:53","slug":"projecte-linguistic","status":"publish","type":"page","link":"https:\/\/agora.xtec.cat\/ceiptorreroja\/documentacio-dorganitzacio-del-centre\/projecte-educatiu\/projecte-linguistic\/","title":{"rendered":"Projecte ling\u00fc\u00edstic (PLC)"},"content":{"rendered":"<p>El <strong>projecte ling\u00fc\u00edstic<\/strong> \u00e9s el document que recull els aspectes relatius a l&#8217;ensenyament i a l&#8217;\u00fas de les lleng\u00fces en el centre educatiu.<\/p>\n<p>En aquest document queden definits el tractament de la llengua catalana, el proc\u00e9s d&#8217;ensenyament i aprenentatge de la llengua castellana, les diferents opcions amb refer\u00e8ncia a les lleng\u00fces estrangeres i els criteris generals per a les adequacions de les lleng\u00fces a la realitat socioling\u00fc\u00edstica del centre.<\/p>\n<p>Els centres elaboren el projecte ling\u00fc\u00edstic, que forma part del projecte educatiu de centre.<\/p>\n<table style=\"width: 100%; border-collapse: collapse; background-color: #f28135;\">\n<tbody>\n<tr>\n<td style=\"width: 100%;\"><a href=\"https:\/\/drive.google.com\/file\/d\/1xev8oTB1cJBvCgwAx8pq1XpRDjTnDpp1\/view?usp=drive_link\" target=\"_blank\" rel=\"noopener\"><img loading=\"lazy\" decoding=\"async\" class=\"alignleft wp-image-5422 size-medium\" src=\"https:\/\/agora.xtec.cat\/ceiptorreroja\/wp-content\/uploads\/usu1673\/2025\/12\/PLC-213x300.jpg\" alt=\"\" width=\"213\" height=\"300\" srcset=\"https:\/\/agora.xtec.cat\/ceiptorreroja\/wp-content\/uploads\/usu1673\/2025\/12\/PLC-213x300.jpg 213w, https:\/\/agora.xtec.cat\/ceiptorreroja\/wp-content\/uploads\/usu1673\/2025\/12\/PLC.jpg 577w\" sizes=\"auto, (max-width: 213px) 100vw, 213px\" \/><\/a><\/p>\n<p><a href=\"https:\/\/drive.google.com\/file\/d\/1xev8oTB1cJBvCgwAx8pq1XpRDjTnDpp1\/view?usp=drive_link\"><span style=\"color: #000000;\">Cliqueu al damunt per a accedir al document<\/span><\/a><\/td>\n<\/tr>\n<\/tbody>\n<\/table>\n","protected":false},"excerpt":{"rendered":"<p>El projecte ling\u00fc\u00edstic \u00e9s el document que recull els aspectes relatius a l&#8217;ensenyament i a l&#8217;\u00fas de les lleng\u00fces en el centre educatiu.<br \/>\nEn aquest document queden definits el tractament de la llengua catalana, el proc\u00e9s d&#8217;ensenyament i aprenentatge de la llengua castellana, les diferents opcions&hellip;  <a href=\"https:\/\/agora.xtec.cat\/ceiptorreroja\/documentacio-dorganitzacio-del-centre\/projecte-educatiu\/projecte-linguistic\/\" title=\"Read Projecte ling\u00fc\u00edstic (PLC)\">Llegeix m\u00e9s\u00bb<\/a><\/p>\n","protected":false},"author":1,"featured_media":0,"parent":610,"menu_order":50,"comment_status":"closed","ping_status":"closed","template":"page-templates\/side-menu.php","meta":{"_bbp_topic_count":0,"_bbp_reply_count":0,"_bbp_total_topic_count":0,"_bbp_total_reply_count":0,"_bbp_voice_count":0,"_bbp_anonymous_reply_count":0,"_bbp_topic_count_hidden":0,"_bbp_reply_count_hidden":0,"_bbp_forum_subforum_count":0,"footnotes":""},"class_list":["post-566","page","type-page","status-publish","hentry"],"post_mailing_queue_ids":[],"_links":{"self":[{"href":"https:\/\/agora.xtec.cat\/ceiptorreroja\/wp-json\/wp\/v2\/pages\/566","targetHints":{"allow":["GET"]}}],"collection":[{"href":"https:\/\/agora.xtec.cat\/ceiptorreroja\/wp-json\/wp\/v2\/pages"}],"about":[{"href":"https:\/\/agora.xtec.cat\/ceiptorreroja\/wp-json\/wp\/v2\/types\/page"}],"author":[{"embeddable":true,"href":"https:\/\/agora.xtec.cat\/ceiptorreroja\/wp-json\/wp\/v2\/users\/1"}],"replies":[{"embeddable":true,"href":"https:\/\/agora.xtec.cat\/ceiptorreroja\/wp-json\/wp\/v2\/comments?post=566"}],"version-history":[{"count":7,"href":"https:\/\/agora.xtec.cat\/ceiptorreroja\/wp-json\/wp\/v2\/pages\/566\/revisions"}],"predecessor-version":[{"id":5479,"href":"https:\/\/agora.xtec.cat\/ceiptorreroja\/wp-json\/wp\/v2\/pages\/566\/revisions\/5479"}],"up":[{"embeddable":true,"href":"https:\/\/agora.xtec.cat\/ceiptorreroja\/wp-json\/wp\/v2\/pages\/610"}],"wp:attachment":[{"href":"https:\/\/agora.xtec.cat\/ceiptorreroja\/wp-json\/wp\/v2\/media?parent=566"}],"curies":[{"name":"wp","href":"https:\/\/api.w.org\/{rel}","templated":true}]}}

Projecte lingüístic (PLC)

<p>El <strong>projecte lingüístic</strong> és el document que recull els aspectes relatius a l&#8217;ensenyament i a l&#8217;ús de les llengües en el centre educatiu.</p>
<p>En aquest document queden definits el tractament de la llengua catalana, el procés d&#8217;ensenyament i aprenentatge de la llengua castellana, les diferents opcions amb referència a les llengües estrangeres i els criteris generals per a les adequacions de les llengües a la realitat sociolingüística del centre.</p>
<p>Els centres elaboren el projecte lingüístic, que forma part del projecte educatiu de centre.</p>
<table style="width: 100%; border-collapse: collapse; background-color: #f28135;">
<tbody>
<tr>
<td style="width: 100%;"><a href="https://drive.google.com/file/d/1xev8oTB1cJBvCgwAx8pq1XpRDjTnDpp1/view?usp=drive_link" target="_blank" rel="noopener"><img loading="lazy" decoding="async" class="alignleft wp-image-5422 size-medium" src="https://agora.xtec.cat/ceiptorreroja/wp-content/uploads/usu1673/2025/12/PLC-213x300.jpg" alt="" width="213" height="300" srcset="https://agora.xtec.cat/ceiptorreroja/wp-content/uploads/usu1673/2025/12/PLC-213x300.jpg 213w, https://agora.xtec.cat/ceiptorreroja/wp-content/uploads/usu1673/2025/12/PLC.jpg 577w" sizes="auto, (max-width: 213px) 100vw, 213px" /></a></p>
<p><a href="https://drive.google.com/file/d/1xev8oTB1cJBvCgwAx8pq1XpRDjTnDpp1/view?usp=drive_link"><span style="color: #000000;">Cliqueu al damunt per a accedir al document</span></a></td>
</tr>
</tbody>
</table>

<p>El projecte lingüístic és el document que recull els aspectes relatius a l&#8217;ensenyament i a l&#8217;ús de les llengües en el centre educatiu.<br />
En aquest document queden definits el tractament de la llengua catalana, el procés d&#8217;ensenyament i aprenentatge de la llengua castellana, les diferents opcions&hellip;  <a href="https://agora.xtec.cat/ceiptorreroja/documentacio-dorganitzacio-del-centre/projecte-educatiu/projecte-linguistic/" title="Read Projecte lingüístic (PLC)">Llegeix més»</a></p>
