{"id":4797,"date":"2024-01-29T12:47:07","date_gmt":"2024-01-29T11:47:07","guid":{"rendered":"https:\/\/agora.xtec.cat\/ceiptorreroja\/?page_id=4797"},"modified":"2024-01-29T12:47:07","modified_gmt":"2024-01-29T11:47:07","slug":"portes-obertes-2024","status":"publish","type":"page","link":"https:\/\/agora.xtec.cat\/ceiptorreroja\/pagina-dinici-buida\/portes-obertes-2024\/","title":{"rendered":"Portes Obertes 2024"},"content":{"rendered":"<h5 style=\"text-align: center;\"><strong>L&#8217;ESCOLA OBERTA A TOTHOM<\/strong><\/h5>\n<p><img loading=\"lazy\" decoding=\"async\" class=\"wp-image-4798 alignleft\" src=\"https:\/\/agora.xtec.cat\/ceiptorreroja\/wp-content\/uploads\/usu1673\/2024\/01\/Portes-Obertes-2024-1-258x300.jpg\" alt=\"\" width=\"262\" height=\"305\" srcset=\"https:\/\/agora.xtec.cat\/ceiptorreroja\/wp-content\/uploads\/usu1673\/2024\/01\/Portes-Obertes-2024-1-258x300.jpg 258w, https:\/\/agora.xtec.cat\/ceiptorreroja\/wp-content\/uploads\/usu1673\/2024\/01\/Portes-Obertes-2024-1-882x1024.jpg 882w, https:\/\/agora.xtec.cat\/ceiptorreroja\/wp-content\/uploads\/usu1673\/2024\/01\/Portes-Obertes-2024-1-768x892.jpg 768w, https:\/\/agora.xtec.cat\/ceiptorreroja\/wp-content\/uploads\/usu1673\/2024\/01\/Portes-Obertes-2024-1.jpg 922w\" sizes=\"auto, (max-width: 262px) 100vw, 262px\" \/><\/p>\n<p>L\u2019elecci\u00f3 d\u2019un centre escolar per als nostres fills i filles sovint ens genera molts dubtes i neguits. \u00c9s important poder con\u00e8ixer les diferents opcions que teniu a l\u2019abast i valorar quines s\u2019ajusten m\u00e9s al vostre tarann\u00e0 i din\u00e0mica familiar.<\/p>\n<p>Les jornades de portes obertes s\u00f3n un bon moment per con\u00e8ixer de m\u00e9s a prop els centres educatius: <span style=\"color: #3366ff;\"><strong><em>com s\u00f3n, quin funcionament tenen, quins projectes du<\/em><\/strong><strong><em>en a terme&#8230;<\/em><\/strong><\/span><\/p>\n<p>Al mateix temps, suposen l\u2019inici de la relaci\u00f3 entre les fam\u00edlies i el centre.<\/p>\n<p>&nbsp;<\/p>\n<h4 style=\"text-align: left;\"><span style=\"color: #3366ff;\">Estem molt contents\/es del vostre inter\u00e8s per la nostra escola!<\/span><\/h4>\n<p>&nbsp;<\/p>\n<p>Per tal de facilitar la vostra assist\u00e8ncia, hem programat dues sessions de visites:<\/p>\n<p><span style=\"color: #ff9900;\"><strong><u>Divendres 23 de febrer<\/u><\/strong><\/span><\/p>\n<ul>\n<li>A les 15:15 comen\u00e7ar\u00e0 la visita, on podreu veure l\u2019escola en funcionament: el seu dia a dia i les instal\u00b7lacions. Despr\u00e9s farem una reuni\u00f3 explicativa per tal de completar la informaci\u00f3 i resoldre els vostres dubtes.<\/li>\n<\/ul>\n<p><span style=\"color: #ff9900;\"><strong><u>Dissabte 24 de febrer<\/u><\/strong><\/span><\/p>\n<ul>\n<li>A les 10:00 comen\u00e7ar\u00e0 una reuni\u00f3 explicativa per, tot seguit, fer una visita per les instal\u00b7lacions del centre.<\/li>\n<\/ul>\n<p style=\"text-align: center;\"><strong>Podeu triar la data que us vagi millor, us esperem!<\/strong><\/p>\n<p>Feu la vostra inscripci\u00f3 omplint aquest <a href=\"https:\/\/forms.gle\/cbKipb7srfp3wYk16\">FORMULARI<\/a>. Fins ben aviat,<\/p>\n<p><strong>Escola TORRE ROJA<\/strong><\/p>\n","protected":false},"excerpt":{"rendered":"<p>L&#8217;ESCOLA OBERTA A TOTHOM<\/p>\n<p>L\u2019elecci\u00f3 d\u2019un centre escolar per als nostres fills i filles sovint ens genera molts dubtes i neguits. \u00c9s important poder con\u00e8ixer les diferents opcions que teniu a l\u2019abast i valorar quines s\u2019ajusten m\u00e9s al vostre tarann\u00e0 i din\u00e0mica familiar.<br \/>\nLes jornades de portes&hellip;  <a href=\"https:\/\/agora.xtec.cat\/ceiptorreroja\/pagina-dinici-buida\/portes-obertes-2024\/\" title=\"Read Portes Obertes 2024\">Llegeix m\u00e9s\u00bb<\/a><\/p>\n","protected":false},"author":3,"featured_media":0,"parent":9,"menu_order":0,"comment_status":"closed","ping_status":"closed","template":"","meta":{"_bbp_topic_count":0,"_bbp_reply_count":0,"_bbp_total_topic_count":0,"_bbp_total_reply_count":0,"_bbp_voice_count":0,"_bbp_anonymous_reply_count":0,"_bbp_topic_count_hidden":0,"_bbp_reply_count_hidden":0,"_bbp_forum_subforum_count":0,"footnotes":""},"class_list":["post-4797","page","type-page","status-publish","hentry"],"post_mailing_queue_ids":[],"_links":{"self":[{"href":"https:\/\/agora.xtec.cat\/ceiptorreroja\/wp-json\/wp\/v2\/pages\/4797","targetHints":{"allow":["GET"]}}],"collection":[{"href":"https:\/\/agora.xtec.cat\/ceiptorreroja\/wp-json\/wp\/v2\/pages"}],"about":[{"href":"https:\/\/agora.xtec.cat\/ceiptorreroja\/wp-json\/wp\/v2\/types\/page"}],"author":[{"embeddable":true,"href":"https:\/\/agora.xtec.cat\/ceiptorreroja\/wp-json\/wp\/v2\/users\/3"}],"replies":[{"embeddable":true,"href":"https:\/\/agora.xtec.cat\/ceiptorreroja\/wp-json\/wp\/v2\/comments?post=4797"}],"version-history":[{"count":6,"href":"https:\/\/agora.xtec.cat\/ceiptorreroja\/wp-json\/wp\/v2\/pages\/4797\/revisions"}],"predecessor-version":[{"id":4813,"href":"https:\/\/agora.xtec.cat\/ceiptorreroja\/wp-json\/wp\/v2\/pages\/4797\/revisions\/4813"}],"up":[{"embeddable":true,"href":"https:\/\/agora.xtec.cat\/ceiptorreroja\/wp-json\/wp\/v2\/pages\/9"}],"wp:attachment":[{"href":"https:\/\/agora.xtec.cat\/ceiptorreroja\/wp-json\/wp\/v2\/media?parent=4797"}],"curies":[{"name":"wp","href":"https:\/\/api.w.org\/{rel}","templated":true}]}}

<h5 style="text-align: center;"><strong>L&#8217;ESCOLA OBERTA A TOTHOM</strong></h5>
<p><img loading="lazy" decoding="async" class="wp-image-4798 alignleft" src="https://agora.xtec.cat/ceiptorreroja/wp-content/uploads/usu1673/2024/01/Portes-Obertes-2024-1-258x300.jpg" alt="" width="262" height="305" srcset="https://agora.xtec.cat/ceiptorreroja/wp-content/uploads/usu1673/2024/01/Portes-Obertes-2024-1-258x300.jpg 258w, https://agora.xtec.cat/ceiptorreroja/wp-content/uploads/usu1673/2024/01/Portes-Obertes-2024-1-882x1024.jpg 882w, https://agora.xtec.cat/ceiptorreroja/wp-content/uploads/usu1673/2024/01/Portes-Obertes-2024-1-768x892.jpg 768w, https://agora.xtec.cat/ceiptorreroja/wp-content/uploads/usu1673/2024/01/Portes-Obertes-2024-1.jpg 922w" sizes="auto, (max-width: 262px) 100vw, 262px" /></p>
<p>L’elecció d’un centre escolar per als nostres fills i filles sovint ens genera molts dubtes i neguits. És important poder conèixer les diferents opcions que teniu a l’abast i valorar quines s’ajusten més al vostre tarannà i dinàmica familiar.</p>
<p>Les jornades de portes obertes són un bon moment per conèixer de més a prop els centres educatius: <span style="color: #3366ff;"><strong><em>com són, quin funcionament tenen, quins projectes du</em></strong><strong><em>en a terme&#8230;</em></strong></span></p>
<p>Al mateix temps, suposen l’inici de la relació entre les famílies i el centre.</p>
<p>&nbsp;</p>
<h4 style="text-align: left;"><span style="color: #3366ff;">Estem molt contents/es del vostre interès per la nostra escola!</span></h4>
<p>&nbsp;</p>
<p>Per tal de facilitar la vostra assistència, hem programat dues sessions de visites:</p>
<p><span style="color: #ff9900;"><strong><u>Divendres 23 de febrer</u></strong></span></p>
<ul>
<li>A les 15:15 començarà la visita, on podreu veure l’escola en funcionament: el seu dia a dia i les instal·lacions. Després farem una reunió explicativa per tal de completar la informació i resoldre els vostres dubtes.</li>
</ul>
<p><span style="color: #ff9900;"><strong><u>Dissabte 24 de febrer</u></strong></span></p>
<ul>
<li>A les 10:00 començarà una reunió explicativa per, tot seguit, fer una visita per les instal·lacions del centre.</li>
</ul>
<p style="text-align: center;"><strong>Podeu triar la data que us vagi millor, us esperem!</strong></p>
<p>Feu la vostra inscripció omplint aquest <a href="https://forms.gle/cbKipb7srfp3wYk16">FORMULARI</a>. Fins ben aviat,</p>
<p><strong>Escola TORRE ROJA</strong></p>

<p>L&#8217;ESCOLA OBERTA A TOTHOM</p>
<p>L’elecció d’un centre escolar per als nostres fills i filles sovint ens genera molts dubtes i neguits. És important poder conèixer les diferents opcions que teniu a l’abast i valorar quines s’ajusten més al vostre tarannà i dinàmica familiar.<br />
Les jornades de portes&hellip;  <a href="https://agora.xtec.cat/ceiptorreroja/pagina-dinici-buida/portes-obertes-2024/" title="Read Portes Obertes 2024">Llegeix més»</a></p>
