{"id":32,"date":"2024-09-13T12:31:33","date_gmt":"2024-09-13T10:31:33","guid":{"rendered":"http:\/\/agora.xtec.cat\/ceiptorreroja\/?page_id=32"},"modified":"2025-09-10T09:32:44","modified_gmt":"2025-09-10T07:32:44","slug":"calendari-del-curs","status":"publish","type":"page","link":"https:\/\/agora.xtec.cat\/ceiptorreroja\/lescola\/calendari-del-curs\/","title":{"rendered":"Calendari del curs"},"content":{"rendered":"<p><!--\n\n\n<h4><span data-mce-type=\"bookmark\" style=\"display: inline-block; width: 0px; overflow: hidden; line-height: 0;\" class=\"mce_SELRES_start\"><\/span><strong>Inici de curs:<\/strong><\/h4>\n\n\n15 de setembre de 2014\n\n\n<h4><strong>Vacances:<\/strong><\/h4>\n\n\nDel 24 de desembre de 2014 al 7 de gener de 2015\u00a0 (ambd\u00f3s inclosos)\n\nDel 28 de mar\u00e7 al 6 d\u2019abril de 2015 (ambd\u00f3s inclosos)\n\nA partir del 20 de juny de 2015\n\n\n<h4><strong>Dies festius de lliure disposici\u00f3:<\/strong><\/h4>\n\n\n3 de novembre de 2014\n\n16 de febrer de 2015\n\n22 de maig de 2015\n\n\n<h4><strong>Jornada compactada:<\/strong><\/h4>\n\n\n23 de desembre de 2014 i del 8 al 19 de juny de \u00a0\u00a02015 (ambd\u00f3s inclosos)\n\nL\u2019<b>horari lectiu<\/b>\u00a0del centre \u00e9s de 9 a 12,30 h i de 15,00 a 16,30 h per a tots els alumnes del centre. El dia 20 de desembre de 2013 i a partir del 9 de juny de 2014 es realitza horari compactat de 9 a 13h. (Els alumnes que utilitzen el servei de menjador surten a les 15:00h.)\n\nPer als alumnes que inicien l\u2019escolaritzaci\u00f3 a P3 s\u2019organitza un breu per\u00edode d\u2019adaptaci\u00f3 que suposa una certa modificaci\u00f3 dels horaris dels dos primers dies de classe, i que es fa saber a les fam\u00edlies en les reunions pr\u00e8vies corresponents.\n\n--><\/p>\n<p><a href=\"https:\/\/agora.xtec.cat\/ceiptorreroja\/wp-content\/uploads\/usu1673\/2025\/07\/Calendari-2025-26-scaled.jpg\"><img loading=\"lazy\" decoding=\"async\" class=\"alignnone size-large wp-image-5267\" src=\"https:\/\/agora.xtec.cat\/ceiptorreroja\/wp-content\/uploads\/usu1673\/2025\/07\/Calendari-2025-26-1024x724.jpg\" alt=\"\" width=\"1024\" height=\"724\" srcset=\"https:\/\/agora.xtec.cat\/ceiptorreroja\/wp-content\/uploads\/usu1673\/2025\/07\/Calendari-2025-26-1024x724.jpg 1024w, https:\/\/agora.xtec.cat\/ceiptorreroja\/wp-content\/uploads\/usu1673\/2025\/07\/Calendari-2025-26-300x212.jpg 300w, https:\/\/agora.xtec.cat\/ceiptorreroja\/wp-content\/uploads\/usu1673\/2025\/07\/Calendari-2025-26-768x543.jpg 768w, https:\/\/agora.xtec.cat\/ceiptorreroja\/wp-content\/uploads\/usu1673\/2025\/07\/Calendari-2025-26-1536x1086.jpg 1536w, https:\/\/agora.xtec.cat\/ceiptorreroja\/wp-content\/uploads\/usu1673\/2025\/07\/Calendari-2025-26-2048x1448.jpg 2048w\" sizes=\"auto, (max-width: 1024px) 100vw, 1024px\" \/><\/a><\/p>\n<p><a href=\"https:\/\/drive.google.com\/file\/d\/1-8gLo8jdifMDF2Tg8jfOjG_xozBnNYtb\/view?usp=drive_link\">Podeu clicar aqu\u00ed per baixar-vos el calendari 2025-2026<\/a><\/p>\n","protected":false},"excerpt":{"rendered":"<p><a href=\"https:\/\/agora.xtec.cat\/ceiptorreroja\/wp-content\/uploads\/usu1673\/2025\/07\/Calendari-2025-26-scaled.jpg\"><\/a><br \/>\n<a href=\"https:\/\/drive.google.com\/file\/d\/1-8gLo8jdifMDF2Tg8jfOjG_xozBnNYtb\/view?usp=drive_link\">Podeu clicar aqu\u00ed per baixar-vos el calendari 2025-2026<\/a><\/p>\n","protected":false},"author":1,"featured_media":0,"parent":22,"menu_order":7,"comment_status":"closed","ping_status":"closed","template":"page-templates\/side-menu.php","meta":{"_bbp_topic_count":0,"_bbp_reply_count":0,"_bbp_total_topic_count":0,"_bbp_total_reply_count":0,"_bbp_voice_count":0,"_bbp_anonymous_reply_count":0,"_bbp_topic_count_hidden":0,"_bbp_reply_count_hidden":0,"_bbp_forum_subforum_count":0,"footnotes":""},"class_list":["post-32","page","type-page","status-publish","hentry"],"post_mailing_queue_ids":[],"_links":{"self":[{"href":"https:\/\/agora.xtec.cat\/ceiptorreroja\/wp-json\/wp\/v2\/pages\/32","targetHints":{"allow":["GET"]}}],"collection":[{"href":"https:\/\/agora.xtec.cat\/ceiptorreroja\/wp-json\/wp\/v2\/pages"}],"about":[{"href":"https:\/\/agora.xtec.cat\/ceiptorreroja\/wp-json\/wp\/v2\/types\/page"}],"author":[{"embeddable":true,"href":"https:\/\/agora.xtec.cat\/ceiptorreroja\/wp-json\/wp\/v2\/users\/1"}],"replies":[{"embeddable":true,"href":"https:\/\/agora.xtec.cat\/ceiptorreroja\/wp-json\/wp\/v2\/comments?post=32"}],"version-history":[{"count":6,"href":"https:\/\/agora.xtec.cat\/ceiptorreroja\/wp-json\/wp\/v2\/pages\/32\/revisions"}],"predecessor-version":[{"id":5280,"href":"https:\/\/agora.xtec.cat\/ceiptorreroja\/wp-json\/wp\/v2\/pages\/32\/revisions\/5280"}],"up":[{"embeddable":true,"href":"https:\/\/agora.xtec.cat\/ceiptorreroja\/wp-json\/wp\/v2\/pages\/22"}],"wp:attachment":[{"href":"https:\/\/agora.xtec.cat\/ceiptorreroja\/wp-json\/wp\/v2\/media?parent=32"}],"curies":[{"name":"wp","href":"https:\/\/api.w.org\/{rel}","templated":true}]}}

<p><!--


<h4><span data-mce-type="bookmark" style="display: inline-block; width: 0px; overflow: hidden; line-height: 0;" class="mce_SELRES_start"></span><strong>Inici de curs:</strong></h4>


15 de setembre de 2014


<h4><strong>Vacances:</strong></h4>


Del 24 de desembre de 2014 al 7 de gener de 2015  (ambdós inclosos)

Del 28 de març al 6 d’abril de 2015 (ambdós inclosos)

A partir del 20 de juny de 2015


<h4><strong>Dies festius de lliure disposició:</strong></h4>


3 de novembre de 2014

16 de febrer de 2015

22 de maig de 2015


<h4><strong>Jornada compactada:</strong></h4>


23 de desembre de 2014 i del 8 al 19 de juny de   2015 (ambdós inclosos)

L’<b>horari lectiu</b> del centre és de 9 a 12,30 h i de 15,00 a 16,30 h per a tots els alumnes del centre. El dia 20 de desembre de 2013 i a partir del 9 de juny de 2014 es realitza horari compactat de 9 a 13h. (Els alumnes que utilitzen el servei de menjador surten a les 15:00h.)

Per als alumnes que inicien l’escolarització a P3 s’organitza un breu període d’adaptació que suposa una certa modificació dels horaris dels dos primers dies de classe, i que es fa saber a les famílies en les reunions prèvies corresponents.

--></p>
<p><a href="https://agora.xtec.cat/ceiptorreroja/wp-content/uploads/usu1673/2025/07/Calendari-2025-26-scaled.jpg"><img loading="lazy" decoding="async" class="alignnone size-large wp-image-5267" src="https://agora.xtec.cat/ceiptorreroja/wp-content/uploads/usu1673/2025/07/Calendari-2025-26-1024x724.jpg" alt="" width="1024" height="724" srcset="https://agora.xtec.cat/ceiptorreroja/wp-content/uploads/usu1673/2025/07/Calendari-2025-26-1024x724.jpg 1024w, https://agora.xtec.cat/ceiptorreroja/wp-content/uploads/usu1673/2025/07/Calendari-2025-26-300x212.jpg 300w, https://agora.xtec.cat/ceiptorreroja/wp-content/uploads/usu1673/2025/07/Calendari-2025-26-768x543.jpg 768w, https://agora.xtec.cat/ceiptorreroja/wp-content/uploads/usu1673/2025/07/Calendari-2025-26-1536x1086.jpg 1536w, https://agora.xtec.cat/ceiptorreroja/wp-content/uploads/usu1673/2025/07/Calendari-2025-26-2048x1448.jpg 2048w" sizes="auto, (max-width: 1024px) 100vw, 1024px" /></a></p>
<p><a href="https://drive.google.com/file/d/1-8gLo8jdifMDF2Tg8jfOjG_xozBnNYtb/view?usp=drive_link">Podeu clicar aquí per baixar-vos el calendari 2025-2026</a></p>

<p><a href="https://agora.xtec.cat/ceiptorreroja/wp-content/uploads/usu1673/2025/07/Calendari-2025-26-scaled.jpg"></a><br />
<a href="https://drive.google.com/file/d/1-8gLo8jdifMDF2Tg8jfOjG_xozBnNYtb/view?usp=drive_link">Podeu clicar aquí per baixar-vos el calendari 2025-2026</a></p>
