{"id":2807,"date":"2021-11-23T09:50:35","date_gmt":"2021-11-23T08:50:35","guid":{"rendered":"https:\/\/agora.xtec.cat\/ceiptorreroja\/?page_id=2807"},"modified":"2026-04-30T13:28:24","modified_gmt":"2026-04-30T11:28:24","slug":"organitzacio-i-normativa-del-menjador-escolar","status":"publish","type":"page","link":"https:\/\/agora.xtec.cat\/ceiptorreroja\/organitzacio-i-normativa-del-menjador-escolar\/","title":{"rendered":"Pla de funcionament del Menjador"},"content":{"rendered":"<h3 style=\"text-align: justify;\"><strong>Normes generals<\/strong><\/h3>\n<p style=\"text-align: justify;\">Els alumnes que fan \u00fas del menjador escolar estaran sempre sota la\u00a0vigil\u00e0ncia d&#8217;un monitor\/a, tant a l&#8217;hora de dinar com a l&#8217;estona de pati.<br \/>\nAt\u00e8s que no \u00e9s un servei obligatori, creiem que els responsables de menjador han d&#8217;informar de les actuacions realitzades amb aquell alumne\/a que de forma reincident no respecta la normativa vigent. Si amb aquestes mesures no s&#8217;ha obtingut el comportament esperat, seguint les pautes establertes, el Consell Escolar estudiar\u00e0 cada situaci\u00f3 per tal de trobar la millor soluci\u00f3.<br \/>\nQuan els alumnes tenen una excursi\u00f3 s&#8217;hauran de portar el dinar de casa ja que, en el preu del menjador, s&#8217;ha descomptat la sortida. Es remarca que el servei de menjador no \u00e9s obligatori, per tant, l&#8217;incompliment de les normes establertes pot comportar la privaci\u00f3 d&#8217;aquest servei.<\/p>\n<h3>Informes<\/h3>\n<p>Els pares dels alumnes rebran un informe de l\u2019alimentaci\u00f3, h\u00e0bits i actituds dels seus fills a l\u2019hora de menjador, junt amb els informes de cada trimestre. Sempre que es detecta alguna anomalia, tant en l\u2019h\u00e0bit de menjar com en la\u00a0quantitat, es truca directament a les fam\u00edlies (en cas greu) i, si no, s\u2019envia una\u00a0nota.<\/p>\n<h3><strong>Funcionament del menjador<\/strong><\/h3>\n<p style=\"text-align: justify;\">Podeu consultar el <a href=\"https:\/\/drive.google.com\/file\/d\/1r-LJH0kiCIntbfvWawAC8geG3O_d6Gsi\/view?usp=drive_link\"><span style=\"color: #3366ff;\"><strong>Pla de Funcionament de Menjador, AQU\u00cd \u21d0<\/strong><\/span><\/a><\/p>\n<h3><strong>Organitzaci\u00f3 del servei<\/strong><\/h3>\n<p style=\"text-align: justify;\">El menjador escolar comen\u00e7ar\u00e0 el primer dia de curs i oferir\u00e0 servei tots els dies lectius. El menjador funciona amb 2 torns:<\/p>\n<ul>\n<li style=\"text-align: justify;\"><strong>1r torn <\/strong>: Ed. Infantil 3, 4 i 5 anys, 1r, 2n, 3r i 4t<\/li>\n<li style=\"text-align: justify;\"><strong>2n torn <\/strong>: 5\u00e8 i 6\u00e8.<\/li>\n<\/ul>\n<h3><strong>Equip de monitors<\/strong><\/h3>\n<p>Coordinadora: Neus Arqu\u00e9<br \/>\nSecretaria de menjador: Yolanda Orri<br \/>\n<strong>Horari de contacte:<\/strong> de 8.30h a 9.30h de dilluns a divendres, personalment o per tel\u00e8fon al n\u00famero 938 452 470<\/p>\n<table style=\"border-collapse: collapse; width: 33.5093%; height: 296px;\" border=\"1\">\n<tbody>\n<tr style=\"height: 35px;\">\n<td style=\"width: 50%; height: 35px; text-align: center;\">EI.3 i EI.4<\/td>\n<td style=\"width: 47.9899%; height: 35px; text-align: center;\">4 monitores<\/td>\n<\/tr>\n<tr style=\"height: 30px;\">\n<td style=\"width: 50%; height: 30px; text-align: center;\">EI.5<\/td>\n<td style=\"width: 47.9899%; height: 30px; text-align: center;\">2 monitores<\/td>\n<\/tr>\n<tr style=\"height: 30px;\">\n<td style=\"width: 50%; height: 30px; text-align: center;\">1r<\/td>\n<td style=\"width: 47.9899%; height: 30px; text-align: center;\">1 monitora<\/td>\n<\/tr>\n<tr style=\"height: 30px;\">\n<td style=\"width: 50%; height: 30px; text-align: center;\">2n<\/td>\n<td style=\"width: 47.9899%; height: 30px; text-align: center;\">2 monitora<\/td>\n<\/tr>\n<tr style=\"height: 30px;\">\n<td style=\"width: 50%; height: 30px; text-align: center;\">3r<\/td>\n<td style=\"width: 47.9899%; height: 30px; text-align: center;\">2 monitores<\/td>\n<\/tr>\n<tr style=\"height: 30px;\">\n<td style=\"width: 50%; height: 30px; text-align: center;\">4t<\/td>\n<td style=\"width: 47.9899%; height: 30px; text-align: center;\">2 monitores<\/td>\n<\/tr>\n<tr style=\"height: 30px;\">\n<td style=\"width: 50%; height: 30px; text-align: center;\">5\u00e8<\/td>\n<td style=\"width: 47.9899%; height: 30px; text-align: center;\">2 monitors<\/td>\n<\/tr>\n<tr style=\"height: 30px;\">\n<td style=\"width: 50%; height: 30px; text-align: center;\">6\u00e8<\/td>\n<td style=\"width: 47.9899%; height: 30px; text-align: center;\">1 monitora<\/td>\n<\/tr>\n<tr style=\"height: 31px;\">\n<td style=\"width: 97.9899%; height: 31px; text-align: center;\" colspan=\"2\">1 coordinadora<\/td>\n<\/tr>\n<tr style=\"height: 30px;\">\n<td style=\"width: 97.9899%; height: 30px; text-align: center;\" colspan=\"2\">Cuina 2 cuineres<\/td>\n<\/tr>\n<\/tbody>\n<\/table>\n<p style=\"text-align: justify;\">\n","protected":false},"excerpt":{"rendered":"<p>Normes generals<br \/>\nEls alumnes que fan \u00fas del menjador escolar estaran sempre sota la\u00a0vigil\u00e0ncia d&#8217;un monitor\/a, tant a l&#8217;hora de dinar com a l&#8217;estona de pati.<br \/>\nAt\u00e8s que no \u00e9s un servei obligatori, creiem que els responsables de menjador han d&#8217;informar de les actuacions realitzades amb aquell&hellip;  <a href=\"https:\/\/agora.xtec.cat\/ceiptorreroja\/organitzacio-i-normativa-del-menjador-escolar\/\" title=\"Read Pla de funcionament del Menjador\">Llegeix m\u00e9s\u00bb<\/a><\/p>\n","protected":false},"author":1,"featured_media":0,"parent":0,"menu_order":0,"comment_status":"closed","ping_status":"closed","template":"","meta":{"_bbp_topic_count":0,"_bbp_reply_count":0,"_bbp_total_topic_count":0,"_bbp_total_reply_count":0,"_bbp_voice_count":0,"_bbp_anonymous_reply_count":0,"_bbp_topic_count_hidden":0,"_bbp_reply_count_hidden":0,"_bbp_forum_subforum_count":0,"footnotes":""},"class_list":["post-2807","page","type-page","status-publish","hentry"],"post_mailing_queue_ids":[],"_links":{"self":[{"href":"https:\/\/agora.xtec.cat\/ceiptorreroja\/wp-json\/wp\/v2\/pages\/2807","targetHints":{"allow":["GET"]}}],"collection":[{"href":"https:\/\/agora.xtec.cat\/ceiptorreroja\/wp-json\/wp\/v2\/pages"}],"about":[{"href":"https:\/\/agora.xtec.cat\/ceiptorreroja\/wp-json\/wp\/v2\/types\/page"}],"author":[{"embeddable":true,"href":"https:\/\/agora.xtec.cat\/ceiptorreroja\/wp-json\/wp\/v2\/users\/1"}],"replies":[{"embeddable":true,"href":"https:\/\/agora.xtec.cat\/ceiptorreroja\/wp-json\/wp\/v2\/comments?post=2807"}],"version-history":[{"count":6,"href":"https:\/\/agora.xtec.cat\/ceiptorreroja\/wp-json\/wp\/v2\/pages\/2807\/revisions"}],"predecessor-version":[{"id":5596,"href":"https:\/\/agora.xtec.cat\/ceiptorreroja\/wp-json\/wp\/v2\/pages\/2807\/revisions\/5596"}],"wp:attachment":[{"href":"https:\/\/agora.xtec.cat\/ceiptorreroja\/wp-json\/wp\/v2\/media?parent=2807"}],"curies":[{"name":"wp","href":"https:\/\/api.w.org\/{rel}","templated":true}]}}

<h3 style="text-align: justify;"><strong>Normes generals</strong></h3>
<p style="text-align: justify;">Els alumnes que fan ús del menjador escolar estaran sempre sota la vigilància d&#8217;un monitor/a, tant a l&#8217;hora de dinar com a l&#8217;estona de pati.<br />
Atès que no és un servei obligatori, creiem que els responsables de menjador han d&#8217;informar de les actuacions realitzades amb aquell alumne/a que de forma reincident no respecta la normativa vigent. Si amb aquestes mesures no s&#8217;ha obtingut el comportament esperat, seguint les pautes establertes, el Consell Escolar estudiarà cada situació per tal de trobar la millor solució.<br />
Quan els alumnes tenen una excursió s&#8217;hauran de portar el dinar de casa ja que, en el preu del menjador, s&#8217;ha descomptat la sortida. Es remarca que el servei de menjador no és obligatori, per tant, l&#8217;incompliment de les normes establertes pot comportar la privació d&#8217;aquest servei.</p>
<h3>Informes</h3>
<p>Els pares dels alumnes rebran un informe de l’alimentació, hàbits i actituds dels seus fills a l’hora de menjador, junt amb els informes de cada trimestre. Sempre que es detecta alguna anomalia, tant en l’hàbit de menjar com en la quantitat, es truca directament a les famílies (en cas greu) i, si no, s’envia una nota.</p>
<h3><strong>Funcionament del menjador</strong></h3>
<p style="text-align: justify;">Podeu consultar el <a href="https://drive.google.com/file/d/1r-LJH0kiCIntbfvWawAC8geG3O_d6Gsi/view?usp=drive_link"><span style="color: #3366ff;"><strong>Pla de Funcionament de Menjador, AQUÍ ⇐</strong></span></a></p>
<h3><strong>Organització del servei</strong></h3>
<p style="text-align: justify;">El menjador escolar començarà el primer dia de curs i oferirà servei tots els dies lectius. El menjador funciona amb 2 torns:</p>
<ul>
<li style="text-align: justify;"><strong>1r torn </strong>: Ed. Infantil 3, 4 i 5 anys, 1r, 2n, 3r i 4t</li>
<li style="text-align: justify;"><strong>2n torn </strong>: 5è i 6è.</li>
</ul>
<h3><strong>Equip de monitors</strong></h3>
<p>Coordinadora: Neus Arqué<br />
Secretaria de menjador: Yolanda Orri<br />
<strong>Horari de contacte:</strong> de 8.30h a 9.30h de dilluns a divendres, personalment o per telèfon al número 938 452 470</p>
<table style="border-collapse: collapse; width: 33.5093%; height: 296px;" border="1">
<tbody>
<tr style="height: 35px;">
<td style="width: 50%; height: 35px; text-align: center;">EI.3 i EI.4</td>
<td style="width: 47.9899%; height: 35px; text-align: center;">4 monitores</td>
</tr>
<tr style="height: 30px;">
<td style="width: 50%; height: 30px; text-align: center;">EI.5</td>
<td style="width: 47.9899%; height: 30px; text-align: center;">2 monitores</td>
</tr>
<tr style="height: 30px;">
<td style="width: 50%; height: 30px; text-align: center;">1r</td>
<td style="width: 47.9899%; height: 30px; text-align: center;">1 monitora</td>
</tr>
<tr style="height: 30px;">
<td style="width: 50%; height: 30px; text-align: center;">2n</td>
<td style="width: 47.9899%; height: 30px; text-align: center;">2 monitora</td>
</tr>
<tr style="height: 30px;">
<td style="width: 50%; height: 30px; text-align: center;">3r</td>
<td style="width: 47.9899%; height: 30px; text-align: center;">2 monitores</td>
</tr>
<tr style="height: 30px;">
<td style="width: 50%; height: 30px; text-align: center;">4t</td>
<td style="width: 47.9899%; height: 30px; text-align: center;">2 monitores</td>
</tr>
<tr style="height: 30px;">
<td style="width: 50%; height: 30px; text-align: center;">5è</td>
<td style="width: 47.9899%; height: 30px; text-align: center;">2 monitors</td>
</tr>
<tr style="height: 30px;">
<td style="width: 50%; height: 30px; text-align: center;">6è</td>
<td style="width: 47.9899%; height: 30px; text-align: center;">1 monitora</td>
</tr>
<tr style="height: 31px;">
<td style="width: 97.9899%; height: 31px; text-align: center;" colspan="2">1 coordinadora</td>
</tr>
<tr style="height: 30px;">
<td style="width: 97.9899%; height: 30px; text-align: center;" colspan="2">Cuina 2 cuineres</td>
</tr>
</tbody>
</table>
<p style="text-align: justify;">

<p>Normes generals<br />
Els alumnes que fan ús del menjador escolar estaran sempre sota la vigilància d&#8217;un monitor/a, tant a l&#8217;hora de dinar com a l&#8217;estona de pati.<br />
Atès que no és un servei obligatori, creiem que els responsables de menjador han d&#8217;informar de les actuacions realitzades amb aquell&hellip;  <a href="https://agora.xtec.cat/ceiptorreroja/organitzacio-i-normativa-del-menjador-escolar/" title="Read Pla de funcionament del Menjador">Llegeix més»</a></p>
