{"id":1810,"date":"2020-03-27T12:35:07","date_gmt":"2020-03-27T11:35:07","guid":{"rendered":"http:\/\/agora.xtec.cat\/ceiptorreroja\/?page_id=1810"},"modified":"2020-04-09T13:03:19","modified_gmt":"2020-04-09T11:03:19","slug":"musica-ci","status":"publish","type":"page","link":"https:\/\/agora.xtec.cat\/ceiptorreroja\/el-rebost\/musica\/musica-ci\/","title":{"rendered":"M\u00fasica &#8211; CI"},"content":{"rendered":"<hr \/>\n<p><a href=\"..\"><img loading=\"lazy\" decoding=\"async\" class=\"wp-image-1645 aligncenter\" src=\"https:\/\/agora.xtec.cat\/ceiptorreroja\/wp-content\/uploads\/usu1673\/2020\/02\/back-arrow_icon-icons.com_72866-150x150.png\" alt=\"\" width=\"100\" height=\"100\" srcset=\"https:\/\/agora.xtec.cat\/ceiptorreroja\/wp-content\/uploads\/usu1673\/2020\/02\/back-arrow_icon-icons.com_72866-150x150.png 150w, https:\/\/agora.xtec.cat\/ceiptorreroja\/wp-content\/uploads\/usu1673\/2020\/02\/back-arrow_icon-icons.com_72866-300x300.png 300w, https:\/\/agora.xtec.cat\/ceiptorreroja\/wp-content\/uploads\/usu1673\/2020\/02\/back-arrow_icon-icons.com_72866.png 512w\" sizes=\"auto, (max-width: 100px) 100vw, 100px\" \/><\/a><\/p>\n<hr \/>\n<h2>Propostes de m\u00fasica en familia<\/h2>\n<p style=\"text-align: center;\"><iframe loading=\"lazy\" title=\"M\u00daSICA EN FAM\u00cdLIA (per a nadons i infants) . N\u00faria Camps\" width=\"500\" height=\"281\" src=\"https:\/\/www.youtube.com\/embed\/TVsO8Z_U-vs?feature=oembed\" frameborder=\"0\" allow=\"accelerometer; autoplay; clipboard-write; encrypted-media; gyroscope; picture-in-picture; web-share\" referrerpolicy=\"strict-origin-when-cross-origin\" allowfullscreen><\/iframe><\/p>\n<hr \/>\n<h2>Dansa &#8220;Cercavila&#8221; del projecte FEM DANSA<\/h2>\n<p style=\"text-align: center;\"><iframe loading=\"lazy\" title=\"Dansa &quot;Cercavila&quot; del projecte FEM DANSA\" width=\"500\" height=\"281\" src=\"https:\/\/www.youtube.com\/embed\/tj7AOUyRGM8?feature=oembed\" frameborder=\"0\" allow=\"accelerometer; autoplay; clipboard-write; encrypted-media; gyroscope; picture-in-picture; web-share\" referrerpolicy=\"strict-origin-when-cross-origin\" allowfullscreen><\/iframe><\/p>\n","protected":false},"excerpt":{"rendered":"<p><a href=\"..\"><\/a><\/p>\n<p>Propostes de m\u00fasica en familia<\/p>\n<p>Dansa &#8220;Cercavila&#8221; del projecte FEM DANSA<\/p>\n","protected":false},"author":1,"featured_media":0,"parent":1532,"menu_order":1,"comment_status":"closed","ping_status":"closed","template":"page-templates\/side-menu.php","meta":{"_bbp_topic_count":0,"_bbp_reply_count":0,"_bbp_total_topic_count":0,"_bbp_total_reply_count":0,"_bbp_voice_count":0,"_bbp_anonymous_reply_count":0,"_bbp_topic_count_hidden":0,"_bbp_reply_count_hidden":0,"_bbp_forum_subforum_count":0,"footnotes":""},"class_list":["post-1810","page","type-page","status-publish","hentry"],"post_mailing_queue_ids":[],"_links":{"self":[{"href":"https:\/\/agora.xtec.cat\/ceiptorreroja\/wp-json\/wp\/v2\/pages\/1810","targetHints":{"allow":["GET"]}}],"collection":[{"href":"https:\/\/agora.xtec.cat\/ceiptorreroja\/wp-json\/wp\/v2\/pages"}],"about":[{"href":"https:\/\/agora.xtec.cat\/ceiptorreroja\/wp-json\/wp\/v2\/types\/page"}],"author":[{"embeddable":true,"href":"https:\/\/agora.xtec.cat\/ceiptorreroja\/wp-json\/wp\/v2\/users\/1"}],"replies":[{"embeddable":true,"href":"https:\/\/agora.xtec.cat\/ceiptorreroja\/wp-json\/wp\/v2\/comments?post=1810"}],"version-history":[{"count":3,"href":"https:\/\/agora.xtec.cat\/ceiptorreroja\/wp-json\/wp\/v2\/pages\/1810\/revisions"}],"predecessor-version":[{"id":1892,"href":"https:\/\/agora.xtec.cat\/ceiptorreroja\/wp-json\/wp\/v2\/pages\/1810\/revisions\/1892"}],"up":[{"embeddable":true,"href":"https:\/\/agora.xtec.cat\/ceiptorreroja\/wp-json\/wp\/v2\/pages\/1532"}],"wp:attachment":[{"href":"https:\/\/agora.xtec.cat\/ceiptorreroja\/wp-json\/wp\/v2\/media?parent=1810"}],"curies":[{"name":"wp","href":"https:\/\/api.w.org\/{rel}","templated":true}]}}

Música &#8211; CI

<hr />
<p><a href=".."><img loading="lazy" decoding="async" class="wp-image-1645 aligncenter" src="https://agora.xtec.cat/ceiptorreroja/wp-content/uploads/usu1673/2020/02/back-arrow_icon-icons.com_72866-150x150.png" alt="" width="100" height="100" srcset="https://agora.xtec.cat/ceiptorreroja/wp-content/uploads/usu1673/2020/02/back-arrow_icon-icons.com_72866-150x150.png 150w, https://agora.xtec.cat/ceiptorreroja/wp-content/uploads/usu1673/2020/02/back-arrow_icon-icons.com_72866-300x300.png 300w, https://agora.xtec.cat/ceiptorreroja/wp-content/uploads/usu1673/2020/02/back-arrow_icon-icons.com_72866.png 512w" sizes="auto, (max-width: 100px) 100vw, 100px" /></a></p>
<hr />
<h2>Propostes de música en familia</h2>
<p style="text-align: center;"><iframe loading="lazy" title="MÚSICA EN FAMÍLIA (per a nadons i infants) . Núria Camps" width="500" height="281" src="https://www.youtube.com/embed/TVsO8Z_U-vs?feature=oembed" frameborder="0" allow="accelerometer; autoplay; clipboard-write; encrypted-media; gyroscope; picture-in-picture; web-share" referrerpolicy="strict-origin-when-cross-origin" allowfullscreen></iframe></p>
<hr />
<h2>Dansa &#8220;Cercavila&#8221; del projecte FEM DANSA</h2>
<p style="text-align: center;"><iframe loading="lazy" title="Dansa &quot;Cercavila&quot; del projecte FEM DANSA" width="500" height="281" src="https://www.youtube.com/embed/tj7AOUyRGM8?feature=oembed" frameborder="0" allow="accelerometer; autoplay; clipboard-write; encrypted-media; gyroscope; picture-in-picture; web-share" referrerpolicy="strict-origin-when-cross-origin" allowfullscreen></iframe></p>

<p><a href=".."></a></p>
<p>Propostes de música en familia</p>
<p>Dansa &#8220;Cercavila&#8221; del projecte FEM DANSA</p>
