{"id":1705,"date":"2020-02-25T12:18:07","date_gmt":"2020-02-25T11:18:07","guid":{"rendered":"http:\/\/agora.xtec.cat\/ceiptorreroja\/?page_id=1705"},"modified":"2025-09-16T12:39:45","modified_gmt":"2025-09-16T10:39:45","slug":"consell-escolar","status":"publish","type":"page","link":"https:\/\/agora.xtec.cat\/ceiptorreroja\/lescola\/equip-huma\/consell-escolar\/","title":{"rendered":"Consell Escolar"},"content":{"rendered":"<p style=\"text-align: center;\"><span style=\"text-decoration: underline;\">Composici\u00f3 del Consell actualitzada a setembre 2022<\/span><\/p>\n<table style=\"border-collapse: collapse; width: 100%; height: 688px;\" border=\"1\">\n<tbody>\n<tr style=\"height: 32px;\">\n<td style=\"width: 44.1262%; height: 32px;\"><strong>Presidenta<\/strong><\/td>\n<td style=\"width: 55.8738%; height: 32px;\">Neus G\u00f3mez Fr\u00edas<\/td>\n<\/tr>\n<tr style=\"height: 32px;\">\n<td style=\"width: 44.1262%; height: 32px;\"><strong>Cap d\u2019estudis<\/strong><\/td>\n<td style=\"width: 55.8738%; height: 32px;\">N\u00faria Jan\u00e9 Planas<\/td>\n<\/tr>\n<tr style=\"height: 32px;\">\n<td style=\"width: 44.1262%; height: 32px;\"><strong>Secret\u00e0ria<\/strong><\/td>\n<td style=\"width: 55.8738%; height: 32px;\">Merc\u00e8 Argila Vicente<\/td>\n<\/tr>\n<tr style=\"height: 256px;\">\n<td style=\"width: 44.1262%; height: 256px;\"><strong><span style=\"font-size: 16px;\">Representants sector professors<\/span><\/strong><\/td>\n<td style=\"width: 55.8738%; height: 256px;\">Eva Cardona Reche<\/p>\n<p>M\u00edriam Rodr\u00edguez Mu\u00f1oz<\/p>\n<p>Josep Manel Bertos Lizana<\/p>\n<p>Marta Parera Torres<\/p>\n<p>Ester Gili Fontan\u00e9<\/p>\n<p>N\u00faria Pujol Ramisa<\/td>\n<\/tr>\n<tr style=\"height: 32px;\">\n<td style=\"width: 44.1262%; height: 32px;\"><strong>Suplents<\/strong><\/td>\n<td style=\"width: 55.8738%; height: 32px;\">Mireia Real Lozano, Raquel Rodr\u00edguez Mu\u00f1oz, Ol\u00edvia Tella Ruz, Eul\u00e0lia Sant Argila i Anna Torruella Roca<em> (en aquest ordre)<\/em><\/td>\n<\/tr>\n<tr style=\"height: 176px;\">\n<td style=\"width: 44.1262%; height: 176px;\"><strong>Representants sector pares i mares d\u2019alumnes<\/strong><\/td>\n<td style=\"width: 55.8738%;\" width=\"520\">Cristina Garc\u00eda Torres<\/p>\n<p>Joan Serra Mass\u00f3<\/p>\n<p>M\u00f2nica Rodr\u00edguez Losada<\/p>\n<p>Elisenda Planas Hern\u00e1ndez<\/p>\n<p>Jordi Serra Molg\u00f3<\/td>\n<\/tr>\n<tr style=\"height: 32px;\">\n<td style=\"width: 44.1262%; height: 32px;\"><strong>Suplents<\/strong><\/td>\n<td style=\"width: 55.8738%; height: 32px;\">Marta Barrocal G\u00f3mez, Pere Jim\u00e9nez Joven i Patr\u00edcia Azambuya Guti\u00e9rrez<em> (en aquest ordre)<\/em><\/td>\n<\/tr>\n<tr style=\"height: 32px;\">\n<td style=\"width: 44.1262%; height: 32px;\"><strong>Representant AMPA<\/strong><\/td>\n<td style=\"width: 55.8738%; height: 32px;\">Santi Beivide Ortega<\/td>\n<\/tr>\n<tr style=\"height: 32px;\">\n<td style=\"width: 44.1262%; height: 32px;\"><strong>Representant Ajuntament<\/strong><\/td>\n<td style=\"width: 55.8738%; height: 32px;\">David Portet Batalla<\/td>\n<\/tr>\n<tr style=\"height: 32px;\">\n<td style=\"width: 44.1262%; height: 32px;\"><strong>Representant sector PAS<\/strong><\/td>\n<td style=\"width: 55.8738%; height: 32px;\">Gemma Bartol\u00ed Barrull<\/td>\n<\/tr>\n<\/tbody>\n<\/table>\n<p style=\"text-align: left;\">Per qualsevol consulta sobre els acords del consell podeu dirigir-vos a secretaria.<\/p>\n","protected":false},"excerpt":{"rendered":"<p>Composici\u00f3 del Consell actualitzada a setembre 2022<\/p>\n<p>Presidenta<br \/>\nNeus G\u00f3mez Fr\u00edas<\/p>\n<p>Cap d\u2019estudis<br \/>\nN\u00faria Jan\u00e9 Planas<\/p>\n<p>Secret\u00e0ria<br \/>\nMerc\u00e8 Argila Vicente<\/p>\n<p>Representants sector professors<br \/>\nEva Cardona Reche<br \/>\nM\u00edriam Rodr\u00edguez Mu\u00f1oz<br \/>\nJosep Manel Bertos Lizana<br \/>\nMarta Parera Torres<br \/>\nEster Gili Fontan\u00e9<br \/>\nN\u00faria Pujol Ramisa<\/p>\n<p>Suplents<br \/>\nMireia Real Lozano, Raquel Rodr\u00edguez Mu\u00f1oz, Ol\u00edvia Tella Ruz, Eul\u00e0lia Sant Argila i Anna Torruella Roca (en&hellip;  <a href=\"https:\/\/agora.xtec.cat\/ceiptorreroja\/lescola\/equip-huma\/consell-escolar\/\" title=\"Read Consell Escolar\">Llegeix m\u00e9s\u00bb<\/a><\/p>\n","protected":false},"author":1,"featured_media":0,"parent":496,"menu_order":1,"comment_status":"closed","ping_status":"closed","template":"page-templates\/side-menu.php","meta":{"_bbp_topic_count":0,"_bbp_reply_count":0,"_bbp_total_topic_count":0,"_bbp_total_reply_count":0,"_bbp_voice_count":0,"_bbp_anonymous_reply_count":0,"_bbp_topic_count_hidden":0,"_bbp_reply_count_hidden":0,"_bbp_forum_subforum_count":0,"footnotes":""},"class_list":["post-1705","page","type-page","status-publish","hentry"],"post_mailing_queue_ids":[],"_links":{"self":[{"href":"https:\/\/agora.xtec.cat\/ceiptorreroja\/wp-json\/wp\/v2\/pages\/1705","targetHints":{"allow":["GET"]}}],"collection":[{"href":"https:\/\/agora.xtec.cat\/ceiptorreroja\/wp-json\/wp\/v2\/pages"}],"about":[{"href":"https:\/\/agora.xtec.cat\/ceiptorreroja\/wp-json\/wp\/v2\/types\/page"}],"author":[{"embeddable":true,"href":"https:\/\/agora.xtec.cat\/ceiptorreroja\/wp-json\/wp\/v2\/users\/1"}],"replies":[{"embeddable":true,"href":"https:\/\/agora.xtec.cat\/ceiptorreroja\/wp-json\/wp\/v2\/comments?post=1705"}],"version-history":[{"count":4,"href":"https:\/\/agora.xtec.cat\/ceiptorreroja\/wp-json\/wp\/v2\/pages\/1705\/revisions"}],"predecessor-version":[{"id":5309,"href":"https:\/\/agora.xtec.cat\/ceiptorreroja\/wp-json\/wp\/v2\/pages\/1705\/revisions\/5309"}],"up":[{"embeddable":true,"href":"https:\/\/agora.xtec.cat\/ceiptorreroja\/wp-json\/wp\/v2\/pages\/496"}],"wp:attachment":[{"href":"https:\/\/agora.xtec.cat\/ceiptorreroja\/wp-json\/wp\/v2\/media?parent=1705"}],"curies":[{"name":"wp","href":"https:\/\/api.w.org\/{rel}","templated":true}]}}