{"id":1247,"date":"2019-02-26T15:28:15","date_gmt":"2019-02-26T14:28:15","guid":{"rendered":"http:\/\/agora.xtec.cat\/ceiptorreroja\/?page_id=1247"},"modified":"2022-05-12T09:31:19","modified_gmt":"2022-05-12T07:31:19","slug":"carta-de-compromis-educatiu","status":"publish","type":"page","link":"https:\/\/agora.xtec.cat\/ceiptorreroja\/documentacio-dorganitzacio-del-centre\/carta-de-compromis-educatiu\/","title":{"rendered":"Carta de Comprom\u00eds Educatiu"},"content":{"rendered":"<p><a href=\"https:\/\/drive.google.com\/file\/d\/1bk2nFL3vyOUBqOXSk7OhGRe7BHH2L67b\/view?usp=sharing\" target=\"_blank\" rel=\"noopener noreferrer\"><img loading=\"lazy\" decoding=\"async\" class=\"wp-image-2479 size-medium alignright\" style=\"border: 2px solid black; border-radius: 15px;\" src=\"https:\/\/agora.xtec.cat\/ceiptorreroja\/wp-content\/uploads\/usu1673\/2021\/02\/3.Carta-Comprom\u00eds-Torre-Roja_page-0001-232x300.jpg\" alt=\"\" width=\"232\" height=\"300\" srcset=\"https:\/\/agora.xtec.cat\/ceiptorreroja\/wp-content\/uploads\/usu1673\/2021\/02\/3.Carta-Comprom\u00eds-Torre-Roja_page-0001-232x300.jpg 232w, https:\/\/agora.xtec.cat\/ceiptorreroja\/wp-content\/uploads\/usu1673\/2021\/02\/3.Carta-Comprom\u00eds-Torre-Roja_page-0001-768x994.jpg 768w, https:\/\/agora.xtec.cat\/ceiptorreroja\/wp-content\/uploads\/usu1673\/2021\/02\/3.Carta-Comprom\u00eds-Torre-Roja_page-0001-791x1024.jpg 791w, https:\/\/agora.xtec.cat\/ceiptorreroja\/wp-content\/uploads\/usu1673\/2021\/02\/3.Carta-Comprom\u00eds-Torre-Roja_page-0001.jpg 1275w\" sizes=\"auto, (max-width: 232px) 100vw, 232px\" \/><\/a>La carta de comprom\u00eds educatiu \u00e9s un document que t\u00e9 com a finalitat potenciar la comunicaci\u00f3, la participaci\u00f3, la implicaci\u00f3, el comprom\u00eds i la corresponsabilitat entre els centres i les fam\u00edlies en l&#8217;educaci\u00f3 d&#8217;infants i joves.<\/p>\n<p>Per tant, la carta ha de contribuir, entre altres, als objectius seg\u00fcents:<\/p>\n<ul>\n<li>Compartir amb les fam\u00edlies els principis i els continguts del projecte educatiu del centre i, si escau, els projectes educatius de l&#8217;entorn.<\/li>\n<li>Millorar la informaci\u00f3 i la comunicaci\u00f3 entre el centre i les fam\u00edlies.<\/li>\n<li>Facilitar a les fam\u00edlies l&#8217;exercici dels seus drets i el compliment dels deures.<\/li>\n<li>Fomentar la conviv\u00e8ncia i el bon clima escolar.<\/li>\n<li>Corresponsabilitzar el centre i la fam\u00edlia en l&#8217;\u00e8xit acad\u00e8mic, personal i social dels alumnes i tamb\u00e9 en el comprom\u00eds c\u00edvic dels infants i joves.<\/li>\n<\/ul>\n<p>Cada centre elabora la seva carta de comprom\u00eds educatiu de manera participativa entre els diferents membres de la comunitat escolar, especialment els professionals de l&#8217;educaci\u00f3 i les fam\u00edlies, segons els principis, criteris i valors del seu projecte educatiu.<\/p>\n<p>Aquest document l&#8217;han de signar el pare, mare, tutor o tutora legal de l&#8217;alumne o alumna i la direcci\u00f3 del centre educatiu p\u00fablic o la persona titular del centre privat concertat en el moment de la matr\u00edcula.<\/p>\n","protected":false},"excerpt":{"rendered":"<p><a href=\"https:\/\/drive.google.com\/file\/d\/1bk2nFL3vyOUBqOXSk7OhGRe7BHH2L67b\/view?usp=sharing\" target=\"_blank\" rel=\"noopener noreferrer\"><\/a>La carta de comprom\u00eds educatiu \u00e9s un document que t\u00e9 com a finalitat potenciar la comunicaci\u00f3, la participaci\u00f3, la implicaci\u00f3, el comprom\u00eds i la corresponsabilitat entre els centres i les fam\u00edlies en l&#8217;educaci\u00f3 d&#8217;infants i joves.<br \/>\nPer tant, la carta ha de&hellip;  <a href=\"https:\/\/agora.xtec.cat\/ceiptorreroja\/documentacio-dorganitzacio-del-centre\/carta-de-compromis-educatiu\/\" title=\"Read Carta de Comprom\u00eds Educatiu\">Llegeix m\u00e9s\u00bb<\/a><\/p>\n","protected":false},"author":1,"featured_media":0,"parent":643,"menu_order":40,"comment_status":"closed","ping_status":"closed","template":"page-templates\/side-menu.php","meta":{"_bbp_topic_count":0,"_bbp_reply_count":0,"_bbp_total_topic_count":0,"_bbp_total_reply_count":0,"_bbp_voice_count":0,"_bbp_anonymous_reply_count":0,"_bbp_topic_count_hidden":0,"_bbp_reply_count_hidden":0,"_bbp_forum_subforum_count":0,"footnotes":""},"class_list":["post-1247","page","type-page","status-publish","hentry"],"post_mailing_queue_ids":[],"_links":{"self":[{"href":"https:\/\/agora.xtec.cat\/ceiptorreroja\/wp-json\/wp\/v2\/pages\/1247","targetHints":{"allow":["GET"]}}],"collection":[{"href":"https:\/\/agora.xtec.cat\/ceiptorreroja\/wp-json\/wp\/v2\/pages"}],"about":[{"href":"https:\/\/agora.xtec.cat\/ceiptorreroja\/wp-json\/wp\/v2\/types\/page"}],"author":[{"embeddable":true,"href":"https:\/\/agora.xtec.cat\/ceiptorreroja\/wp-json\/wp\/v2\/users\/1"}],"replies":[{"embeddable":true,"href":"https:\/\/agora.xtec.cat\/ceiptorreroja\/wp-json\/wp\/v2\/comments?post=1247"}],"version-history":[{"count":4,"href":"https:\/\/agora.xtec.cat\/ceiptorreroja\/wp-json\/wp\/v2\/pages\/1247\/revisions"}],"predecessor-version":[{"id":4009,"href":"https:\/\/agora.xtec.cat\/ceiptorreroja\/wp-json\/wp\/v2\/pages\/1247\/revisions\/4009"}],"up":[{"embeddable":true,"href":"https:\/\/agora.xtec.cat\/ceiptorreroja\/wp-json\/wp\/v2\/pages\/643"}],"wp:attachment":[{"href":"https:\/\/agora.xtec.cat\/ceiptorreroja\/wp-json\/wp\/v2\/media?parent=1247"}],"curies":[{"name":"wp","href":"https:\/\/api.w.org\/{rel}","templated":true}]}}

Carta de Compromís Educatiu

<p><a href="https://drive.google.com/file/d/1bk2nFL3vyOUBqOXSk7OhGRe7BHH2L67b/view?usp=sharing" target="_blank" rel="noopener noreferrer"><img loading="lazy" decoding="async" class="wp-image-2479 size-medium alignright" style="border: 2px solid black; border-radius: 15px;" src="https://agora.xtec.cat/ceiptorreroja/wp-content/uploads/usu1673/2021/02/3.Carta-Compromís-Torre-Roja_page-0001-232x300.jpg" alt="" width="232" height="300" srcset="https://agora.xtec.cat/ceiptorreroja/wp-content/uploads/usu1673/2021/02/3.Carta-Compromís-Torre-Roja_page-0001-232x300.jpg 232w, https://agora.xtec.cat/ceiptorreroja/wp-content/uploads/usu1673/2021/02/3.Carta-Compromís-Torre-Roja_page-0001-768x994.jpg 768w, https://agora.xtec.cat/ceiptorreroja/wp-content/uploads/usu1673/2021/02/3.Carta-Compromís-Torre-Roja_page-0001-791x1024.jpg 791w, https://agora.xtec.cat/ceiptorreroja/wp-content/uploads/usu1673/2021/02/3.Carta-Compromís-Torre-Roja_page-0001.jpg 1275w" sizes="auto, (max-width: 232px) 100vw, 232px" /></a>La carta de compromís educatiu és un document que té com a finalitat potenciar la comunicació, la participació, la implicació, el compromís i la corresponsabilitat entre els centres i les famílies en l&#8217;educació d&#8217;infants i joves.</p>
<p>Per tant, la carta ha de contribuir, entre altres, als objectius següents:</p>
<ul>
<li>Compartir amb les famílies els principis i els continguts del projecte educatiu del centre i, si escau, els projectes educatius de l&#8217;entorn.</li>
<li>Millorar la informació i la comunicació entre el centre i les famílies.</li>
<li>Facilitar a les famílies l&#8217;exercici dels seus drets i el compliment dels deures.</li>
<li>Fomentar la convivència i el bon clima escolar.</li>
<li>Corresponsabilitzar el centre i la família en l&#8217;èxit acadèmic, personal i social dels alumnes i també en el compromís cívic dels infants i joves.</li>
</ul>
<p>Cada centre elabora la seva carta de compromís educatiu de manera participativa entre els diferents membres de la comunitat escolar, especialment els professionals de l&#8217;educació i les famílies, segons els principis, criteris i valors del seu projecte educatiu.</p>
<p>Aquest document l&#8217;han de signar el pare, mare, tutor o tutora legal de l&#8217;alumne o alumna i la direcció del centre educatiu públic o la persona titular del centre privat concertat en el moment de la matrícula.</p>

<p><a href="https://drive.google.com/file/d/1bk2nFL3vyOUBqOXSk7OhGRe7BHH2L67b/view?usp=sharing" target="_blank" rel="noopener noreferrer"></a>La carta de compromís educatiu és un document que té com a finalitat potenciar la comunicació, la participació, la implicació, el compromís i la corresponsabilitat entre els centres i les famílies en l&#8217;educació d&#8217;infants i joves.<br />
Per tant, la carta ha de&hellip;  <a href="https://agora.xtec.cat/ceiptorreroja/documentacio-dorganitzacio-del-centre/carta-de-compromis-educatiu/" title="Read Carta de Compromís Educatiu">Llegeix més»</a></p>
