{"id":1084,"date":"2021-10-22T08:12:06","date_gmt":"2021-10-22T06:12:06","guid":{"rendered":"http:\/\/agora.xtec.cat\/ceiptorreroja\/?page_id=1084"},"modified":"2025-12-04T16:34:31","modified_gmt":"2025-12-04T15:34:31","slug":"pla-anual","status":"publish","type":"page","link":"https:\/\/agora.xtec.cat\/ceiptorreroja\/documentacio-dorganitzacio-del-centre\/pla-anual\/","title":{"rendered":"Programaci\u00f3 general anual (PGA)"},"content":{"rendered":"<p style=\"text-align: justify;\"><span style=\"font-size: 16px;\">Els centres han d&#8217;elaborar la\u00a0<\/span><strong style=\"font-size: 16px;\">programaci\u00f3 general anual<\/strong><span style=\"font-size: 16px;\"> d&#8217;acord amb el que estableix l&#8217;article 10 del De<\/span><span style=\"font-size: 16px;\">cret 102\/2010, d&#8217;autonomia dels centres educatius. En la programaci\u00f3 es recull la concreci\u00f3 de les prioritats, de les activitats i del funcionament del centre per al curs escolar corresponent, dels programes i\u00a0<\/span><span style=\"font-size: 16px;\">projecte<\/span><a style=\"font-family: inherit; color: #2795b6; font-size: 16px;\" href=\"https:\/\/agora.xtec.cat\/ceiptorreroja\/wp-content\/uploads\/usu1673\/2022\/11\/Tapa-vertical_page-0001.jpg\"><span style=\"font-family: inherit; color: #222222;\">s en qu\u00e8 participa el centre i dels diferents \u00e0mbits de l&#8217;autonomia del centre, d&#8217;acord amb el projecte educatiu i, en els centres p\u00fablics, d&#8217;acord amb el projecte de direcci\u00f3 vigent:<\/span><\/a><\/p>\n<ul style=\"font-size: 16px; font-family: 'Helvetica Neue', Helvetica, Helvetica, Arial, sans-serif;\">\n<li>\u00a0 Autonomia pedag\u00f2gica: concreci\u00f3 anual dels objectius del PEC i del curr\u00edculum, aix\u00ed com de tots els plans d&#8217;actuaci\u00f3 acordats i aprovats.<\/li>\n<li>\u00a0 Autonomia organitzativa: concreci\u00f3 anual de totes les prioritats dels projectes i normes, i la previsi\u00f3 de totes les activitats de l&#8217;horari escolar.<\/li>\n<li>\u00a0 Autonomia de gesti\u00f3 de recursos: concreci\u00f3 de recursos destinats per a les diferents actuacions, els responsables i els mecanismes de seguiment, aix\u00ed com els indicadors i procediments per avaluar els processos i els resultats, a partir dels indicadors definits en el projecte de direcci\u00f3 i dels indicadors de progr\u00e9s del projecte educatiu.<\/li>\n<\/ul>\n<p style=\"font-family: 'Helvetica Neue', Helvetica, Helvetica, Arial, sans-serif; font-size: 16px;\">El director o directora del centre p\u00fablic ha d&#8217;aprovar la programaci\u00f3 general anual, amb la consulta pr\u00e8via al consell escolar del centre i han de garantir que la comunitat escolar \u00e9s informada del seu contingut i del resultat de la seva avaluaci\u00f3.<\/p>\n<table style=\"width: 100%; border-collapse: collapse; background-color: #393ff7;\">\n<tbody>\n<tr>\n<td style=\"width: 23.5921%;\"><a href=\"https:\/\/drive.google.com\/file\/d\/1iMJyadPr6LR0t0XJ8mSVs4aUh0lhEAem\/view?usp=drive_link\" target=\"_blank\" rel=\"noopener\"><img loading=\"lazy\" decoding=\"async\" class=\"wp-image-5424 size-medium aligncenter\" src=\"https:\/\/agora.xtec.cat\/ceiptorreroja\/wp-content\/uploads\/usu1673\/2025\/12\/PGA-213x300.jpg\" alt=\"\" width=\"213\" height=\"300\" srcset=\"https:\/\/agora.xtec.cat\/ceiptorreroja\/wp-content\/uploads\/usu1673\/2025\/12\/PGA-213x300.jpg 213w, https:\/\/agora.xtec.cat\/ceiptorreroja\/wp-content\/uploads\/usu1673\/2025\/12\/PGA.jpg 578w\" sizes=\"auto, (max-width: 213px) 100vw, 213px\" \/><\/a><\/td>\n<td style=\"width: 76.4079%;\">\n<h3>\u00a0 \u00a0 <a href=\"https:\/\/drive.google.com\/file\/d\/1iMJyadPr6LR0t0XJ8mSVs4aUh0lhEAem\/view?usp=drive_link\"><span style=\"color: #ffffff;\">Cliqueu al damunt per a accedir al document<\/span><\/a><\/h3>\n<\/td>\n<\/tr>\n<\/tbody>\n<\/table>\n<p>&nbsp;<\/p>\n<p>&nbsp;<\/p>\n<h6><\/h6>\n<p>&nbsp;<\/p>\n<p>&nbsp;<\/p>\n<p>&nbsp;<\/p>\n<p>&nbsp;<\/p>\n<p>&nbsp;<\/p>\n<p>&nbsp;<\/p>\n<p>&nbsp;<\/p>\n<p>&nbsp;<\/p>\n<p>&nbsp;<\/p>\n<p><a href=\"https:\/\/drive.google.com\/file\/d\/1iMJyadPr6LR0t0XJ8mSVs4aUh0lhEAem\/view?usp=drive_link\" rel=\"attachment wp-att-5415\">Cliqueu al damunt per a accedir al document<\/a><\/p>\n<p>&nbsp;<\/p>\n<p>&nbsp;<\/p>\n<p>&nbsp;<\/p>\n<p>&nbsp;<\/p>\n<p>&nbsp;<\/p>\n<p>&nbsp;<\/p>\n<p>&nbsp;<\/p>\n<p>&nbsp;<\/p>\n<p>&nbsp;<\/p>\n<p>&nbsp;<\/p>\n<p>&nbsp;<\/p>\n<p><a href=\"https:\/\/agora.xtec.cat\/ceiptorreroja\/documentacio-dorganitzacio-del-centre\/pla-anual\/attachment\/pga-3\/\" rel=\"attachment wp-att-5413\">Cliqueu al damunt per a accedir al document<\/a><\/p>\n","protected":false},"excerpt":{"rendered":"<p>Els centres han d&#8217;elaborar la\u00a0programaci\u00f3 general anual d&#8217;acord amb el que estableix l&#8217;article 10 del Decret 102\/2010, d&#8217;autonomia dels centres educatius. En la programaci\u00f3 es recull la concreci\u00f3 de les prioritats, de les activitats i del funcionament del centre per al curs escolar corresponent, dels&hellip;  <a href=\"https:\/\/agora.xtec.cat\/ceiptorreroja\/documentacio-dorganitzacio-del-centre\/pla-anual\/\" title=\"Read Programaci\u00f3 general anual (PGA)\">Llegeix m\u00e9s\u00bb<\/a><\/p>\n","protected":false},"author":1,"featured_media":0,"parent":643,"menu_order":70,"comment_status":"closed","ping_status":"closed","template":"page-templates\/side-menu.php","meta":{"_bbp_topic_count":0,"_bbp_reply_count":0,"_bbp_total_topic_count":0,"_bbp_total_reply_count":0,"_bbp_voice_count":0,"_bbp_anonymous_reply_count":0,"_bbp_topic_count_hidden":0,"_bbp_reply_count_hidden":0,"_bbp_forum_subforum_count":0,"footnotes":""},"class_list":["post-1084","page","type-page","status-publish","hentry"],"post_mailing_queue_ids":[],"_links":{"self":[{"href":"https:\/\/agora.xtec.cat\/ceiptorreroja\/wp-json\/wp\/v2\/pages\/1084","targetHints":{"allow":["GET"]}}],"collection":[{"href":"https:\/\/agora.xtec.cat\/ceiptorreroja\/wp-json\/wp\/v2\/pages"}],"about":[{"href":"https:\/\/agora.xtec.cat\/ceiptorreroja\/wp-json\/wp\/v2\/types\/page"}],"author":[{"embeddable":true,"href":"https:\/\/agora.xtec.cat\/ceiptorreroja\/wp-json\/wp\/v2\/users\/1"}],"replies":[{"embeddable":true,"href":"https:\/\/agora.xtec.cat\/ceiptorreroja\/wp-json\/wp\/v2\/comments?post=1084"}],"version-history":[{"count":8,"href":"https:\/\/agora.xtec.cat\/ceiptorreroja\/wp-json\/wp\/v2\/pages\/1084\/revisions"}],"predecessor-version":[{"id":5442,"href":"https:\/\/agora.xtec.cat\/ceiptorreroja\/wp-json\/wp\/v2\/pages\/1084\/revisions\/5442"}],"up":[{"embeddable":true,"href":"https:\/\/agora.xtec.cat\/ceiptorreroja\/wp-json\/wp\/v2\/pages\/643"}],"wp:attachment":[{"href":"https:\/\/agora.xtec.cat\/ceiptorreroja\/wp-json\/wp\/v2\/media?parent=1084"}],"curies":[{"name":"wp","href":"https:\/\/api.w.org\/{rel}","templated":true}]}}

Programació general anual (PGA)

<p style="text-align: justify;"><span style="font-size: 16px;">Els centres han d&#8217;elaborar la </span><strong style="font-size: 16px;">programació general anual</strong><span style="font-size: 16px;"> d&#8217;acord amb el que estableix l&#8217;article 10 del De</span><span style="font-size: 16px;">cret 102/2010, d&#8217;autonomia dels centres educatius. En la programació es recull la concreció de les prioritats, de les activitats i del funcionament del centre per al curs escolar corresponent, dels programes i </span><span style="font-size: 16px;">projecte</span><a style="font-family: inherit; color: #2795b6; font-size: 16px;" href="https://agora.xtec.cat/ceiptorreroja/wp-content/uploads/usu1673/2022/11/Tapa-vertical_page-0001.jpg"><span style="font-family: inherit; color: #222222;">s en què participa el centre i dels diferents àmbits de l&#8217;autonomia del centre, d&#8217;acord amb el projecte educatiu i, en els centres públics, d&#8217;acord amb el projecte de direcció vigent:</span></a></p>
<ul style="font-size: 16px; font-family: 'Helvetica Neue', Helvetica, Helvetica, Arial, sans-serif;">
<li>  Autonomia pedagògica: concreció anual dels objectius del PEC i del currículum, així com de tots els plans d&#8217;actuació acordats i aprovats.</li>
<li>  Autonomia organitzativa: concreció anual de totes les prioritats dels projectes i normes, i la previsió de totes les activitats de l&#8217;horari escolar.</li>
<li>  Autonomia de gestió de recursos: concreció de recursos destinats per a les diferents actuacions, els responsables i els mecanismes de seguiment, així com els indicadors i procediments per avaluar els processos i els resultats, a partir dels indicadors definits en el projecte de direcció i dels indicadors de progrés del projecte educatiu.</li>
</ul>
<p style="font-family: 'Helvetica Neue', Helvetica, Helvetica, Arial, sans-serif; font-size: 16px;">El director o directora del centre públic ha d&#8217;aprovar la programació general anual, amb la consulta prèvia al consell escolar del centre i han de garantir que la comunitat escolar és informada del seu contingut i del resultat de la seva avaluació.</p>
<table style="width: 100%; border-collapse: collapse; background-color: #393ff7;">
<tbody>
<tr>
<td style="width: 23.5921%;"><a href="https://drive.google.com/file/d/1iMJyadPr6LR0t0XJ8mSVs4aUh0lhEAem/view?usp=drive_link" target="_blank" rel="noopener"><img loading="lazy" decoding="async" class="wp-image-5424 size-medium aligncenter" src="https://agora.xtec.cat/ceiptorreroja/wp-content/uploads/usu1673/2025/12/PGA-213x300.jpg" alt="" width="213" height="300" srcset="https://agora.xtec.cat/ceiptorreroja/wp-content/uploads/usu1673/2025/12/PGA-213x300.jpg 213w, https://agora.xtec.cat/ceiptorreroja/wp-content/uploads/usu1673/2025/12/PGA.jpg 578w" sizes="auto, (max-width: 213px) 100vw, 213px" /></a></td>
<td style="width: 76.4079%;">
<h3>    <a href="https://drive.google.com/file/d/1iMJyadPr6LR0t0XJ8mSVs4aUh0lhEAem/view?usp=drive_link"><span style="color: #ffffff;">Cliqueu al damunt per a accedir al document</span></a></h3>
</td>
</tr>
</tbody>
</table>
<p>&nbsp;</p>
<p>&nbsp;</p>
<h6></h6>
<p>&nbsp;</p>
<p>&nbsp;</p>
<p>&nbsp;</p>
<p>&nbsp;</p>
<p>&nbsp;</p>
<p>&nbsp;</p>
<p>&nbsp;</p>
<p>&nbsp;</p>
<p>&nbsp;</p>
<p><a href="https://drive.google.com/file/d/1iMJyadPr6LR0t0XJ8mSVs4aUh0lhEAem/view?usp=drive_link" rel="attachment wp-att-5415">Cliqueu al damunt per a accedir al document</a></p>
<p>&nbsp;</p>
<p>&nbsp;</p>
<p>&nbsp;</p>
<p>&nbsp;</p>
<p>&nbsp;</p>
<p>&nbsp;</p>
<p>&nbsp;</p>
<p>&nbsp;</p>
<p>&nbsp;</p>
<p>&nbsp;</p>
<p>&nbsp;</p>
<p><a href="https://agora.xtec.cat/ceiptorreroja/documentacio-dorganitzacio-del-centre/pla-anual/attachment/pga-3/" rel="attachment wp-att-5413">Cliqueu al damunt per a accedir al document</a></p>

<p>Els centres han d&#8217;elaborar la programació general anual d&#8217;acord amb el que estableix l&#8217;article 10 del Decret 102/2010, d&#8217;autonomia dels centres educatius. En la programació es recull la concreció de les prioritats, de les activitats i del funcionament del centre per al curs escolar corresponent, dels&hellip;  <a href="https://agora.xtec.cat/ceiptorreroja/documentacio-dorganitzacio-del-centre/pla-anual/" title="Read Programació general anual (PGA)">Llegeix més»</a></p>
