{"id":652,"date":"2020-11-22T11:50:20","date_gmt":"2020-11-22T10:50:20","guid":{"rendered":"https:\/\/agora.xtec.cat\/ceiptorrentdenmelis\/?page_id=652"},"modified":"2020-11-29T11:19:58","modified_gmt":"2020-11-29T10:19:58","slug":"cantania","status":"publish","type":"page","link":"https:\/\/agora.xtec.cat\/ceiptorrentdenmelis\/lescola-participa-a\/cantania\/","title":{"rendered":"Cant\u00e0nia"},"content":{"rendered":"<p><a href=\"https:\/\/agora.xtec.cat\/ceiptorrentdenmelis\/wp-content\/uploads\/usu2278\/2020\/11\/CANTANIA113.0.jpg\"><img loading=\"lazy\" decoding=\"async\" class=\"aligncenter wp-image-653 \" src=\"https:\/\/agora.xtec.cat\/ceiptorrentdenmelis\/wp-content\/uploads\/usu2278\/2020\/11\/CANTANIA113.0.jpg\" alt=\"\" width=\"512\" height=\"185\" srcset=\"https:\/\/agora.xtec.cat\/ceiptorrentdenmelis\/wp-content\/uploads\/usu2278\/2020\/11\/CANTANIA113.0.jpg 830w, https:\/\/agora.xtec.cat\/ceiptorrentdenmelis\/wp-content\/uploads\/usu2278\/2020\/11\/CANTANIA113.0-300x108.jpg 300w, https:\/\/agora.xtec.cat\/ceiptorrentdenmelis\/wp-content\/uploads\/usu2278\/2020\/11\/CANTANIA113.0-768x278.jpg 768w\" sizes=\"auto, (max-width: 512px) 100vw, 512px\" \/><\/a><\/p>\n<p>Cant\u00e0nia \u00e9s una <strong>activitat participativa<\/strong> en la que s\u2019inscriuen escolars de cicle mitj\u00e0 i superior de prim\u00e0ria de Catalunya. A la nostra escola \u00e9s l&#8217;alumnat de cinqu\u00e8 l&#8217;encarregat de representar-nos i gaudir d&#8217;aquesta preciosa experi\u00e8ncia.<\/p>\n<p>Cada any s\u2019estrena una obra encarregada especialment per a aquesta activitat. Els enc\u00e0rrecs, fins a dia d\u2019avui, s\u2019han fet a <strong>compositors i escriptors catalans de reconegut prestigi<\/strong>.<\/p>\n<p>Aquest curs 2020-21 se celebren els 32 anys de Cant\u00e0nia.<\/p>\n<p>Cant\u00e0nia \u00e9s una activitat amb diferents fases d&#8217;actuaci\u00f3: sessions de formaci\u00f3 amb el professorat, treball del professorat a la seva aula i concerts finals interpretats per l&#8217;alumnat inscrit. Durant tot el curs escolar es treballa tant des de l&#8217;organitzaci\u00f3 com des de l&#8217;escola. L&#8217;objectiu \u00e9s organitzar un acte per als alumnes que, per les caracter\u00edstiques globals pensades exclusivament per a ells, per la qualitat i per la implicaci\u00f3 personal i col\u00b7lectiva en l&#8217;acte, es converteixi en una viv\u00e8ncia musical important i inoblidable per a tots.<\/p>\n","protected":false},"excerpt":{"rendered":"<p>Cant\u00e0nia \u00e9s una activitat participativa en la que s\u2019inscriuen escolars de cicle mitj\u00e0 i superior de prim\u00e0ria de Catalunya. A la nostra escola \u00e9s l&#8217;alumnat de cinqu\u00e8 l&#8217;encarregat de representar-nos i gaudir d&#8217;aquesta preciosa experi\u00e8ncia. Cada any s\u2019estrena una obra encarregada especialment per a aquesta activitat. Els enc\u00e0rrecs, fins a dia d\u2019avui, s\u2019han fet a [&hellip;]<\/p>\n","protected":false},"author":1,"featured_media":0,"parent":647,"menu_order":2,"comment_status":"closed","ping_status":"closed","template":"","meta":{"_bbp_topic_count":0,"_bbp_reply_count":0,"_bbp_total_topic_count":0,"_bbp_total_reply_count":0,"_bbp_voice_count":0,"_bbp_anonymous_reply_count":0,"_bbp_topic_count_hidden":0,"_bbp_reply_count_hidden":0,"_bbp_forum_subforum_count":0,"site-sidebar-layout":"default","site-content-layout":"","ast-site-content-layout":"","site-content-style":"default","site-sidebar-style":"default","ast-global-header-display":"","ast-banner-title-visibility":"","ast-main-header-display":"","ast-hfb-above-header-display":"","ast-hfb-below-header-display":"","ast-hfb-mobile-header-display":"","site-post-title":"","ast-breadcrumbs-content":"","ast-featured-img":"","footer-sml-layout":"","theme-transparent-header-meta":"","adv-header-id-meta":"","stick-header-meta":"","header-above-stick-meta":"","header-main-stick-meta":"","header-below-stick-meta":"","astra-migrate-meta-layouts":"default","ast-page-background-enabled":"default","ast-page-background-meta":{"desktop":{"background-color":"var(--ast-global-color-4)","background-image":"","background-repeat":"repeat","background-position":"center center","background-size":"auto","background-attachment":"scroll","background-type":"","background-media":"","overlay-type":"","overlay-color":"","overlay-opacity":"","overlay-gradient":""},"tablet":{"background-color":"","background-image":"","background-repeat":"repeat","background-position":"center center","background-size":"auto","background-attachment":"scroll","background-type":"","background-media":"","overlay-type":"","overlay-color":"","overlay-opacity":"","overlay-gradient":""},"mobile":{"background-color":"","background-image":"","background-repeat":"repeat","background-position":"center center","background-size":"auto","background-attachment":"scroll","background-type":"","background-media":"","overlay-type":"","overlay-color":"","overlay-opacity":"","overlay-gradient":""}},"ast-content-background-meta":{"desktop":{"background-color":"var(--ast-global-color-5)","background-image":"","background-repeat":"repeat","background-position":"center center","background-size":"auto","background-attachment":"scroll","background-type":"","background-media":"","overlay-type":"","overlay-color":"","overlay-opacity":"","overlay-gradient":""},"tablet":{"background-color":"var(--ast-global-color-5)","background-image":"","background-repeat":"repeat","background-position":"center center","background-size":"auto","background-attachment":"scroll","background-type":"","background-media":"","overlay-type":"","overlay-color":"","overlay-opacity":"","overlay-gradient":""},"mobile":{"background-color":"var(--ast-global-color-5)","background-image":"","background-repeat":"repeat","background-position":"center center","background-size":"auto","background-attachment":"scroll","background-type":"","background-media":"","overlay-type":"","overlay-color":"","overlay-opacity":"","overlay-gradient":""}},"footnotes":""},"class_list":["post-652","page","type-page","status-publish","hentry"],"post_mailing_queue_ids":[],"_links":{"self":[{"href":"https:\/\/agora.xtec.cat\/ceiptorrentdenmelis\/wp-json\/wp\/v2\/pages\/652","targetHints":{"allow":["GET"]}}],"collection":[{"href":"https:\/\/agora.xtec.cat\/ceiptorrentdenmelis\/wp-json\/wp\/v2\/pages"}],"about":[{"href":"https:\/\/agora.xtec.cat\/ceiptorrentdenmelis\/wp-json\/wp\/v2\/types\/page"}],"author":[{"embeddable":true,"href":"https:\/\/agora.xtec.cat\/ceiptorrentdenmelis\/wp-json\/wp\/v2\/users\/1"}],"replies":[{"embeddable":true,"href":"https:\/\/agora.xtec.cat\/ceiptorrentdenmelis\/wp-json\/wp\/v2\/comments?post=652"}],"version-history":[{"count":3,"href":"https:\/\/agora.xtec.cat\/ceiptorrentdenmelis\/wp-json\/wp\/v2\/pages\/652\/revisions"}],"predecessor-version":[{"id":680,"href":"https:\/\/agora.xtec.cat\/ceiptorrentdenmelis\/wp-json\/wp\/v2\/pages\/652\/revisions\/680"}],"up":[{"embeddable":true,"href":"https:\/\/agora.xtec.cat\/ceiptorrentdenmelis\/wp-json\/wp\/v2\/pages\/647"}],"wp:attachment":[{"href":"https:\/\/agora.xtec.cat\/ceiptorrentdenmelis\/wp-json\/wp\/v2\/media?parent=652"}],"curies":[{"name":"wp","href":"https:\/\/api.w.org\/{rel}","templated":true}]}}

Cantània

<p><a href="https://agora.xtec.cat/ceiptorrentdenmelis/wp-content/uploads/usu2278/2020/11/CANTANIA113.0.jpg"><img loading="lazy" decoding="async" class="aligncenter wp-image-653 " src="https://agora.xtec.cat/ceiptorrentdenmelis/wp-content/uploads/usu2278/2020/11/CANTANIA113.0.jpg" alt="" width="512" height="185" srcset="https://agora.xtec.cat/ceiptorrentdenmelis/wp-content/uploads/usu2278/2020/11/CANTANIA113.0.jpg 830w, https://agora.xtec.cat/ceiptorrentdenmelis/wp-content/uploads/usu2278/2020/11/CANTANIA113.0-300x108.jpg 300w, https://agora.xtec.cat/ceiptorrentdenmelis/wp-content/uploads/usu2278/2020/11/CANTANIA113.0-768x278.jpg 768w" sizes="auto, (max-width: 512px) 100vw, 512px" /></a></p>
<p>Cantània és una <strong>activitat participativa</strong> en la que s’inscriuen escolars de cicle mitjà i superior de primària de Catalunya. A la nostra escola és l&#8217;alumnat de cinquè l&#8217;encarregat de representar-nos i gaudir d&#8217;aquesta preciosa experiència.</p>
<p>Cada any s’estrena una obra encarregada especialment per a aquesta activitat. Els encàrrecs, fins a dia d’avui, s’han fet a <strong>compositors i escriptors catalans de reconegut prestigi</strong>.</p>
<p>Aquest curs 2020-21 se celebren els 32 anys de Cantània.</p>
<p>Cantània és una activitat amb diferents fases d&#8217;actuació: sessions de formació amb el professorat, treball del professorat a la seva aula i concerts finals interpretats per l&#8217;alumnat inscrit. Durant tot el curs escolar es treballa tant des de l&#8217;organització com des de l&#8217;escola. L&#8217;objectiu és organitzar un acte per als alumnes que, per les característiques globals pensades exclusivament per a ells, per la qualitat i per la implicació personal i col·lectiva en l&#8217;acte, es converteixi en una vivència musical important i inoblidable per a tots.</p>

<p>Cantània és una activitat participativa en la que s’inscriuen escolars de cicle mitjà i superior de primària de Catalunya. A la nostra escola és l&#8217;alumnat de cinquè l&#8217;encarregat de representar-nos i gaudir d&#8217;aquesta preciosa experiència. Cada any s’estrena una obra encarregada especialment per a aquesta activitat. Els encàrrecs, fins a dia d’avui, s’han fet a [&hellip;]</p>
