{"id":488,"date":"2020-10-13T11:24:35","date_gmt":"2020-10-13T09:24:35","guid":{"rendered":"https:\/\/agora.xtec.cat\/ceiptorrentdenmelis\/?page_id=488"},"modified":"2025-09-03T11:56:26","modified_gmt":"2025-09-03T09:56:26","slug":"blocs","status":"publish","type":"page","link":"https:\/\/agora.xtec.cat\/ceiptorrentdenmelis\/blocs\/","title":{"rendered":"Blogs \ud83d\udcdd"},"content":{"rendered":"\n<p>A l\u2019Escola Torrent d\u2019en Melis comptem amb diversos blogs on compartim experi\u00e8ncies, activitats i projectes que realitzem amb els infants. Podeu accedir-hi clicant sobre cada cicle.<\/p>\n\n\n\n<div class=\"wp-block-columns alignwide is-layout-flex wp-container-core-columns-is-layout-1 wp-block-columns-is-layout-flex\" style=\"margin-bottom:0\">\n<div class=\"wp-block-column has-text-color has-background has-link-color wp-elements-14413cf2021d376d6a46baef22efbade is-layout-flow wp-container-core-column-is-layout-1 wp-block-column-is-layout-flow\" style=\"color:#000000;background-color:#ffe97d;padding-top:2em;padding-right:0.9em;padding-bottom:2em;padding-left:0.9em\">\n<h2 class=\"wp-block-heading has-text-align-center\" id=\"single\" style=\"font-size:40px\"><a href=\"https:\/\/sites.google.com\/escolatorrentdenmelis.cat\/petits\/p%C3%A0gina-principal\">Cicle <strong>Infantil<\/strong><\/a><\/h2>\n\n\n\n<p class=\"has-text-align-left has-normal-font-size\" style=\"line-height:1.5\"><strong>Aqu\u00ed trobareu les activitats, sortides, projectes i moments especials de l\u2019alumnat d\u2019I3, I4 i I5.<\/strong><\/p>\n\n\n\n<hr class=\"wp-block-separator has-text-color has-css-opacity has-background is-style-wide\" style=\"background-color:#000000;color:#000000\"\/>\n\n\n\n<div class=\"wp-block-buttons alignfull is-horizontal is-content-justification-center is-layout-flex wp-container-core-buttons-is-layout-1 wp-block-buttons-is-layout-flex\">\n<div class=\"wp-block-button has-custom-width wp-block-button__width-100\"><a class=\"wp-block-button__link has-white-color has-text-color has-background no-border-radius wp-element-button\" href=\"https:\/\/sites.google.com\/escolatorrentdenmelis.cat\/petits\/p%C3%A0gina-principal\" style=\"background-color:#000000\">Accedir al Blog<\/a><\/div>\n<\/div>\n<\/div>\n\n\n\n<div class=\"wp-block-column has-text-color has-background has-link-color wp-elements-50dd6a7d5659795a62a6c4c1ffbc39bd is-layout-flow wp-block-column-is-layout-flow\" style=\"color:#000000;background-color:#d1d1e1;padding-top:2em;padding-right:0.9em;padding-bottom:2em;padding-left:0.9em\">\n<h2 class=\"wp-block-heading has-text-align-center\" id=\"family\" style=\"font-size:40px\"><a href=\"https:\/\/sites.google.com\/escolatorrentdenmelis.cat\/cicleinicial?usp=sharing\"><strong>Cicle <\/strong>inicial<\/a><\/h2>\n\n\n\n<p class=\"has-normal-font-size\" style=\"line-height:1.5\"><strong>Recull de les propostes d\u2019aprenentatge, festes i sortides de Primer i Segon.<\/strong><\/p>\n\n\n\n<hr class=\"wp-block-separator has-css-opacity is-style-wide\"\/>\n\n\n\n<div class=\"wp-block-buttons alignfull is-horizontal is-content-justification-center is-layout-flex wp-container-core-buttons-is-layout-2 wp-block-buttons-is-layout-flex\">\n<div class=\"wp-block-button has-custom-width wp-block-button__width-100 is-style-fill\"><a class=\"wp-block-button__link has-white-color has-text-color has-background no-border-radius wp-element-button\" href=\"https:\/\/sites.google.com\/escolatorrentdenmelis.cat\/cicleinicial?usp=sharing\" style=\"background-color:#000000\">Accedir al Blog<\/a><\/div>\n<\/div>\n<\/div>\n\n\n\n<div class=\"wp-block-column has-text-color has-background has-link-color wp-elements-310f8e91d7ae1c2e6ab99b1b3485a353 is-layout-flow wp-block-column-is-layout-flow\" style=\"color:#000000;background-color:#c0ebf1;padding-top:2em;padding-right:0.9em;padding-bottom:2em;padding-left:0.9em\">\n<h2 class=\"wp-block-heading has-text-align-center\" id=\"patron\" style=\"font-size:40px\"><strong><a href=\"https:\/\/sites.google.com\/escolatorrentdenmelis.cat\/ciclemitja?usp=sharing\">Cicle Mitj\u00e0<\/a><\/strong><\/h2>\n\n\n\n<p class=\"has-normal-font-size\"><strong>Not\u00edcies, projectes i activitats. Espai per compartir les activitats i projectes de Tercer i Quart.<\/strong><\/p>\n\n\n\n<hr class=\"wp-block-separator has-css-opacity is-style-wide\"\/>\n\n\n\n<div class=\"wp-block-buttons alignfull is-horizontal is-content-justification-center is-layout-flex wp-container-core-buttons-is-layout-3 wp-block-buttons-is-layout-flex\">\n<div class=\"wp-block-button has-custom-width wp-block-button__width-100\"><a class=\"wp-block-button__link has-white-color has-text-color has-background no-border-radius wp-element-button\" href=\"https:\/\/sites.google.com\/escolatorrentdenmelis.cat\/ciclemitja?usp=sharing\" style=\"background-color:#000000\">Accedir al Blog<\/a><\/div>\n<\/div>\n<\/div>\n\n\n\n<div class=\"wp-block-column has-ast-global-color-1-background-color has-text-color has-background has-link-color wp-elements-209d583a60f916631c61537adcafb63e is-layout-flow wp-block-column-is-layout-flow\" style=\"color:#000000;padding-top:2em;padding-right:0.9em;padding-bottom:2em;padding-left:0.9em\">\n<h2 class=\"wp-block-heading has-text-align-center\" id=\"patron\" style=\"font-size:40px\"><strong><a href=\"https:\/\/sites.google.com\/escolatorrentdenmelis.cat\/ciclesuperior?usp=sharing\">Cicle Superior<\/a><\/strong><\/h2>\n\n\n\n<p class=\"has-normal-font-size\"><strong>Not\u00edcies, projectes i activitats de Cinqu\u00e8 i Sis\u00e8.<\/strong><\/p>\n\n\n\n<hr class=\"wp-block-separator has-css-opacity is-style-wide\"\/>\n\n\n\n<div class=\"wp-block-buttons alignfull is-horizontal is-content-justification-center is-layout-flex wp-container-core-buttons-is-layout-4 wp-block-buttons-is-layout-flex\">\n<div class=\"wp-block-button has-custom-width wp-block-button__width-100\"><a class=\"wp-block-button__link has-white-color has-text-color has-background no-border-radius wp-element-button\" href=\"https:\/\/sites.google.com\/escolatorrentdenmelis.cat\/ciclesuperior?usp=sharing\" style=\"background-color:#000000\">Accedir al Blog<\/a><\/div>\n<\/div>\n<\/div>\n<\/div>\n\n\n\n<p><\/p>\n","protected":false},"excerpt":{"rendered":"<p>A l\u2019Escola Torrent d\u2019en Melis comptem amb diversos blogs on compartim experi\u00e8ncies, activitats i projectes que realitzem amb els infants. Podeu accedir-hi clicant sobre cada cicle. Cicle Infantil Aqu\u00ed trobareu les activitats, sortides, projectes i moments especials de l\u2019alumnat d\u2019I3, I4 i I5. Cicle inicial Recull de les propostes d\u2019aprenentatge, festes i sortides de Primer [&hellip;]<\/p>\n","protected":false},"author":1,"featured_media":0,"parent":0,"menu_order":0,"comment_status":"closed","ping_status":"closed","template":"","meta":{"_bbp_topic_count":0,"_bbp_reply_count":0,"_bbp_total_topic_count":0,"_bbp_total_reply_count":0,"_bbp_voice_count":0,"_bbp_anonymous_reply_count":0,"_bbp_topic_count_hidden":0,"_bbp_reply_count_hidden":0,"_bbp_forum_subforum_count":0,"site-sidebar-layout":"default","site-content-layout":"","ast-site-content-layout":"default","site-content-style":"default","site-sidebar-style":"default","ast-global-header-display":"","ast-banner-title-visibility":"","ast-main-header-display":"","ast-hfb-above-header-display":"","ast-hfb-below-header-display":"","ast-hfb-mobile-header-display":"","site-post-title":"","ast-breadcrumbs-content":"","ast-featured-img":"","footer-sml-layout":"","theme-transparent-header-meta":"","adv-header-id-meta":"","stick-header-meta":"","header-above-stick-meta":"","header-main-stick-meta":"","header-below-stick-meta":"","astra-migrate-meta-layouts":"set","ast-page-background-enabled":"default","ast-page-background-meta":{"desktop":{"background-color":"var(--ast-global-color-4)","background-image":"","background-repeat":"repeat","background-position":"center center","background-size":"auto","background-attachment":"scroll","background-type":"","background-media":"","overlay-type":"","overlay-color":"","overlay-opacity":"","overlay-gradient":""},"tablet":{"background-color":"","background-image":"","background-repeat":"repeat","background-position":"center center","background-size":"auto","background-attachment":"scroll","background-type":"","background-media":"","overlay-type":"","overlay-color":"","overlay-opacity":"","overlay-gradient":""},"mobile":{"background-color":"","background-image":"","background-repeat":"repeat","background-position":"center center","background-size":"auto","background-attachment":"scroll","background-type":"","background-media":"","overlay-type":"","overlay-color":"","overlay-opacity":"","overlay-gradient":""}},"ast-content-background-meta":{"desktop":{"background-color":"var(--ast-global-color-5)","background-image":"","background-repeat":"repeat","background-position":"center center","background-size":"auto","background-attachment":"scroll","background-type":"","background-media":"","overlay-type":"","overlay-color":"","overlay-opacity":"","overlay-gradient":""},"tablet":{"background-color":"var(--ast-global-color-5)","background-image":"","background-repeat":"repeat","background-position":"center center","background-size":"auto","background-attachment":"scroll","background-type":"","background-media":"","overlay-type":"","overlay-color":"","overlay-opacity":"","overlay-gradient":""},"mobile":{"background-color":"var(--ast-global-color-5)","background-image":"","background-repeat":"repeat","background-position":"center center","background-size":"auto","background-attachment":"scroll","background-type":"","background-media":"","overlay-type":"","overlay-color":"","overlay-opacity":"","overlay-gradient":""}},"footnotes":""},"class_list":["post-488","page","type-page","status-publish","hentry"],"post_mailing_queue_ids":[],"_links":{"self":[{"href":"https:\/\/agora.xtec.cat\/ceiptorrentdenmelis\/wp-json\/wp\/v2\/pages\/488","targetHints":{"allow":["GET"]}}],"collection":[{"href":"https:\/\/agora.xtec.cat\/ceiptorrentdenmelis\/wp-json\/wp\/v2\/pages"}],"about":[{"href":"https:\/\/agora.xtec.cat\/ceiptorrentdenmelis\/wp-json\/wp\/v2\/types\/page"}],"author":[{"embeddable":true,"href":"https:\/\/agora.xtec.cat\/ceiptorrentdenmelis\/wp-json\/wp\/v2\/users\/1"}],"replies":[{"embeddable":true,"href":"https:\/\/agora.xtec.cat\/ceiptorrentdenmelis\/wp-json\/wp\/v2\/comments?post=488"}],"version-history":[{"count":6,"href":"https:\/\/agora.xtec.cat\/ceiptorrentdenmelis\/wp-json\/wp\/v2\/pages\/488\/revisions"}],"predecessor-version":[{"id":1767,"href":"https:\/\/agora.xtec.cat\/ceiptorrentdenmelis\/wp-json\/wp\/v2\/pages\/488\/revisions\/1767"}],"wp:attachment":[{"href":"https:\/\/agora.xtec.cat\/ceiptorrentdenmelis\/wp-json\/wp\/v2\/media?parent=488"}],"curies":[{"name":"wp","href":"https:\/\/api.w.org\/{rel}","templated":true}]}}

<p>A l’Escola Torrent d’en Melis comptem amb diversos blogs on compartim experiències, activitats i projectes que realitzem amb els infants. Podeu accedir-hi clicant sobre cada cicle.</p>



<div class="wp-block-columns alignwide is-layout-flex wp-container-core-columns-is-layout-1 wp-block-columns-is-layout-flex" style="margin-bottom:0">
<div class="wp-block-column has-text-color has-background has-link-color wp-elements-14413cf2021d376d6a46baef22efbade is-layout-flow wp-container-core-column-is-layout-1 wp-block-column-is-layout-flow" style="color:#000000;background-color:#ffe97d;padding-top:2em;padding-right:0.9em;padding-bottom:2em;padding-left:0.9em">
<h2 class="wp-block-heading has-text-align-center" id="single" style="font-size:40px"><a href="https://sites.google.com/escolatorrentdenmelis.cat/petits/p%C3%A0gina-principal">Cicle <strong>Infantil</strong></a></h2>



<p class="has-text-align-left has-normal-font-size" style="line-height:1.5"><strong>Aquí trobareu les activitats, sortides, projectes i moments especials de l’alumnat d’I3, I4 i I5.</strong></p>



<hr class="wp-block-separator has-text-color has-css-opacity has-background is-style-wide" style="background-color:#000000;color:#000000"/>



<div class="wp-block-buttons alignfull is-horizontal is-content-justification-center is-layout-flex wp-container-core-buttons-is-layout-1 wp-block-buttons-is-layout-flex">
<div class="wp-block-button has-custom-width wp-block-button__width-100"><a class="wp-block-button__link has-white-color has-text-color has-background no-border-radius wp-element-button" href="https://sites.google.com/escolatorrentdenmelis.cat/petits/p%C3%A0gina-principal" style="background-color:#000000">Accedir al Blog</a></div>
</div>
</div>



<div class="wp-block-column has-text-color has-background has-link-color wp-elements-50dd6a7d5659795a62a6c4c1ffbc39bd is-layout-flow wp-block-column-is-layout-flow" style="color:#000000;background-color:#d1d1e1;padding-top:2em;padding-right:0.9em;padding-bottom:2em;padding-left:0.9em">
<h2 class="wp-block-heading has-text-align-center" id="family" style="font-size:40px"><a href="https://sites.google.com/escolatorrentdenmelis.cat/cicleinicial?usp=sharing"><strong>Cicle </strong>inicial</a></h2>



<p class="has-normal-font-size" style="line-height:1.5"><strong>Recull de les propostes d’aprenentatge, festes i sortides de Primer i Segon.</strong></p>



<hr class="wp-block-separator has-css-opacity is-style-wide"/>



<div class="wp-block-buttons alignfull is-horizontal is-content-justification-center is-layout-flex wp-container-core-buttons-is-layout-2 wp-block-buttons-is-layout-flex">
<div class="wp-block-button has-custom-width wp-block-button__width-100 is-style-fill"><a class="wp-block-button__link has-white-color has-text-color has-background no-border-radius wp-element-button" href="https://sites.google.com/escolatorrentdenmelis.cat/cicleinicial?usp=sharing" style="background-color:#000000">Accedir al Blog</a></div>
</div>
</div>



<div class="wp-block-column has-text-color has-background has-link-color wp-elements-310f8e91d7ae1c2e6ab99b1b3485a353 is-layout-flow wp-block-column-is-layout-flow" style="color:#000000;background-color:#c0ebf1;padding-top:2em;padding-right:0.9em;padding-bottom:2em;padding-left:0.9em">
<h2 class="wp-block-heading has-text-align-center" id="patron" style="font-size:40px"><strong><a href="https://sites.google.com/escolatorrentdenmelis.cat/ciclemitja?usp=sharing">Cicle Mitjà</a></strong></h2>



<p class="has-normal-font-size"><strong>Notícies, projectes i activitats. Espai per compartir les activitats i projectes de Tercer i Quart.</strong></p>



<hr class="wp-block-separator has-css-opacity is-style-wide"/>



<div class="wp-block-buttons alignfull is-horizontal is-content-justification-center is-layout-flex wp-container-core-buttons-is-layout-3 wp-block-buttons-is-layout-flex">
<div class="wp-block-button has-custom-width wp-block-button__width-100"><a class="wp-block-button__link has-white-color has-text-color has-background no-border-radius wp-element-button" href="https://sites.google.com/escolatorrentdenmelis.cat/ciclemitja?usp=sharing" style="background-color:#000000">Accedir al Blog</a></div>
</div>
</div>



<div class="wp-block-column has-ast-global-color-1-background-color has-text-color has-background has-link-color wp-elements-209d583a60f916631c61537adcafb63e is-layout-flow wp-block-column-is-layout-flow" style="color:#000000;padding-top:2em;padding-right:0.9em;padding-bottom:2em;padding-left:0.9em">
<h2 class="wp-block-heading has-text-align-center" id="patron" style="font-size:40px"><strong><a href="https://sites.google.com/escolatorrentdenmelis.cat/ciclesuperior?usp=sharing">Cicle Superior</a></strong></h2>



<p class="has-normal-font-size"><strong>Notícies, projectes i activitats de Cinquè i Sisè.</strong></p>



<hr class="wp-block-separator has-css-opacity is-style-wide"/>



<div class="wp-block-buttons alignfull is-horizontal is-content-justification-center is-layout-flex wp-container-core-buttons-is-layout-4 wp-block-buttons-is-layout-flex">
<div class="wp-block-button has-custom-width wp-block-button__width-100"><a class="wp-block-button__link has-white-color has-text-color has-background no-border-radius wp-element-button" href="https://sites.google.com/escolatorrentdenmelis.cat/ciclesuperior?usp=sharing" style="background-color:#000000">Accedir al Blog</a></div>
</div>
</div>
</div>



<p></p>

<p>A l’Escola Torrent d’en Melis comptem amb diversos blogs on compartim experiències, activitats i projectes que realitzem amb els infants. Podeu accedir-hi clicant sobre cada cicle. Cicle Infantil Aquí trobareu les activitats, sortides, projectes i moments especials de l’alumnat d’I3, I4 i I5. Cicle inicial Recull de les propostes d’aprenentatge, festes i sortides de Primer [&hellip;]</p>
