{"id":1710,"date":"2025-07-09T10:53:31","date_gmt":"2025-07-09T08:53:31","guid":{"rendered":"https:\/\/agora.xtec.cat\/ceiptorrentdenmelis\/?page_id=1710"},"modified":"2025-07-09T10:53:31","modified_gmt":"2025-07-09T08:53:31","slug":"contacte%f0%9f%93%9e","status":"publish","type":"page","link":"https:\/\/agora.xtec.cat\/ceiptorrentdenmelis\/contacte%f0%9f%93%9e\/","title":{"rendered":"Contacte\ud83d\udcde"},"content":{"rendered":"\n<p>Si necessiteu posar-vos en contacte amb l\u2019Escola Torrent d\u2019en Melis, podeu fer-ho a trav\u00e9s de les seg\u00fcents vies:<\/p>\n\n\n\n<p><strong>Tel\u00e8fon de l\u2019escola:<\/strong><br \/>\ud83d\udcf1 <strong>93 435 33 91<\/strong><\/p>\n\n\n\n<p><strong>Correu electr\u00f2nic general de l\u2019escola:<\/strong><br \/>\u2709\ufe0f <strong><a>a8039537@xtec.cat<\/a><\/strong><\/p>\n\n\n\n<hr class=\"wp-block-separator has-alpha-channel-opacity\"\/>\n\n\n\n<h1 class=\"wp-block-heading\">\ud83d\udcf2 Comunicaci\u00f3 amb Dinantia   <\/h1>\n\n\n\n<p>A l\u2019escola utilitzem <strong>Dinantia<\/strong> com a eina de comunicaci\u00f3 amb tota la comunitat educativa.<br \/>Per enviar un missatge a qualsevol persona o servei de l\u2019escola a trav\u00e9s de Dinantia, heu d\u2019afegir el seu <strong>nom de contacte<\/strong>:<\/p>\n\n\n\n<h3 class=\"wp-block-heading\">\ud83c\udf1f Equips i serveis<\/h3>\n\n\n\n<ul class=\"wp-block-list\">\n<li><strong>Direcci\u00f3:<\/strong> <em>Direcci\u00f3 S\u00f2nia<\/em><\/li>\n\n\n\n<li><strong>Cap d\u2019estudis:<\/strong> <em>Sandra<\/em><\/li>\n\n\n\n<li><strong>Secretaria:<\/strong> <em>M\u00f2nica<\/em><\/li>\n\n\n\n<li><strong>Administraci\u00f3:<\/strong> <em>Palmira<\/em><\/li>\n\n\n\n<li><strong>Coordinaci\u00f3 de menjador:<\/strong> <em>Xavi Menjador<\/em><\/li>\n\n\n\n<li><strong>AFA de l\u2019escola:<\/strong> <em>AFA<\/em><\/li>\n<\/ul>\n\n\n\n<hr class=\"wp-block-separator has-alpha-channel-opacity\"\/>\n\n\n\n<h3 class=\"wp-block-heading\">\ud83d\udc69\u200d\ud83c\udfeb Tutors i tutores<\/h3>\n\n\n\n<p>Cada grup-classe t\u00e9 el seu propi contacte Dinantia:<\/p>\n\n\n\n<p><strong>Infantil:<\/strong><\/p>\n\n\n\n<ul class=\"wp-block-list\">\n<li><em>Infantil 3A<\/em><\/li>\n\n\n\n<li><em>Infantil 4A<\/em><\/li>\n\n\n\n<li><em>Infantil 4B<\/em><\/li>\n\n\n\n<li><em>Infantil 5A<\/em><\/li>\n\n\n\n<li><em>Infantil 5B<\/em><\/li>\n<\/ul>\n\n\n\n<p><strong>Cicle Inicial:<\/strong><\/p>\n\n\n\n<ul class=\"wp-block-list\">\n<li><em>Primer A<\/em><\/li>\n\n\n\n<li><em>Primer B<\/em><\/li>\n\n\n\n<li><em>Segon A<\/em><\/li>\n\n\n\n<li><em>Segon B<\/em><\/li>\n<\/ul>\n\n\n\n<p><strong>Cicle Mitj\u00e0:<\/strong><\/p>\n\n\n\n<ul class=\"wp-block-list\">\n<li><em>Tercer A<\/em><\/li>\n\n\n\n<li><em>Tercer B<\/em><\/li>\n\n\n\n<li><em>Quart A<\/em><\/li>\n<\/ul>\n\n\n\n<p><strong>Cicle Superior:<\/strong><\/p>\n\n\n\n<ul class=\"wp-block-list\">\n<li><em>Cinqu\u00e8 A<\/em><\/li>\n\n\n\n<li><em>Cinqu\u00e8 B<\/em><\/li>\n\n\n\n<li><em>Sis\u00e8 A<\/em><\/li>\n\n\n\n<li><em>Sis\u00e8 B<\/em><\/li>\n<\/ul>\n\n\n\n<hr class=\"wp-block-separator has-alpha-channel-opacity\"\/>\n\n\n\n<h3 class=\"wp-block-heading\">\ud83c\udfaf Altres contactes<\/h3>\n\n\n\n<ul class=\"wp-block-list\">\n<li><strong>Coordinadora Digital:<\/strong> <em>Digital N\u00faria<\/em><\/li>\n\n\n\n<li><strong>M\u00fasica:<\/strong> <em>M\u00fasica<\/em><\/li>\n\n\n\n<li><strong>Angl\u00e8s:<\/strong> <em>Angl\u00e8s<\/em><\/li>\n\n\n\n<li><strong>Educaci\u00f3 F\u00edsica (grans o mitjans):<\/strong> <em>Educaci\u00f3 F\u00edsica<\/em><\/li>\n\n\n\n<li><strong>Aula d\u2019acollida:<\/strong> <em>Aula d\u2019Acollida<\/em><\/li>\n\n\n\n<li><strong>Diversitat (grans o mitjans):<\/strong> <em>Diversitat<\/em><\/li>\n<\/ul>\n\n\n\n<hr class=\"wp-block-separator has-alpha-channel-opacity\"\/>\n\n\n\n<p>Si teniu qualsevol dubte sobre com utilitzar Dinantia, podeu contactar amb secretaria o direcci\u00f3.<\/p>\n\n\n\n<p><\/p>\n","protected":false},"excerpt":{"rendered":"<p>Si necessiteu posar-vos en contacte amb l\u2019Escola Torrent d\u2019en Melis, podeu fer-ho a trav\u00e9s de les seg\u00fcents vies: Tel\u00e8fon de l\u2019escola:\ud83d\udcf1 93 435 33 91 Correu electr\u00f2nic general de l\u2019escola:\u2709\ufe0f a8039537@xtec.cat \ud83d\udcf2 Comunicaci\u00f3 amb Dinantia A l\u2019escola utilitzem Dinantia com a eina de comunicaci\u00f3 amb tota la comunitat educativa.Per enviar un missatge a qualsevol persona [&hellip;]<\/p>\n","protected":false},"author":1,"featured_media":0,"parent":0,"menu_order":0,"comment_status":"closed","ping_status":"close","template":"","meta":{"_bbp_topic_count":0,"_bbp_reply_count":0,"_bbp_total_topic_count":0,"_bbp_total_reply_count":0,"_bbp_voice_count":0,"_bbp_anonymous_reply_count":0,"_bbp_topic_count_hidden":0,"_bbp_reply_count_hidden":0,"_bbp_forum_subforum_count":0,"site-sidebar-layout":"default","site-content-layout":"","ast-site-content-layout":"default","site-content-style":"default","site-sidebar-style":"default","ast-global-header-display":"","ast-banner-title-visibility":"","ast-main-header-display":"","ast-hfb-above-header-display":"","ast-hfb-below-header-display":"","ast-hfb-mobile-header-display":"","site-post-title":"","ast-breadcrumbs-content":"","ast-featured-img":"","footer-sml-layout":"","theme-transparent-header-meta":"","adv-header-id-meta":"","stick-header-meta":"","header-above-stick-meta":"","header-main-stick-meta":"","header-below-stick-meta":"","astra-migrate-meta-layouts":"set","ast-page-background-enabled":"default","ast-page-background-meta":{"desktop":{"background-color":"var(--ast-global-color-4)","background-image":"","background-repeat":"repeat","background-position":"center center","background-size":"auto","background-attachment":"scroll","background-type":"","background-media":"","overlay-type":"","overlay-color":"","overlay-opacity":"","overlay-gradient":""},"tablet":{"background-color":"","background-image":"","background-repeat":"repeat","background-position":"center center","background-size":"auto","background-attachment":"scroll","background-type":"","background-media":"","overlay-type":"","overlay-color":"","overlay-opacity":"","overlay-gradient":""},"mobile":{"background-color":"","background-image":"","background-repeat":"repeat","background-position":"center center","background-size":"auto","background-attachment":"scroll","background-type":"","background-media":"","overlay-type":"","overlay-color":"","overlay-opacity":"","overlay-gradient":""}},"ast-content-background-meta":{"desktop":{"background-color":"var(--ast-global-color-5)","background-image":"","background-repeat":"repeat","background-position":"center center","background-size":"auto","background-attachment":"scroll","background-type":"","background-media":"","overlay-type":"","overlay-color":"","overlay-opacity":"","overlay-gradient":""},"tablet":{"background-color":"var(--ast-global-color-5)","background-image":"","background-repeat":"repeat","background-position":"center center","background-size":"auto","background-attachment":"scroll","background-type":"","background-media":"","overlay-type":"","overlay-color":"","overlay-opacity":"","overlay-gradient":""},"mobile":{"background-color":"var(--ast-global-color-5)","background-image":"","background-repeat":"repeat","background-position":"center center","background-size":"auto","background-attachment":"scroll","background-type":"","background-media":"","overlay-type":"","overlay-color":"","overlay-opacity":"","overlay-gradient":""}},"footnotes":""},"class_list":["post-1710","page","type-page","status-publish","hentry"],"post_mailing_queue_ids":[],"_links":{"self":[{"href":"https:\/\/agora.xtec.cat\/ceiptorrentdenmelis\/wp-json\/wp\/v2\/pages\/1710","targetHints":{"allow":["GET"]}}],"collection":[{"href":"https:\/\/agora.xtec.cat\/ceiptorrentdenmelis\/wp-json\/wp\/v2\/pages"}],"about":[{"href":"https:\/\/agora.xtec.cat\/ceiptorrentdenmelis\/wp-json\/wp\/v2\/types\/page"}],"author":[{"embeddable":true,"href":"https:\/\/agora.xtec.cat\/ceiptorrentdenmelis\/wp-json\/wp\/v2\/users\/1"}],"replies":[{"embeddable":true,"href":"https:\/\/agora.xtec.cat\/ceiptorrentdenmelis\/wp-json\/wp\/v2\/comments?post=1710"}],"version-history":[{"count":1,"href":"https:\/\/agora.xtec.cat\/ceiptorrentdenmelis\/wp-json\/wp\/v2\/pages\/1710\/revisions"}],"predecessor-version":[{"id":1712,"href":"https:\/\/agora.xtec.cat\/ceiptorrentdenmelis\/wp-json\/wp\/v2\/pages\/1710\/revisions\/1712"}],"wp:attachment":[{"href":"https:\/\/agora.xtec.cat\/ceiptorrentdenmelis\/wp-json\/wp\/v2\/media?parent=1710"}],"curies":[{"name":"wp","href":"https:\/\/api.w.org\/{rel}","templated":true}]}}