{"id":1044,"date":"2022-06-14T14:03:22","date_gmt":"2022-06-14T12:03:22","guid":{"rendered":"https:\/\/agora.xtec.cat\/ceiptorrentdenmelis\/?page_id=1044"},"modified":"2024-02-15T12:29:53","modified_gmt":"2024-02-15T11:29:53","slug":"4-acolliment-digital","status":"publish","type":"page","link":"https:\/\/agora.xtec.cat\/ceiptorrentdenmelis\/cultura-digital\/4-acolliment-digital\/","title":{"rendered":"3. Acolliment digital"},"content":{"rendered":"<p class=\"zfr3Q CDt4Ke \" dir=\"ltr\" role=\"presentation\"><span class=\"C9DxTc \">L&#8217;<\/span><span class=\"C9DxTc \">acolliment digital<\/span><span class=\"C9DxTc \">\u00a0forma part de l&#8217;acolliment general\u00a0<\/span><span class=\"C9DxTc \">de l&#8217;escola. A l&#8217;escola t<\/span><span class=\"C9DxTc \">enim en\u00a0<\/span><span class=\"C9DxTc \">compte la incorporaci\u00f3 de nou alumnat, les noves fam\u00edlies i els nous docents.\u00a0<\/span><span class=\"C9DxTc \">Per aquest motiu \u00e9s important establir una planificaci\u00f3 en temes digitals, com quins serveis s&#8217;ofereixen, quines autoritzacions es necessiten, qui s\u00f3n els responsables d&#8217;oferir els diferents serveis, la disponibilitat de maquinari, els diferents usuaris, etc.<\/span><\/p>\n<p><img loading=\"lazy\" decoding=\"async\" class=\"aligncenter size-large wp-image-1200\" src=\"https:\/\/agora.xtec.cat\/ceiptorrentdenmelis\/wp-content\/uploads\/usu2278\/2023\/01\/1-1024x173.png\" alt=\"\" width=\"1024\" height=\"173\" srcset=\"https:\/\/agora.xtec.cat\/ceiptorrentdenmelis\/wp-content\/uploads\/usu2278\/2023\/01\/1-1024x173.png 1024w, https:\/\/agora.xtec.cat\/ceiptorrentdenmelis\/wp-content\/uploads\/usu2278\/2023\/01\/1-300x51.png 300w, https:\/\/agora.xtec.cat\/ceiptorrentdenmelis\/wp-content\/uploads\/usu2278\/2023\/01\/1-768x130.png 768w, https:\/\/agora.xtec.cat\/ceiptorrentdenmelis\/wp-content\/uploads\/usu2278\/2023\/01\/1.png 1128w\" sizes=\"auto, (max-width: 1024px) 100vw, 1024px\" \/><\/p>\n<h1><b>1. ACOLLIDA I ORGANITZACI\u00d3 DEL CENTRE\u00a0<\/b><\/h1>\n<ul>\n<li style=\"font-weight: 400;\" aria-level=\"1\"><span style=\"font-weight: 400;\">Cal comunicar les dades personals a la direcci\u00f3 del centre, per tal de realitzar una actualitzaci\u00f3 d\u2019aquestes al programa Esfera.\u00a0<\/span><\/li>\n<li style=\"font-weight: 400;\" aria-level=\"1\"><span style=\"font-weight: 400;\">En cas de ser el primer nomenament i no disposar d\u2019usuari Xtec, la directora del centre gestionar\u00e0 l\u2019alta a aquest servei. Disposar d\u2019aquest usuari \u00e9s imprescindible per a la comunicaci\u00f3 corporativa del docent.\u00a0<\/span><\/li>\n<li style=\"font-weight: 400;\" aria-level=\"1\"><span style=\"font-weight: 400;\">A l\u2019hora de comunicar-nos amb l\u2019alumnat i amb les fam\u00edlies, a l\u2019escola fem servir l\u2019aplicaci\u00f3 Dinantia i el correu electr\u00f2nic amb domini &#8230;.<\/span><i><span style=\"font-weight: 400;\">@escolatorrentdenmelis.cat<\/span><\/i><span style=\"font-weight: 400;\"> la direcci\u00f3 donar\u00e0 aquest correu conjuntament amb la contrasenya.\u00a0<\/span><\/li>\n<li style=\"font-weight: 400;\" aria-level=\"1\"><span style=\"font-weight: 400;\">A la web de l\u2019escola podran trobar un bot\u00f3 per omplir en cas d\u2019incid\u00e8ncies digitals. Tamb\u00e9 poden obrir incid\u00e8ncia directament els docents. <\/span><a href=\"mailto:Sau.tic@pautic.gencat.cat\"><span style=\"font-weight: 400;\">Sau.tic@pautic.gencat.cat<\/span><\/a><span style=\"font-weight: 400;\">\u00a0<\/span><\/li>\n<\/ul>\n<h1><b>2. PRESENTACI\u00d3 DELS RECURSOS I ORGANITZACI\u00d3 DIGITAL\u00a0<\/b><\/h1>\n<p><span style=\"font-weight: 400;\">2.1. Organitzaci\u00f3 dels recursos digitals del centre\u00a0<\/span><\/p>\n<p><strong>2.1.1\u00a0 La nostra xarxa<\/strong><\/p>\n<p><span style=\"font-weight: 400;\">La nostra escola compta amb connexi\u00f3 a internet a tot l\u2019edifici. Totes les aules tenen connexi\u00f3 a internet a trav\u00e9s del port\u00e0til docent. A l\u2019escola comptem amb una WIFI amb el nom de <\/span><i><span style=\"font-weight: 400;\">gencat_ens_edu<\/span><\/i><span style=\"font-weight: 400;\"> que \u00e9s la que fem servir pels port\u00e0tils de l\u2019escola, les tauletes, els port\u00e0tils de l\u2019alumnat de 3r, 4t, 5\u00e8 i 6\u00e8 i els ordinadors dels docents. La contrasenya la facilitar\u00e0 la coordinadora digital. Per aquells docents que necessitin connectar els seus dispositius personals de treball a la xarxa wifi, caldr\u00e0 fer-ho a la wifi eduroam. Per entrar en aquesta xarxa, cal fer servir l\u2019usuari xtec i la contrasenya de l\u2019Atri.\u00a0<\/span><\/p>\n<p><strong>2.1.2 \u00das dels dispositius comuns<\/strong><\/p>\n<p><span style=\"font-weight: 400;\">Caldr\u00e0 ser curosos i tancar les nostres sessions de treball una vegada hem acabat de fer-les servir. Es recomana fer \u00fas dels port\u00e0tils docents, i aix\u00ed deixar lliures els ordinadors per a aquells docents que no tenen port\u00e0til o que el necessiten per imprimir. (Ordinadors sala de mestres)\u00a0<\/span><\/p>\n<p><strong>2.1.3 Impressores<\/strong><\/p>\n<p><span style=\"font-weight: 400;\">Comptem amb diverses impressores. Aquestes impressores estan configurades a tots els port\u00e0tils docents i ordinadors de sobretaula. En cas de ser un mestre nou cal configurar la impressora K\u00f2nica i Xerox. Aquesta funci\u00f3 la far\u00e0 l\u2019inform\u00e0tic preventiu en cas previ av\u00eds a la coordinadora digital o per l\u2019aplicatiu <\/span><a href=\"https:\/\/docs.google.com\/forms\/d\/e\/1FAIpQLScPwYdKuB4JxW0mw_CZ5tT0GyzAW5xu3e98fBYoF5hFH-Uujw\/viewform\"><span style=\"font-weight: 400;\">d\u2019incid\u00e8ncies digitals.<\/span><\/a><\/p>\n<p><span style=\"font-weight: 400;\">Per imprimir cal demanar el codi a la direcci\u00f3 del centre. El codi servir\u00e0 el mateix per a les dues impressores. Tenint en compte que a la k\u00f2nica tamb\u00e9 s\u2019haur\u00e0 de posar l\u2019usuari.\u00a0<\/span><\/p>\n<ul>\n<li style=\"font-weight: 400;\" aria-level=\"1\"><b>Konica:<\/b><span style=\"font-weight: 400;\"> situada a la consergeria, imprimeix a color i blanc i negre. A aquesta impressora es poden enviar documents des dels port\u00e0tils dels docents.\u00a0<\/span><\/li>\n<li style=\"font-weight: 400;\" aria-level=\"1\"><b>Konica Minolta infantil:<\/b><span style=\"font-weight: 400;\"> situada a l\u2019edifici d\u2019EI , imprimeix a blanc i negre. A aquesta impressora es poden enviar documents des dels port\u00e0tils dels docents.<\/span><\/li>\n<li style=\"font-weight: 400;\" aria-level=\"1\"><b>Xerox 7545:<\/b><span style=\"font-weight: 400;\"> Aquesta impressora est\u00e0 situada a la consergeria. Imprimeix en blanc i negre i color. A aquesta impressora es poden enviar documents des dels port\u00e0tils dels docents.\u00a0<\/span><\/li>\n<li style=\"font-weight: 400;\" aria-level=\"1\"><b>Xerox VersaLink<\/b><span style=\"font-weight: 400;\">: impressora situada al despatx de direcci\u00f3. Fa c\u00f2pies a color i blanc i negre i nom\u00e9s fa servir l\u2019equip directiu.<\/span><\/li>\n<\/ul>\n<p><strong>2.1.4 Espais de treball\u00a0<\/strong><\/p>\n<ul>\n<li style=\"list-style-type: none;\">\n<ul>\n<li style=\"font-weight: 400;\" aria-level=\"1\"><span style=\"font-weight: 400;\">Es d\u00f3na a cada docent un correu del domini\u00a0<\/span><i><span style=\"font-weight: 400;\">@escolatorrentdenmelis.cat\u00a0<\/span><\/i><span style=\"font-weight: 400;\">i una contrasenya.\u00a0 Se\u2019ls donen permisos\u00a0a les unitats compartides de\u00a0Google drive, amb diferents tipus d\u2019acc\u00e9s.\u00a0<\/span><\/li>\n<li style=\"font-weight: 400;\" aria-level=\"1\"><span style=\"font-weight: 400;\">A la carpeta compartida fotos i v\u00eddeos es poden penjar algunes fotografies de la generaci\u00f3 en acabar el curs. Recollides del bloc.\u00a0<\/span><\/li>\n<\/ul>\n<\/li>\n<\/ul>\n<ul>\n<li style=\"font-weight: 400;\" aria-level=\"1\"><span style=\"font-weight: 400;\">Les fotografies de sortides i activitats cada tutora o tutor les gestionar\u00e0 amb la comunitat per tal de publicar al Bloc. \u00c9s important acordar el n\u00famero d\u2019entrades al bloc amb el cicle o nivell.\u00a0Les fotos del Bloc han de ser amb contrasenya. <\/span><a href=\"https:\/\/drive.google.com\/file\/d\/1bJnlr6JNBjRKOEQIMnFSjuft3CPrk2vE\/view?usp=sharing\"><span style=\"font-weight: 400;\">VIDEO\u00a0<\/span><\/a> <i><span style=\"font-weight: 400;\">DRIVE\/UNITATS COMPARTIDES\/FOTOS I V\u00cdDEOS\/\u00a0<\/span><\/i><\/li>\n<\/ul>\n<ul>\n<li style=\"font-weight: 400;\" aria-level=\"1\"><span style=\"font-weight: 400;\">Cal revisar les autoritzacions de DRETS D\u2019imatge, autoria, xarxes socials i blocs que han autoritzat o no les fam\u00edlies. 07_Alumnat\/Autoritzacions\/Dretsd\u2019imatge\/Generaci\u00f3.<\/span><\/li>\n<li style=\"font-weight: 400;\" aria-level=\"1\"><span style=\"font-weight: 400;\">S\u2019informa a tots els docents que est\u00e0 totalment prohibit publicar fotografies i v\u00eddeos d\u2019alumnes a les seves xarxes socials.<\/span><\/li>\n<li style=\"font-weight: 400;\" aria-level=\"1\"><span style=\"font-weight: 400;\">A \u201cMi PC\u201d\/\u201dEl meu ordinador\u201d es troben les carpetes T, P, S.\u00a0 A la Carpeta P: \u00e9s una carpeta que nom\u00e9s pots accedir des de l\u2019escola i es poden guardar treballs.\u00a0<\/span><\/li>\n<\/ul>\n<p><strong>2.1.5 Equipaments\u00a0<\/strong><\/p>\n<p><span style=\"font-weight: 400;\">Aules: tenen una pantalla digital o projecci\u00f3. Estem a l\u2019espera d\u2019una dotaci\u00f3 de noves pantalles digitals per a totes les aules.\u00a0<\/span><\/p>\n<p><b>Tercer i Quart:<\/b><span style=\"font-weight: 400;\"> Les dues aules de 3r i les dues aules de 4t compten amb un carro de 10 port\u00e0tils chromebooks per emmagatzemar i carregar els port\u00e0tils de l\u2019escola que fa servir l\u2019alumnat.\u00a0<\/span><\/p>\n<ol>\n<li style=\"font-weight: 400;\" aria-level=\"1\"><span style=\"font-weight: 400;\">L\u2019\u00fas dels chromebooks \u00e9s d\u2019\u00fas exclusiu per l\u2019alumnat. En cap cas, cap mestre\/a i\/o personal no docent, podr\u00e0 fer-ne \u00fas.<\/span><\/li>\n<li style=\"font-weight: 400;\" aria-level=\"1\"><span style=\"font-weight: 400;\">En cas d&#8217;avaria d\u2019un chromebook de cinqu\u00e8 o sis\u00e8. Aquests tindran prioritat per utilitzar els chromebooks propis de l\u2019escola.<\/span><\/li>\n<li style=\"font-weight: 400;\" aria-level=\"1\"><span style=\"font-weight: 400;\">La c\u00e0rrega dels chromebooks va a c\u00e0rrec del tutor o tutora d\u2019aquella aula.\u00a0<\/span><\/li>\n<li style=\"font-weight: 400;\" aria-level=\"1\"><span style=\"font-weight: 400;\">\u00c9s responsabilitat del tutor\/a assignar un chromebook a dos o tres alumnes per tal d\u2019assegurar que utilitzin sempre el mateix dispositu. D\u2019aquesta manera els chromebooks no es veuran afectats per la limitaci\u00f3 de mem\u00f2ria.<\/span><\/li>\n<li style=\"font-weight: 400;\" aria-level=\"1\"><span style=\"font-weight: 400;\">Per facilitar el bon funcionament del dispositiu cal evitar omplir la mem\u00f2ria amb: fotografies, fons de pantalla, punters de ratol\u00ed&#8230;<\/span><\/li>\n<\/ol>\n<p><span style=\"font-weight: 400;\">En cas d\u2019avaria d\u2019aquests chromebooks s\u2019haur\u00e0 d\u2019omplir el <\/span><a href=\"https:\/\/docs.google.com\/forms\/d\/e\/1FAIpQLScPwYdKuB4JxW0mw_CZ5tT0GyzAW5xu3e98fBYoF5hFH-Uujw\/viewform\"><span style=\"font-weight: 400;\">q\u00fcestionari d\u2019incid\u00e8ncies digitals.<\/span><\/a><span style=\"font-weight: 400;\">\u00a0<\/span><\/p>\n<p><b>Tauletes:<\/b><span style=\"font-weight: 400;\"> L\u2019escola tamb\u00e9 disposa de 25 tauletes. 12 Tauletes en el primer passad\u00eds per utilitzar la comunitat de petits i 1r i\u00a0 2n. I 13 tauletes en el segon passad\u00eds que fa servir 3r i la comunitat de grans. <\/span><a href=\"https:\/\/drive.google.com\/drive\/folders\/1d6qVsHzNG01xrOzEFZG0H2N45JvaxHcx?usp=drive_link\"><span style=\"font-weight: 400;\">Cal apuntar-se a l\u2019horari per reservar les tauletes<\/span><\/a><span style=\"font-weight: 400;\">. Els docents s\u00f3n els encarregats de comprovar que es faci un bon \u00fas d\u2019aquests dispositius, aix\u00ed com que quedin ben endre\u00e7ats i endollats.\u00a0<\/span><\/p>\n<p><b>Equipaments so:<\/b><span style=\"font-weight: 400;\"> al despatx hi ha un altaveu que es far\u00e0 servir per a festes de l\u2019escola. Tamb\u00e9 hi ha dos micr\u00f2fons inal\u00e0mbrics. Caldr\u00e0 tenir cura d\u2019aquest equipament.\u00a0<\/span><\/p>\n<p><strong>2.1.6 Port\u00e0til docent\u00a0<\/strong><\/p>\n<p><span style=\"font-weight: 400;\">A cada docent del centre se li ha de lliurar un ordinador port\u00e0til. Les caracter\u00edstiques d\u2019aquests ordinadors s\u00f3n les seg\u00fcents: Lenovo model Thinkbook 14 IIL, amb pantalla de 14\u2019\u2019, RAM de 8 GB i disc dur de 256 GB. El sistema operatiu \u00e9s Windows. Cada ordinador est\u00e0 associat a un docent que hi accedir\u00e0 mitjan\u00e7ant un usuari exclusiu per a aquests ordinadors. Les dades per a accedir a aquest ordinador s\u00f3n l\u2019usuari <\/span><span style=\"font-weight: 400;\">xtec@edu.gencat.cat<\/span><span style=\"font-weight: 400;\"> i la contrasenya la mateixa que a l\u2019Atri. En cas de realitzar una substituci\u00f3, depenent del temps de baixa de la persona titular del centre se li cedir\u00e0 l\u2019ordinador d\u2019aquesta persona o no. Aquests ordinadors s\u00f3n gestionats per la consola Intune del centre i, per tant, se\u2019n pot fer la seva tra\u00e7abilitat. Cal recordar que es tracta d\u2019una eina de feina i no d\u2019\u00fas privat. Tamb\u00e9 \u00e9s important tenir cura d\u2019aquest dispositiu i retornar-lo al centre sempre que es demani. \u00c9s molt important comunicar incid\u00e8ncies a la coordinaci\u00f3 digital per tal de solucionar-les. La coordinadora digital far\u00e0 entrega dels PC a principi de curs i els recollir\u00e0 quan aquest s\u2019acabi.\u00a0<\/span><\/p>\n<p><strong>2.1.7 Web nodes\u00a0<\/strong><\/p>\n<p><span style=\"font-weight: 400;\">L\u2019adre\u00e7a de la p\u00e0gina web de l\u2019escola \u00e9s <\/span><a href=\"http:\/\/www.escolatorrentdenmelis.cat\"><span style=\"font-weight: 400;\">www.escolatorrentdenmelis.cat<\/span><\/a><span style=\"font-weight: 400;\">.<\/span> <span style=\"font-weight: 400;\">En aquesta p\u00e0gina, hi t\u00e9 perm\u00eds d\u2019edici\u00f3 la coordinadora digital i l\u2019equip directiu.\u00a0<\/span><\/p>\n<p><strong>2.1.8 Comunicaci\u00f3 amb les fam\u00edlies<\/strong><\/p>\n<p><span style=\"font-weight: 400;\">A l\u2019escola fem servir l\u2019aplicaci\u00f3 Dinantia com a mitj\u00e0 de comunicaci\u00f3 fam\u00edlia-Escola-fam\u00edlia. Les fam\u00edlies poden comunicar-se amb qualsevol docent de l\u2019escola. Concertar entrevistes, fer aportacions econ\u00f2miques, visualitzar el calendari&#8230;<\/span><\/p>\n<p><b>Blocs de l\u2019escola<\/b><span style=\"font-weight: 400;\">: \u00e9s la plataforma que fem servir amb les fam\u00edlies per visualitzar les fotografies i v\u00eddeos. Aquest bloc est\u00e0 restringit amb contrasenya per poder visualitzar les imatges.<\/span><\/p>\n<p><strong>2.1.10 Drets d\u2019imatge del professorat<\/strong><\/p>\n<p>Demanar els drets d&#8217;imatge a trav\u00e9s del Dinantia implica obtenir el consentiment del professorat per utilitzar les seves imatges d&#8217;acord amb els prop\u00f2sits espec\u00edfics establerts per l&#8217;escola.<\/p>\n<ul>\n<li style=\"font-weight: 400;\" aria-level=\"1\"><a href=\"https:\/\/docs.google.com\/presentation\/d\/1SXjVYBdSHtnVDQ5uCbFsktkxuNgz3bBqdqcTXuT0pu8\/present?slide=id.p1\"><span style=\"font-weight: 400;\">Proc\u00e9s d&#8217;assignaci\u00f3 dels port\u00e0tils (Docents i alumnat)\u00a0<\/span><\/a><\/li>\n<li aria-level=\"1\"><a href=\"https:\/\/drive.google.com\/file\/d\/1t66gsGt4vVKA505VS9fYQo2npZ_ncGmQ\/view?usp=sharing\">Gesti\u00f3 dels sinistres de maquinari TIC als centres educatius (Docents i alumnat)<\/a><\/li>\n<li style=\"font-weight: 400;\" aria-level=\"1\"><a href=\"https:\/\/docs.google.com\/presentation\/d\/1ghueqQRJLITRNFDmz5U4uFoihRaqn_WymKsmA2qqF48\/present?slide=id.p1\"><span style=\"font-weight: 400;\">Proc\u00e9s d&#8217;esborrat dels equips (Docents i alumnat)<\/span><\/a><\/li>\n<\/ul>\n<p><img loading=\"lazy\" decoding=\"async\" class=\"aligncenter size-large wp-image-1201\" src=\"https:\/\/agora.xtec.cat\/ceiptorrentdenmelis\/wp-content\/uploads\/usu2278\/2023\/01\/2-1024x173.png\" alt=\"\" width=\"1024\" height=\"173\" srcset=\"https:\/\/agora.xtec.cat\/ceiptorrentdenmelis\/wp-content\/uploads\/usu2278\/2023\/01\/2-1024x173.png 1024w, https:\/\/agora.xtec.cat\/ceiptorrentdenmelis\/wp-content\/uploads\/usu2278\/2023\/01\/2-300x51.png 300w, https:\/\/agora.xtec.cat\/ceiptorrentdenmelis\/wp-content\/uploads\/usu2278\/2023\/01\/2-768x130.png 768w, https:\/\/agora.xtec.cat\/ceiptorrentdenmelis\/wp-content\/uploads\/usu2278\/2023\/01\/2.png 1128w\" sizes=\"auto, (max-width: 1024px) 100vw, 1024px\" \/><\/p>\n<ul>\n<li style=\"font-weight: 400;\" aria-level=\"1\"><span style=\"font-weight: 400;\">A partir de 1r es demana<\/span> una <a href=\"https:\/\/drive.google.com\/file\/d\/1cLqNkNzMOU2k-4YI05mrLEBZYs7yWzaT\/view?usp=sharing\"><b>autoritzaci\u00f3 a les fam\u00edlies <\/b><\/a><span style=\"font-weight: 400;\">per obrir un correu electr\u00f2nic amb el domini<\/span> <span style=\"font-weight: 400;\">de centre per a cada infant.\u00a0 &#8230;&#8230;..@escolatorrentdenmelis.cat\u00a0<\/span><\/li>\n<li style=\"font-weight: 400;\" aria-level=\"1\"><span style=\"font-weight: 400;\">L\u2019alumnat mant\u00e9 el seu correu fins al final de l&#8217;escolaritat. Un cop finalitzat el per\u00edode escolar, s\u2019elimina el correu.\u00a0<\/span><\/li>\n<li style=\"font-weight: 400;\" aria-level=\"1\"><span style=\"font-weight: 400;\">Es presenta a l&#8217;alumnat els espais web del centre i els que serviran per al seu treball educatiu.( web, blocs, drive, classroom&#8230;)<\/span><\/li>\n<li style=\"font-weight: 400;\" aria-level=\"1\"><span style=\"font-weight: 400;\">Es presenta a l\u2019alumnat els dispositius que far\u00e0 servir a l&#8217;escola: chromebooks, tauletes i robots.<\/span><\/li>\n<li style=\"font-weight: 400;\" aria-level=\"1\"><span style=\"font-weight: 400;\">En els port\u00e0tils de 5\u00e8 i 6\u00e8. S\u2019expliquen i es treballen els<\/span><a href=\"https:\/\/docs.google.com\/document\/d\/1f1bnH03l6GJo0ZKq96Ja6w_nK97p52cb\/edit?usp=sharing&amp;ouid=107707515591782370290&amp;rtpof=true&amp;sd=true\"> <b>compromisos i avaries de 6\u00e8 i 5\u00e8<\/b><\/a> <a href=\"https:\/\/docs.google.com\/document\/d\/1sLJlBm0ftVFwgpI2PG8lBa55q4CspFVcGx3-2eJlPJQ\/edit?usp=sharing\"><b>i les normes d&#8217;\u00fas dels port\u00e0tils a l\u2019aula i a casa<\/b><\/a><b>.<\/b><\/li>\n<li style=\"font-weight: 400;\" aria-level=\"1\"><span style=\"font-weight: 400;\">La coordinadora vetlla pel manteniment de les contrasenyes i les normes d&#8217;\u00fas \u00e8tic de la tecnologia.<\/span><\/li>\n<\/ul>\n<p><img loading=\"lazy\" decoding=\"async\" class=\"aligncenter size-large wp-image-1202\" src=\"https:\/\/agora.xtec.cat\/ceiptorrentdenmelis\/wp-content\/uploads\/usu2278\/2023\/01\/3-1024x173.png\" alt=\"\" width=\"1024\" height=\"173\" srcset=\"https:\/\/agora.xtec.cat\/ceiptorrentdenmelis\/wp-content\/uploads\/usu2278\/2023\/01\/3-1024x173.png 1024w, https:\/\/agora.xtec.cat\/ceiptorrentdenmelis\/wp-content\/uploads\/usu2278\/2023\/01\/3-300x51.png 300w, https:\/\/agora.xtec.cat\/ceiptorrentdenmelis\/wp-content\/uploads\/usu2278\/2023\/01\/3-768x130.png 768w, https:\/\/agora.xtec.cat\/ceiptorrentdenmelis\/wp-content\/uploads\/usu2278\/2023\/01\/3.png 1128w\" sizes=\"auto, (max-width: 1024px) 100vw, 1024px\" \/><\/p>\n<ul>\n<li><span style=\"font-weight: 400;\">Es demanen les <strong>autoritzacions de drets d&#8217;imatge<\/strong> i tamb\u00e9 l&#8217;autoritzaci\u00f3 <strong><span class=\"C9DxTc aw5Odc \">autoritzacions per l&#8217;\u00fas\u00a0<\/span><span class=\"C9DxTc aw5Odc \">de<\/span><span class=\"C9DxTc aw5Odc \">\u00a0serveis i recursos digitals a Internet.<\/span><span class=\"C9DxTc \">\u00a0<\/span><\/strong><\/span><\/li>\n<li><span style=\"font-weight: 400;\">S&#8217;informa a les fam\u00edlies dels <strong><a href=\"https:\/\/agora.xtec.cat\/ceiptorrentdenmelis\/lescola\/on-som\/\">tel\u00e8fons i correu electr\u00f2nic<\/a><\/strong> de contacte del centre.<\/span><\/li>\n<li><span class=\"C9DxTc \">Se&#8217;ls hi demana el correu electr\u00f2nic per enviar les informacions online.<\/span><\/li>\n<li><span style=\"font-weight: 400;\">S&#8217;informa i es recomana una bona utilitzaci\u00f3 dels grups del Whatsapp de l\u2019escola.\u00a0<\/span><\/li>\n<li><span style=\"font-weight: 400;\">Es dona el <a href=\"https:\/\/docs.google.com\/document\/d\/18LSHQx-2QcvboiHJRiCXGFgh0cSww4VkG0Ge6DmVfxc\/edit?usp=sharing\"><strong>correu dels docents<\/strong><\/a> del centre a totes les fam\u00edlies per si cal contactar-hi.<\/span><\/li>\n<li><span class=\"C9DxTc \">S&#8217;ofereix la possibilitat de seguir el\u00a0<\/span><strong><a href=\"https:\/\/twitter.com\/torrentmelis?lang=es\"><span class=\"C9DxTc aw5Odc \">Twitter <\/span><\/a><\/strong><span class=\"C9DxTc \">i<\/span><a href=\"https:\/\/www.instagram.com\/torrentmelis\/\"><strong><span class=\"C9DxTc \"> l&#8217;<\/span><span class=\"C9DxTc aw5Odc \">I<\/span><span class=\"C9DxTc aw5Odc \">nstagram<\/span><\/strong><\/a><span class=\"C9DxTc \">\u00a0de l&#8217;escola.<\/span><\/li>\n<li>S&#8217;informa de la import\u00e0ncia de fer un <a href=\"https:\/\/educacio.gencat.cat\/ca\/arees-actuacio\/families\/us-tecnologies\/\"><strong>bon \u00fas de les tecnologies\u00a0<\/strong><\/a><\/li>\n<\/ul>\n<p><a href=\"https:\/\/agora.xtec.cat\/ceiptorrentdenmelis\/categoria\/general\/edc\/\"><img loading=\"lazy\" decoding=\"async\" class=\"aligncenter wp-image-1118\" src=\"https:\/\/agora.xtec.cat\/ceiptorrentdenmelis\/wp-content\/uploads\/usu2278\/2022\/11\/INICIOK-removebg-preview.png\" alt=\"\" width=\"149\" height=\"40\" srcset=\"https:\/\/agora.xtec.cat\/ceiptorrentdenmelis\/wp-content\/uploads\/usu2278\/2022\/11\/INICIOK-removebg-preview.png 829w, https:\/\/agora.xtec.cat\/ceiptorrentdenmelis\/wp-content\/uploads\/usu2278\/2022\/11\/INICIOK-removebg-preview-300x81.png 300w, https:\/\/agora.xtec.cat\/ceiptorrentdenmelis\/wp-content\/uploads\/usu2278\/2022\/11\/INICIOK-removebg-preview-768x207.png 768w\" sizes=\"auto, (max-width: 149px) 100vw, 149px\" \/><\/a><\/p>\n","protected":false},"excerpt":{"rendered":"<p>L&#8217;acolliment digital\u00a0forma part de l&#8217;acolliment general\u00a0de l&#8217;escola. A l&#8217;escola tenim en\u00a0compte la incorporaci\u00f3 de nou alumnat, les noves fam\u00edlies i els nous docents.\u00a0Per aquest motiu \u00e9s important establir una planificaci\u00f3 en temes digitals, com quins serveis s&#8217;ofereixen, quines autoritzacions es necessiten, qui s\u00f3n els responsables d&#8217;oferir els diferents serveis, la disponibilitat de maquinari, els diferents [&hellip;]<\/p>\n","protected":false},"author":1,"featured_media":0,"parent":1011,"menu_order":0,"comment_status":"closed","ping_status":"closed","template":"page-templates\/side-menu.php","meta":{"_bbp_topic_count":0,"_bbp_reply_count":0,"_bbp_total_topic_count":0,"_bbp_total_reply_count":0,"_bbp_voice_count":0,"_bbp_anonymous_reply_count":0,"_bbp_topic_count_hidden":0,"_bbp_reply_count_hidden":0,"_bbp_forum_subforum_count":0,"site-sidebar-layout":"default","site-content-layout":"","ast-site-content-layout":"","site-content-style":"default","site-sidebar-style":"default","ast-global-header-display":"","ast-banner-title-visibility":"","ast-main-header-display":"","ast-hfb-above-header-display":"","ast-hfb-below-header-display":"","ast-hfb-mobile-header-display":"","site-post-title":"","ast-breadcrumbs-content":"","ast-featured-img":"","footer-sml-layout":"","theme-transparent-header-meta":"","adv-header-id-meta":"","stick-header-meta":"","header-above-stick-meta":"","header-main-stick-meta":"","header-below-stick-meta":"","astra-migrate-meta-layouts":"default","ast-page-background-enabled":"default","ast-page-background-meta":{"desktop":{"background-color":"var(--ast-global-color-4)","background-image":"","background-repeat":"repeat","background-position":"center center","background-size":"auto","background-attachment":"scroll","background-type":"","background-media":"","overlay-type":"","overlay-color":"","overlay-opacity":"","overlay-gradient":""},"tablet":{"background-color":"","background-image":"","background-repeat":"repeat","background-position":"center center","background-size":"auto","background-attachment":"scroll","background-type":"","background-media":"","overlay-type":"","overlay-color":"","overlay-opacity":"","overlay-gradient":""},"mobile":{"background-color":"","background-image":"","background-repeat":"repeat","background-position":"center center","background-size":"auto","background-attachment":"scroll","background-type":"","background-media":"","overlay-type":"","overlay-color":"","overlay-opacity":"","overlay-gradient":""}},"ast-content-background-meta":{"desktop":{"background-color":"var(--ast-global-color-5)","background-image":"","background-repeat":"repeat","background-position":"center center","background-size":"auto","background-attachment":"scroll","background-type":"","background-media":"","overlay-type":"","overlay-color":"","overlay-opacity":"","overlay-gradient":""},"tablet":{"background-color":"var(--ast-global-color-5)","background-image":"","background-repeat":"repeat","background-position":"center center","background-size":"auto","background-attachment":"scroll","background-type":"","background-media":"","overlay-type":"","overlay-color":"","overlay-opacity":"","overlay-gradient":""},"mobile":{"background-color":"var(--ast-global-color-5)","background-image":"","background-repeat":"repeat","background-position":"center center","background-size":"auto","background-attachment":"scroll","background-type":"","background-media":"","overlay-type":"","overlay-color":"","overlay-opacity":"","overlay-gradient":""}},"footnotes":""},"class_list":["post-1044","page","type-page","status-publish","hentry"],"post_mailing_queue_ids":[],"_links":{"self":[{"href":"https:\/\/agora.xtec.cat\/ceiptorrentdenmelis\/wp-json\/wp\/v2\/pages\/1044","targetHints":{"allow":["GET"]}}],"collection":[{"href":"https:\/\/agora.xtec.cat\/ceiptorrentdenmelis\/wp-json\/wp\/v2\/pages"}],"about":[{"href":"https:\/\/agora.xtec.cat\/ceiptorrentdenmelis\/wp-json\/wp\/v2\/types\/page"}],"author":[{"embeddable":true,"href":"https:\/\/agora.xtec.cat\/ceiptorrentdenmelis\/wp-json\/wp\/v2\/users\/1"}],"replies":[{"embeddable":true,"href":"https:\/\/agora.xtec.cat\/ceiptorrentdenmelis\/wp-json\/wp\/v2\/comments?post=1044"}],"version-history":[{"count":5,"href":"https:\/\/agora.xtec.cat\/ceiptorrentdenmelis\/wp-json\/wp\/v2\/pages\/1044\/revisions"}],"predecessor-version":[{"id":1473,"href":"https:\/\/agora.xtec.cat\/ceiptorrentdenmelis\/wp-json\/wp\/v2\/pages\/1044\/revisions\/1473"}],"up":[{"embeddable":true,"href":"https:\/\/agora.xtec.cat\/ceiptorrentdenmelis\/wp-json\/wp\/v2\/pages\/1011"}],"wp:attachment":[{"href":"https:\/\/agora.xtec.cat\/ceiptorrentdenmelis\/wp-json\/wp\/v2\/media?parent=1044"}],"curies":[{"name":"wp","href":"https:\/\/api.w.org\/{rel}","templated":true}]}}