{"id":1011,"date":"2022-06-09T17:10:44","date_gmt":"2022-06-09T15:10:44","guid":{"rendered":"https:\/\/agora.xtec.cat\/ceiptorrentdenmelis\/?page_id=1011"},"modified":"2023-05-09T13:56:14","modified_gmt":"2023-05-09T11:56:14","slug":"cultura-digital","status":"publish","type":"page","link":"https:\/\/agora.xtec.cat\/ceiptorrentdenmelis\/cultura-digital\/","title":{"rendered":"Cultura Digital"},"content":{"rendered":"<p>El document de l\u2019EDC ser\u00e0 la refer\u00e8ncia del centre en l\u2019\u00e0mbit de tecnologies digitals. Per tant, \u00e9s important que aquest document tamb\u00e9 reculli la gesti\u00f3 di\u00e0ria de l\u2019organitzaci\u00f3 digital del centre. Qu\u00e8 est\u00e0 fent el centre en temes digitals? Quines accions el centre ja t\u00e9 consolidades i funcionen? En aquesta part de EDC el document de la cultura digital recull tota l\u2019activitat del centre en l\u2019\u00e0mbit digital.<\/p>\n<table style=\"border-collapse: collapse; width: 100%; height: 707px;\">\n<tbody>\n<tr style=\"height: 101px;\">\n<td style=\"width: 44.3166%; height: 101px;\"><img loading=\"lazy\" decoding=\"async\" class=\"aligncenter size-full wp-image-1131\" src=\"https:\/\/agora.xtec.cat\/ceiptorrentdenmelis\/wp-content\/uploads\/usu2278\/2022\/12\/1.jpg\" alt=\"\" width=\"1000\" height=\"250\" srcset=\"https:\/\/agora.xtec.cat\/ceiptorrentdenmelis\/wp-content\/uploads\/usu2278\/2022\/12\/1.jpg 1000w, https:\/\/agora.xtec.cat\/ceiptorrentdenmelis\/wp-content\/uploads\/usu2278\/2022\/12\/1-300x75.jpg 300w, https:\/\/agora.xtec.cat\/ceiptorrentdenmelis\/wp-content\/uploads\/usu2278\/2022\/12\/1-768x192.jpg 768w\" sizes=\"auto, (max-width: 1000px) 100vw, 1000px\" \/><\/td>\n<td style=\"width: 55.6834%; height: 101px;\">La cultura digital apareix en pr\u00e0cticament tots els documents b\u00e0sics del centre. A continuaci\u00f3 es remarquen els aspectes m\u00e9s importants de cada un d&#8217;ells.<\/td>\n<\/tr>\n<tr style=\"height: 129px;\">\n<td style=\"width: 44.3166%; height: 129px;\"><img loading=\"lazy\" decoding=\"async\" class=\"aligncenter size-full wp-image-1133\" style=\"background-color: #f9f9f9;\" src=\"https:\/\/agora.xtec.cat\/ceiptorrentdenmelis\/wp-content\/uploads\/usu2278\/2022\/12\/3.jpg\" alt=\"\" width=\"1000\" height=\"250\" srcset=\"https:\/\/agora.xtec.cat\/ceiptorrentdenmelis\/wp-content\/uploads\/usu2278\/2022\/12\/3.jpg 1000w, https:\/\/agora.xtec.cat\/ceiptorrentdenmelis\/wp-content\/uploads\/usu2278\/2022\/12\/3-300x75.jpg 300w, https:\/\/agora.xtec.cat\/ceiptorrentdenmelis\/wp-content\/uploads\/usu2278\/2022\/12\/3-768x192.jpg 768w\" sizes=\"auto, (max-width: 1000px) 100vw, 1000px\" \/><\/td>\n<td style=\"width: 55.6834%; height: 129px;\">Serveis digitals propis del centre \/ Serveis digitals externs al centre \/ Procediment d\u2019alta d\u2019usuaris (alumnat, professorat i fam\u00edlia) \/ Acords d\u2019\u00fas de la plataforma EVA \/ Organitzaci\u00f3 de la documentaci\u00f3 digital del centre \/ Gesti\u00f3 de les eines digitals, dels carros d\u2019ordinadors i dels ordinadors de pr\u00e9stec, etc.<\/td>\n<\/tr>\n<tr style=\"height: 181px;\">\n<td style=\"width: 44.3166%; height: 181px;\"><img loading=\"lazy\" decoding=\"async\" class=\"aligncenter size-full wp-image-1134\" src=\"https:\/\/agora.xtec.cat\/ceiptorrentdenmelis\/wp-content\/uploads\/usu2278\/2022\/12\/4.jpg\" alt=\"\" width=\"1000\" height=\"250\" srcset=\"https:\/\/agora.xtec.cat\/ceiptorrentdenmelis\/wp-content\/uploads\/usu2278\/2022\/12\/4.jpg 1000w, https:\/\/agora.xtec.cat\/ceiptorrentdenmelis\/wp-content\/uploads\/usu2278\/2022\/12\/4-300x75.jpg 300w, https:\/\/agora.xtec.cat\/ceiptorrentdenmelis\/wp-content\/uploads\/usu2278\/2022\/12\/4-768x192.jpg 768w\" sizes=\"auto, (max-width: 1000px) 100vw, 1000px\" \/><\/td>\n<td style=\"width: 55.6834%; height: 181px;\">Planificaci\u00f3 de la incorporaci\u00f3 de nou alumnat al centre en temes digitals: usuaris, serveis que poden utilitzar, formaci\u00f3 inicial, normativa d\u2019\u00fas, etc. \/\u00a0Planificaci\u00f3 de la incorporaci\u00f3 de nous docents en temes digitals: usuaris, serveis que pot utilitzar, disponibilitat d\u2019ordinadors, formaci\u00f3 metodol\u00f2gica, etc. \/\u00a0Planificaci\u00f3 de la incorporaci\u00f3 de les fam\u00edlies en temes digitals: usuaris, serveis que pot utilitzar, formaci\u00f3 inicial, etc.<\/td>\n<\/tr>\n<tr style=\"height: 50px;\">\n<td style=\"width: 44.3166%; height: 50px;\"><img loading=\"lazy\" decoding=\"async\" class=\"aligncenter size-full wp-image-1135\" src=\"https:\/\/agora.xtec.cat\/ceiptorrentdenmelis\/wp-content\/uploads\/usu2278\/2022\/12\/5.jpg\" alt=\"\" width=\"1000\" height=\"250\" srcset=\"https:\/\/agora.xtec.cat\/ceiptorrentdenmelis\/wp-content\/uploads\/usu2278\/2022\/12\/5.jpg 1000w, https:\/\/agora.xtec.cat\/ceiptorrentdenmelis\/wp-content\/uploads\/usu2278\/2022\/12\/5-300x75.jpg 300w, https:\/\/agora.xtec.cat\/ceiptorrentdenmelis\/wp-content\/uploads\/usu2278\/2022\/12\/5-768x192.jpg 768w\" sizes=\"auto, (max-width: 1000px) 100vw, 1000px\" \/><\/td>\n<td style=\"width: 55.6834%; height: 50px;\">Disseny de la comunicaci\u00f3 digital fam\u00edlies-centre (tutors, professorat, direcci\u00f3\u2026),\u00a0 alumnat-professorat i entre el mateix professorat.<\/td>\n<\/tr>\n<tr style=\"height: 85px;\">\n<td style=\"width: 44.3166%; height: 85px;\"><img loading=\"lazy\" decoding=\"async\" class=\"aligncenter size-full wp-image-1136\" src=\"https:\/\/agora.xtec.cat\/ceiptorrentdenmelis\/wp-content\/uploads\/usu2278\/2022\/12\/6.jpg\" alt=\"\" width=\"1000\" height=\"250\" srcset=\"https:\/\/agora.xtec.cat\/ceiptorrentdenmelis\/wp-content\/uploads\/usu2278\/2022\/12\/6.jpg 1000w, https:\/\/agora.xtec.cat\/ceiptorrentdenmelis\/wp-content\/uploads\/usu2278\/2022\/12\/6-300x75.jpg 300w, https:\/\/agora.xtec.cat\/ceiptorrentdenmelis\/wp-content\/uploads\/usu2278\/2022\/12\/6-768x192.jpg 768w\" sizes=\"auto, (max-width: 1000px) 100vw, 1000px\" \/><\/td>\n<td style=\"width: 55.6834%; height: 85px;\">Organitzaci\u00f3 del manteniment de la informaci\u00f3 dels portals i de les xarxes socials del centre.<\/td>\n<\/tr>\n<tr style=\"height: 46px;\">\n<td style=\"width: 44.3166%; height: 46px;\"><img loading=\"lazy\" decoding=\"async\" class=\"aligncenter size-full wp-image-1137\" src=\"https:\/\/agora.xtec.cat\/ceiptorrentdenmelis\/wp-content\/uploads\/usu2278\/2022\/12\/7.jpg\" alt=\"\" width=\"1000\" height=\"250\" srcset=\"https:\/\/agora.xtec.cat\/ceiptorrentdenmelis\/wp-content\/uploads\/usu2278\/2022\/12\/7.jpg 1000w, https:\/\/agora.xtec.cat\/ceiptorrentdenmelis\/wp-content\/uploads\/usu2278\/2022\/12\/7-300x75.jpg 300w, https:\/\/agora.xtec.cat\/ceiptorrentdenmelis\/wp-content\/uploads\/usu2278\/2022\/12\/7-768x192.jpg 768w\" sizes=\"auto, (max-width: 1000px) 100vw, 1000px\" \/><\/td>\n<td style=\"width: 55.6834%; height: 46px;\">Altres procediments o acords que el centre hagi definit respecte a l\u2019estrat\u00e8gia digital: \u00fas de m\u00f2bils al centre, \u00fas de l\u2019EVA, revisi\u00f3 i utilitzaci\u00f3 d\u2019aplicacions al n\u00favol, etc.<\/td>\n<\/tr>\n<\/tbody>\n<\/table>\n<p>&nbsp;<\/p>\n","protected":false},"excerpt":{"rendered":"<p>El document de l\u2019EDC ser\u00e0 la refer\u00e8ncia del centre en l\u2019\u00e0mbit de tecnologies digitals. Per tant, \u00e9s important que aquest document tamb\u00e9 reculli la gesti\u00f3 di\u00e0ria de l\u2019organitzaci\u00f3 digital del centre. Qu\u00e8 est\u00e0 fent el centre en temes digitals? Quines accions el centre ja t\u00e9 consolidades i funcionen? En aquesta part de EDC el document [&hellip;]<\/p>\n","protected":false},"author":1,"featured_media":0,"parent":0,"menu_order":2,"comment_status":"closed","ping_status":"closed","template":"page-templates\/side-menu.php","meta":{"_bbp_topic_count":0,"_bbp_reply_count":0,"_bbp_total_topic_count":0,"_bbp_total_reply_count":0,"_bbp_voice_count":0,"_bbp_anonymous_reply_count":0,"_bbp_topic_count_hidden":0,"_bbp_reply_count_hidden":0,"_bbp_forum_subforum_count":0,"site-sidebar-layout":"default","site-content-layout":"","ast-site-content-layout":"","site-content-style":"default","site-sidebar-style":"default","ast-global-header-display":"","ast-banner-title-visibility":"","ast-main-header-display":"","ast-hfb-above-header-display":"","ast-hfb-below-header-display":"","ast-hfb-mobile-header-display":"","site-post-title":"","ast-breadcrumbs-content":"","ast-featured-img":"","footer-sml-layout":"","theme-transparent-header-meta":"","adv-header-id-meta":"","stick-header-meta":"","header-above-stick-meta":"","header-main-stick-meta":"","header-below-stick-meta":"","astra-migrate-meta-layouts":"default","ast-page-background-enabled":"default","ast-page-background-meta":{"desktop":{"background-color":"var(--ast-global-color-4)","background-image":"","background-repeat":"repeat","background-position":"center center","background-size":"auto","background-attachment":"scroll","background-type":"","background-media":"","overlay-type":"","overlay-color":"","overlay-opacity":"","overlay-gradient":""},"tablet":{"background-color":"","background-image":"","background-repeat":"repeat","background-position":"center center","background-size":"auto","background-attachment":"scroll","background-type":"","background-media":"","overlay-type":"","overlay-color":"","overlay-opacity":"","overlay-gradient":""},"mobile":{"background-color":"","background-image":"","background-repeat":"repeat","background-position":"center center","background-size":"auto","background-attachment":"scroll","background-type":"","background-media":"","overlay-type":"","overlay-color":"","overlay-opacity":"","overlay-gradient":""}},"ast-content-background-meta":{"desktop":{"background-color":"var(--ast-global-color-5)","background-image":"","background-repeat":"repeat","background-position":"center center","background-size":"auto","background-attachment":"scroll","background-type":"","background-media":"","overlay-type":"","overlay-color":"","overlay-opacity":"","overlay-gradient":""},"tablet":{"background-color":"var(--ast-global-color-5)","background-image":"","background-repeat":"repeat","background-position":"center center","background-size":"auto","background-attachment":"scroll","background-type":"","background-media":"","overlay-type":"","overlay-color":"","overlay-opacity":"","overlay-gradient":""},"mobile":{"background-color":"var(--ast-global-color-5)","background-image":"","background-repeat":"repeat","background-position":"center center","background-size":"auto","background-attachment":"scroll","background-type":"","background-media":"","overlay-type":"","overlay-color":"","overlay-opacity":"","overlay-gradient":""}},"footnotes":""},"class_list":["post-1011","page","type-page","status-publish","hentry"],"post_mailing_queue_ids":[],"_links":{"self":[{"href":"https:\/\/agora.xtec.cat\/ceiptorrentdenmelis\/wp-json\/wp\/v2\/pages\/1011","targetHints":{"allow":["GET"]}}],"collection":[{"href":"https:\/\/agora.xtec.cat\/ceiptorrentdenmelis\/wp-json\/wp\/v2\/pages"}],"about":[{"href":"https:\/\/agora.xtec.cat\/ceiptorrentdenmelis\/wp-json\/wp\/v2\/types\/page"}],"author":[{"embeddable":true,"href":"https:\/\/agora.xtec.cat\/ceiptorrentdenmelis\/wp-json\/wp\/v2\/users\/1"}],"replies":[{"embeddable":true,"href":"https:\/\/agora.xtec.cat\/ceiptorrentdenmelis\/wp-json\/wp\/v2\/comments?post=1011"}],"version-history":[{"count":3,"href":"https:\/\/agora.xtec.cat\/ceiptorrentdenmelis\/wp-json\/wp\/v2\/pages\/1011\/revisions"}],"predecessor-version":[{"id":1337,"href":"https:\/\/agora.xtec.cat\/ceiptorrentdenmelis\/wp-json\/wp\/v2\/pages\/1011\/revisions\/1337"}],"wp:attachment":[{"href":"https:\/\/agora.xtec.cat\/ceiptorrentdenmelis\/wp-json\/wp\/v2\/media?parent=1011"}],"curies":[{"name":"wp","href":"https:\/\/api.w.org\/{rel}","templated":true}]}}

<p>El document de l’EDC serà la referència del centre en l’àmbit de tecnologies digitals. Per tant, és important que aquest document també reculli la gestió diària de l’organització digital del centre. Què està fent el centre en temes digitals? Quines accions el centre ja té consolidades i funcionen? En aquesta part de EDC el document de la cultura digital recull tota l’activitat del centre en l’àmbit digital.</p>
<table style="border-collapse: collapse; width: 100%; height: 707px;">
<tbody>
<tr style="height: 101px;">
<td style="width: 44.3166%; height: 101px;"><img loading="lazy" decoding="async" class="aligncenter size-full wp-image-1131" src="https://agora.xtec.cat/ceiptorrentdenmelis/wp-content/uploads/usu2278/2022/12/1.jpg" alt="" width="1000" height="250" srcset="https://agora.xtec.cat/ceiptorrentdenmelis/wp-content/uploads/usu2278/2022/12/1.jpg 1000w, https://agora.xtec.cat/ceiptorrentdenmelis/wp-content/uploads/usu2278/2022/12/1-300x75.jpg 300w, https://agora.xtec.cat/ceiptorrentdenmelis/wp-content/uploads/usu2278/2022/12/1-768x192.jpg 768w" sizes="auto, (max-width: 1000px) 100vw, 1000px" /></td>
<td style="width: 55.6834%; height: 101px;">La cultura digital apareix en pràcticament tots els documents bàsics del centre. A continuació es remarquen els aspectes més importants de cada un d&#8217;ells.</td>
</tr>
<tr style="height: 129px;">
<td style="width: 44.3166%; height: 129px;"><img loading="lazy" decoding="async" class="aligncenter size-full wp-image-1133" style="background-color: #f9f9f9;" src="https://agora.xtec.cat/ceiptorrentdenmelis/wp-content/uploads/usu2278/2022/12/3.jpg" alt="" width="1000" height="250" srcset="https://agora.xtec.cat/ceiptorrentdenmelis/wp-content/uploads/usu2278/2022/12/3.jpg 1000w, https://agora.xtec.cat/ceiptorrentdenmelis/wp-content/uploads/usu2278/2022/12/3-300x75.jpg 300w, https://agora.xtec.cat/ceiptorrentdenmelis/wp-content/uploads/usu2278/2022/12/3-768x192.jpg 768w" sizes="auto, (max-width: 1000px) 100vw, 1000px" /></td>
<td style="width: 55.6834%; height: 129px;">Serveis digitals propis del centre / Serveis digitals externs al centre / Procediment d’alta d’usuaris (alumnat, professorat i família) / Acords d’ús de la plataforma EVA / Organització de la documentació digital del centre / Gestió de les eines digitals, dels carros d’ordinadors i dels ordinadors de préstec, etc.</td>
</tr>
<tr style="height: 181px;">
<td style="width: 44.3166%; height: 181px;"><img loading="lazy" decoding="async" class="aligncenter size-full wp-image-1134" src="https://agora.xtec.cat/ceiptorrentdenmelis/wp-content/uploads/usu2278/2022/12/4.jpg" alt="" width="1000" height="250" srcset="https://agora.xtec.cat/ceiptorrentdenmelis/wp-content/uploads/usu2278/2022/12/4.jpg 1000w, https://agora.xtec.cat/ceiptorrentdenmelis/wp-content/uploads/usu2278/2022/12/4-300x75.jpg 300w, https://agora.xtec.cat/ceiptorrentdenmelis/wp-content/uploads/usu2278/2022/12/4-768x192.jpg 768w" sizes="auto, (max-width: 1000px) 100vw, 1000px" /></td>
<td style="width: 55.6834%; height: 181px;">Planificació de la incorporació de nou alumnat al centre en temes digitals: usuaris, serveis que poden utilitzar, formació inicial, normativa d’ús, etc. / Planificació de la incorporació de nous docents en temes digitals: usuaris, serveis que pot utilitzar, disponibilitat d’ordinadors, formació metodològica, etc. / Planificació de la incorporació de les famílies en temes digitals: usuaris, serveis que pot utilitzar, formació inicial, etc.</td>
</tr>
<tr style="height: 50px;">
<td style="width: 44.3166%; height: 50px;"><img loading="lazy" decoding="async" class="aligncenter size-full wp-image-1135" src="https://agora.xtec.cat/ceiptorrentdenmelis/wp-content/uploads/usu2278/2022/12/5.jpg" alt="" width="1000" height="250" srcset="https://agora.xtec.cat/ceiptorrentdenmelis/wp-content/uploads/usu2278/2022/12/5.jpg 1000w, https://agora.xtec.cat/ceiptorrentdenmelis/wp-content/uploads/usu2278/2022/12/5-300x75.jpg 300w, https://agora.xtec.cat/ceiptorrentdenmelis/wp-content/uploads/usu2278/2022/12/5-768x192.jpg 768w" sizes="auto, (max-width: 1000px) 100vw, 1000px" /></td>
<td style="width: 55.6834%; height: 50px;">Disseny de la comunicació digital famílies-centre (tutors, professorat, direcció…),  alumnat-professorat i entre el mateix professorat.</td>
</tr>
<tr style="height: 85px;">
<td style="width: 44.3166%; height: 85px;"><img loading="lazy" decoding="async" class="aligncenter size-full wp-image-1136" src="https://agora.xtec.cat/ceiptorrentdenmelis/wp-content/uploads/usu2278/2022/12/6.jpg" alt="" width="1000" height="250" srcset="https://agora.xtec.cat/ceiptorrentdenmelis/wp-content/uploads/usu2278/2022/12/6.jpg 1000w, https://agora.xtec.cat/ceiptorrentdenmelis/wp-content/uploads/usu2278/2022/12/6-300x75.jpg 300w, https://agora.xtec.cat/ceiptorrentdenmelis/wp-content/uploads/usu2278/2022/12/6-768x192.jpg 768w" sizes="auto, (max-width: 1000px) 100vw, 1000px" /></td>
<td style="width: 55.6834%; height: 85px;">Organització del manteniment de la informació dels portals i de les xarxes socials del centre.</td>
</tr>
<tr style="height: 46px;">
<td style="width: 44.3166%; height: 46px;"><img loading="lazy" decoding="async" class="aligncenter size-full wp-image-1137" src="https://agora.xtec.cat/ceiptorrentdenmelis/wp-content/uploads/usu2278/2022/12/7.jpg" alt="" width="1000" height="250" srcset="https://agora.xtec.cat/ceiptorrentdenmelis/wp-content/uploads/usu2278/2022/12/7.jpg 1000w, https://agora.xtec.cat/ceiptorrentdenmelis/wp-content/uploads/usu2278/2022/12/7-300x75.jpg 300w, https://agora.xtec.cat/ceiptorrentdenmelis/wp-content/uploads/usu2278/2022/12/7-768x192.jpg 768w" sizes="auto, (max-width: 1000px) 100vw, 1000px" /></td>
<td style="width: 55.6834%; height: 46px;">Altres procediments o acords que el centre hagi definit respecte a l’estratègia digital: ús de mòbils al centre, ús de l’EVA, revisió i utilització d’aplicacions al núvol, etc.</td>
</tr>
</tbody>
</table>
<p>&nbsp;</p>

<p>El document de l’EDC serà la referència del centre en l’àmbit de tecnologies digitals. Per tant, és important que aquest document també reculli la gestió diària de l’organització digital del centre. Què està fent el centre en temes digitals? Quines accions el centre ja té consolidades i funcionen? En aquesta part de EDC el document [&hellip;]</p>
