{"id":26,"date":"2014-09-18T12:24:32","date_gmt":"2014-09-18T11:24:32","guid":{"rendered":"http:\/\/agora.xtec.cat\/ceiptorredemer\/?page_id=26"},"modified":"2025-11-18T11:52:08","modified_gmt":"2025-11-18T10:52:08","slug":"historia","status":"publish","type":"page","link":"https:\/\/agora.xtec.cat\/ceiptorredemer\/lescola\/historia\/","title":{"rendered":"Hist\u00f2ria"},"content":{"rendered":"<p>L\u2019escola Torredemer es troba ubicada al carrer sant Ignasi, 20 a la Urbanitzaci\u00f3 Verge de Montserrat de Matadepera.<\/p>\n<p>Inicia les seves activitats el curs 2003-2004, com a segona escola p\u00fablica de Matadepera fruit del desglossament de l\u2019Escola Ginesta, degut a un\u00a0 important\u00a0 creixement demogr\u00e0fic.<\/p>\n<p>El 15 de setembre de 2003 s\u2019inicia el curs amb un total de 75 alumnes d\u2019educaci\u00f3 infantil (alumnes de\u00a0 4 i 5 anys corresponents a la tercera l\u00ednia de Ginesta i nous alumnes de 3 anys) i una plantilla de cinc mestres (4 procedents de Ginesta).<\/p>\n<p>El curs 2004-2005 s\u2019incorpora tota una l\u00ednia de prim\u00e0ria, procedent de l&#8217;escola Ginesta, i es desdobla la l\u00ednia d\u2019Educaci\u00f3 Infantil.<\/p>\n<p>El setembre de 2004, 257 alumnes (118 d\u2019EI i 139 d\u2019EP)\u00a0 i 18 mestres (8 segregats de la Ginesta),\u00a0 comencen el curs amb l\u2019edifici a mig construir. L\u2019escola Torredemer es va consolidar com un centre de doble l\u00ednia completa amb la posada en funcionament, el curs 2009-10, del segon grup de sis\u00e8.<\/p>\n<p>&nbsp;<\/p>\n<p>&nbsp;<\/p>\n<h2 class=\"widget-title\">Can\u00e7\u00f3 10\u00e8 aniversari \u201cSom una escola 10\u201d<\/h2>\n<p><img loading=\"lazy\" decoding=\"async\" class=\"alignleft size-full wp-image-8099\" src=\"https:\/\/agora.xtec.cat\/ceiptorredemer\/wp-content\/uploads\/usu744\/2025\/11\/Captura-de-pantalla-2025-11-18-a-las-11.50.18.png\" alt=\"\" width=\"294\" height=\"292\" srcset=\"https:\/\/agora.xtec.cat\/ceiptorredemer\/wp-content\/uploads\/usu744\/2025\/11\/Captura-de-pantalla-2025-11-18-a-las-11.50.18.png 294w, https:\/\/agora.xtec.cat\/ceiptorredemer\/wp-content\/uploads\/usu744\/2025\/11\/Captura-de-pantalla-2025-11-18-a-las-11.50.18-150x150.png 150w\" sizes=\"auto, (max-width: 294px) 100vw, 294px\" \/><\/p>\n<p>&nbsp;<\/p>\n<p>&nbsp;<\/p>\n<p>&nbsp;<\/p>\n<p>&nbsp;<\/p>\n<p>&nbsp;<\/p>\n<p>&nbsp;<\/p>\n<p>&nbsp;<\/p>\n<p>&nbsp;<\/p>\n","protected":false},"excerpt":{"rendered":"<p>L\u2019escola Torredemer es troba ubicada al carrer sant Ignasi, 20 a la Urbanitzaci\u00f3 Verge de Montserrat de Matadepera. Inicia les seves activitats el curs 2003-2004, com a segona escola p\u00fablica de Matadepera fruit del desglossament de l\u2019Escola Ginesta, degut a un\u00a0 important\u00a0 creixement demogr\u00e0fic. El 15 de setembre de 2003 s\u2019inicia el curs amb un [&hellip;]<\/p>\n","protected":false},"author":1,"featured_media":0,"parent":22,"menu_order":20,"comment_status":"closed","ping_status":"closed","template":"","meta":{"_bbp_topic_count":0,"_bbp_reply_count":0,"_bbp_total_topic_count":0,"_bbp_total_reply_count":0,"_bbp_voice_count":0,"_bbp_anonymous_reply_count":0,"_bbp_topic_count_hidden":0,"_bbp_reply_count_hidden":0,"_bbp_forum_subforum_count":0,"site-sidebar-layout":"default","site-content-layout":"","ast-site-content-layout":"default","site-content-style":"default","site-sidebar-style":"default","ast-global-header-display":"","ast-banner-title-visibility":"","ast-main-header-display":"","ast-hfb-above-header-display":"","ast-hfb-below-header-display":"","ast-hfb-mobile-header-display":"","site-post-title":"","ast-breadcrumbs-content":"","ast-featured-img":"","footer-sml-layout":"","theme-transparent-header-meta":"default","adv-header-id-meta":"","stick-header-meta":"","header-above-stick-meta":"","header-main-stick-meta":"","header-below-stick-meta":"","astra-migrate-meta-layouts":"set","ast-page-background-enabled":"default","ast-page-background-meta":{"desktop":{"background-color":"var(--ast-global-color-4)","background-image":"","background-repeat":"repeat","background-position":"center center","background-size":"auto","background-attachment":"scroll","background-type":"","background-media":"","overlay-type":"","overlay-color":"","overlay-opacity":"","overlay-gradient":""},"tablet":{"background-color":"","background-image":"","background-repeat":"repeat","background-position":"center center","background-size":"auto","background-attachment":"scroll","background-type":"","background-media":"","overlay-type":"","overlay-color":"","overlay-opacity":"","overlay-gradient":""},"mobile":{"background-color":"","background-image":"","background-repeat":"repeat","background-position":"center center","background-size":"auto","background-attachment":"scroll","background-type":"","background-media":"","overlay-type":"","overlay-color":"","overlay-opacity":"","overlay-gradient":""}},"ast-content-background-meta":{"desktop":{"background-color":"var(--ast-global-color-5)","background-image":"","background-repeat":"repeat","background-position":"center center","background-size":"auto","background-attachment":"scroll","background-type":"","background-media":"","overlay-type":"","overlay-color":"","overlay-opacity":"","overlay-gradient":""},"tablet":{"background-color":"var(--ast-global-color-5)","background-image":"","background-repeat":"repeat","background-position":"center center","background-size":"auto","background-attachment":"scroll","background-type":"","background-media":"","overlay-type":"","overlay-color":"","overlay-opacity":"","overlay-gradient":""},"mobile":{"background-color":"var(--ast-global-color-5)","background-image":"","background-repeat":"repeat","background-position":"center center","background-size":"auto","background-attachment":"scroll","background-type":"","background-media":"","overlay-type":"","overlay-color":"","overlay-opacity":"","overlay-gradient":""}},"footnotes":""},"class_list":["post-26","page","type-page","status-publish","hentry"],"post_mailing_queue_ids":[],"_links":{"self":[{"href":"https:\/\/agora.xtec.cat\/ceiptorredemer\/wp-json\/wp\/v2\/pages\/26","targetHints":{"allow":["GET"]}}],"collection":[{"href":"https:\/\/agora.xtec.cat\/ceiptorredemer\/wp-json\/wp\/v2\/pages"}],"about":[{"href":"https:\/\/agora.xtec.cat\/ceiptorredemer\/wp-json\/wp\/v2\/types\/page"}],"author":[{"embeddable":true,"href":"https:\/\/agora.xtec.cat\/ceiptorredemer\/wp-json\/wp\/v2\/users\/1"}],"replies":[{"embeddable":true,"href":"https:\/\/agora.xtec.cat\/ceiptorredemer\/wp-json\/wp\/v2\/comments?post=26"}],"version-history":[{"count":5,"href":"https:\/\/agora.xtec.cat\/ceiptorredemer\/wp-json\/wp\/v2\/pages\/26\/revisions"}],"predecessor-version":[{"id":8101,"href":"https:\/\/agora.xtec.cat\/ceiptorredemer\/wp-json\/wp\/v2\/pages\/26\/revisions\/8101"}],"up":[{"embeddable":true,"href":"https:\/\/agora.xtec.cat\/ceiptorredemer\/wp-json\/wp\/v2\/pages\/22"}],"wp:attachment":[{"href":"https:\/\/agora.xtec.cat\/ceiptorredemer\/wp-json\/wp\/v2\/media?parent=26"}],"curies":[{"name":"wp","href":"https:\/\/api.w.org\/{rel}","templated":true}]}}