{"id":247,"date":"2016-11-03T12:18:02","date_gmt":"2016-11-03T11:18:02","guid":{"rendered":"http:\/\/agora.xtec.cat\/ceiptorredemer\/?page_id=247"},"modified":"2026-04-17T15:56:07","modified_gmt":"2026-04-17T13:56:07","slug":"activitatscomplementaries","status":"publish","type":"page","link":"https:\/\/agora.xtec.cat\/ceiptorredemer\/informacions-curs\/activitatscomplementaries\/","title":{"rendered":"Activitats complement\u00e0ries i col\u00f2nies"},"content":{"rendered":"<div dir=\"ltr\">\n<p><span style=\"font-size: large;\">A comen\u00e7ament de curs es fa arribar un llistat amb la previsi\u00f3 d&#8217;activitats per al curs a les fam\u00edlies. L&#8217;import de les activitats complement\u00e0ries es calcula trimestralment a cada nivell segons la programaci\u00f3 prevista. L&#8217;import de les mateixes es fa arribar<\/span><span style=\"font-size: large;\"> via Dinantia.<\/span><\/p>\n<\/div>\n<p><strong>QUOTA ACTIVITATS COMPLEMENT\u00c0RIES\u00a0<\/strong><\/p>\n<p><img loading=\"lazy\" decoding=\"async\" class=\"alignleft size-medium wp-image-8440\" src=\"https:\/\/agora.xtec.cat\/ceiptorredemer\/wp-content\/uploads\/usu744\/2026\/04\/Captura-de-pantalla-2026-04-17-154548-211x300.png\" alt=\"\" width=\"211\" height=\"300\" srcset=\"https:\/\/agora.xtec.cat\/ceiptorredemer\/wp-content\/uploads\/usu744\/2026\/04\/Captura-de-pantalla-2026-04-17-154548-211x300.png 211w, https:\/\/agora.xtec.cat\/ceiptorredemer\/wp-content\/uploads\/usu744\/2026\/04\/Captura-de-pantalla-2026-04-17-154548.png 653w\" sizes=\"auto, (max-width: 211px) 100vw, 211px\" \/> <img loading=\"lazy\" decoding=\"async\" class=\"alignleft size-medium wp-image-8439\" src=\"https:\/\/agora.xtec.cat\/ceiptorredemer\/wp-content\/uploads\/usu744\/2026\/04\/Captura-de-pantalla-2026-04-17-154600-212x300.png\" alt=\"\" width=\"212\" height=\"300\" srcset=\"https:\/\/agora.xtec.cat\/ceiptorredemer\/wp-content\/uploads\/usu744\/2026\/04\/Captura-de-pantalla-2026-04-17-154600-212x300.png 212w, https:\/\/agora.xtec.cat\/ceiptorredemer\/wp-content\/uploads\/usu744\/2026\/04\/Captura-de-pantalla-2026-04-17-154600.png 654w\" sizes=\"auto, (max-width: 212px) 100vw, 212px\" \/><\/p>\n<p>&nbsp;<\/p>\n<p><span style=\"color: #993366;\"><strong>RECULL ACTIVITATS PER NIVELL AMB DATA I PREU INDIVIDUAL:<\/strong><\/span><\/p>\n<p><a href=\"https:\/\/drive.google.com\/file\/d\/1SmepApkp0Ea3Euy4P3GkMYdSKOj_jmEg\/view?usp=sharing\">Cicle Petits<\/a><\/p>\n<p><a href=\"https:\/\/drive.google.com\/file\/d\/1OeaFoSM7PGIi8TxIFxksN7cC4pZaP6CM\/view?usp=sharing\">Cicle Inicial<\/a><\/p>\n<p><a href=\"https:\/\/drive.google.com\/file\/d\/18BlY7xlrXyhhSKy9hKOjGK64usmbVaec\/view?usp=sharing\">Cicle Mitj\u00e0<\/a><\/p>\n<p><a href=\"https:\/\/drive.google.com\/file\/d\/1QcwRcYRrk3fCCRB4dZFIQeoqe79uXQK5\/view?usp=sharing\">Cicle Superior<\/a><\/p>\n<p>&nbsp;<\/p>\n<p>Les activitats complement\u00e0ries s&#8217;aproven per Consell Escolar a l&#8217;inici de curs. S\u00f3n activitats que sumen a la tasca pedag\u00f2gica del centre i tot i no ser obligat\u00f2ries s\u00f3n recomanables per part de l&#8217;equip docent.<\/p>\n<p><b><span style=\"font-size: large;\">FORMES DE PAGAMENT<\/span><\/b><\/p>\n<div dir=\"ltr\">\n<div><b>Internet<\/b>:<\/div>\n<div>Clients de &#8220;La Caixa&#8221;: per L\u00ednia Oberta, n\u00fam. Entitat 0168307<\/div>\n<div>Circuit: comptes\/transfer\u00e8ncies i traspassos\/pagaments sense con\u00e8ixer el compte de dest\u00ed \/ a tercers, nou pagament.<\/div>\n<div>Clients d&#8217;una altra entitat: transfer\u00e8ncia al n\u00fam. de compte<\/div>\n<div>ES36 2100.0423.94.0200203222<\/div>\n<div><\/div>\n<div><b>Caixer<\/b>: amb targeta de qualsevol entitat.<\/div>\n<div><\/div>\n<\/div>\n<div><span style=\"font-size: large;\">Recordeu que cal fer arribar als tutors el comprovant del pagament.<\/span><\/div>\n<div><\/div>\n","protected":false},"excerpt":{"rendered":"<p>A comen\u00e7ament de curs es fa arribar un llistat amb la previsi\u00f3 d&#8217;activitats per al curs a les fam\u00edlies. L&#8217;import de les activitats complement\u00e0ries es calcula trimestralment a cada nivell segons la programaci\u00f3 prevista. L&#8217;import de les mateixes es fa arribar via Dinantia. QUOTA ACTIVITATS COMPLEMENT\u00c0RIES\u00a0 &nbsp; RECULL ACTIVITATS PER NIVELL AMB DATA I PREU [&hellip;]<\/p>\n","protected":false},"author":1,"featured_media":0,"parent":213,"menu_order":0,"comment_status":"closed","ping_status":"closed","template":"","meta":{"_bbp_topic_count":0,"_bbp_reply_count":0,"_bbp_total_topic_count":0,"_bbp_total_reply_count":0,"_bbp_voice_count":0,"_bbp_anonymous_reply_count":0,"_bbp_topic_count_hidden":0,"_bbp_reply_count_hidden":0,"_bbp_forum_subforum_count":0,"site-sidebar-layout":"default","site-content-layout":"","ast-site-content-layout":"default","site-content-style":"default","site-sidebar-style":"default","ast-global-header-display":"","ast-banner-title-visibility":"","ast-main-header-display":"","ast-hfb-above-header-display":"","ast-hfb-below-header-display":"","ast-hfb-mobile-header-display":"","site-post-title":"","ast-breadcrumbs-content":"","ast-featured-img":"","footer-sml-layout":"","theme-transparent-header-meta":"default","adv-header-id-meta":"","stick-header-meta":"","header-above-stick-meta":"","header-main-stick-meta":"","header-below-stick-meta":"","astra-migrate-meta-layouts":"set","ast-page-background-enabled":"default","ast-page-background-meta":{"desktop":{"background-color":"var(--ast-global-color-4)","background-image":"","background-repeat":"repeat","background-position":"center center","background-size":"auto","background-attachment":"scroll","background-type":"","background-media":"","overlay-type":"","overlay-color":"","overlay-opacity":"","overlay-gradient":""},"tablet":{"background-color":"","background-image":"","background-repeat":"repeat","background-position":"center center","background-size":"auto","background-attachment":"scroll","background-type":"","background-media":"","overlay-type":"","overlay-color":"","overlay-opacity":"","overlay-gradient":""},"mobile":{"background-color":"","background-image":"","background-repeat":"repeat","background-position":"center center","background-size":"auto","background-attachment":"scroll","background-type":"","background-media":"","overlay-type":"","overlay-color":"","overlay-opacity":"","overlay-gradient":""}},"ast-content-background-meta":{"desktop":{"background-color":"var(--ast-global-color-5)","background-image":"","background-repeat":"repeat","background-position":"center center","background-size":"auto","background-attachment":"scroll","background-type":"","background-media":"","overlay-type":"","overlay-color":"","overlay-opacity":"","overlay-gradient":""},"tablet":{"background-color":"var(--ast-global-color-5)","background-image":"","background-repeat":"repeat","background-position":"center center","background-size":"auto","background-attachment":"scroll","background-type":"","background-media":"","overlay-type":"","overlay-color":"","overlay-opacity":"","overlay-gradient":""},"mobile":{"background-color":"var(--ast-global-color-5)","background-image":"","background-repeat":"repeat","background-position":"center center","background-size":"auto","background-attachment":"scroll","background-type":"","background-media":"","overlay-type":"","overlay-color":"","overlay-opacity":"","overlay-gradient":""}},"footnotes":""},"class_list":["post-247","page","type-page","status-publish","hentry"],"post_mailing_queue_ids":[],"_links":{"self":[{"href":"https:\/\/agora.xtec.cat\/ceiptorredemer\/wp-json\/wp\/v2\/pages\/247","targetHints":{"allow":["GET"]}}],"collection":[{"href":"https:\/\/agora.xtec.cat\/ceiptorredemer\/wp-json\/wp\/v2\/pages"}],"about":[{"href":"https:\/\/agora.xtec.cat\/ceiptorredemer\/wp-json\/wp\/v2\/types\/page"}],"author":[{"embeddable":true,"href":"https:\/\/agora.xtec.cat\/ceiptorredemer\/wp-json\/wp\/v2\/users\/1"}],"replies":[{"embeddable":true,"href":"https:\/\/agora.xtec.cat\/ceiptorredemer\/wp-json\/wp\/v2\/comments?post=247"}],"version-history":[{"count":6,"href":"https:\/\/agora.xtec.cat\/ceiptorredemer\/wp-json\/wp\/v2\/pages\/247\/revisions"}],"predecessor-version":[{"id":8442,"href":"https:\/\/agora.xtec.cat\/ceiptorredemer\/wp-json\/wp\/v2\/pages\/247\/revisions\/8442"}],"up":[{"embeddable":true,"href":"https:\/\/agora.xtec.cat\/ceiptorredemer\/wp-json\/wp\/v2\/pages\/213"}],"wp:attachment":[{"href":"https:\/\/agora.xtec.cat\/ceiptorredemer\/wp-json\/wp\/v2\/media?parent=247"}],"curies":[{"name":"wp","href":"https:\/\/api.w.org\/{rel}","templated":true}]}}