{"id":245,"date":"2016-11-03T12:17:44","date_gmt":"2016-11-03T11:17:44","guid":{"rendered":"http:\/\/agora.xtec.cat\/ceiptorredemer\/?page_id=245"},"modified":"2025-11-18T11:56:25","modified_gmt":"2025-11-18T10:56:25","slug":"autoritzacions","status":"publish","type":"page","link":"https:\/\/agora.xtec.cat\/ceiptorredemer\/informacions-curs\/autoritzacions\/","title":{"rendered":"Autoritzacions"},"content":{"rendered":"<p>Podeu descarregar aquests documents per omplir-los i fer-i arribar als mestres. Tamb\u00e9 els podeu trobar a la consergeria.<\/p>\n<p><a href=\"https:\/\/drive.google.com\/file\/d\/16Ak6EmnCpm9wL4H_PNGz2xV3f5Oyy4IT\/view?usp=sharing\" target=\"_blank\" rel=\"noopener\">SORTIDA D&#8217;ALUMNES EN HORARI ESCOLAR<\/a><\/p>\n<p><a href=\"https:\/\/drive.google.com\/file\/d\/1bM8HvBLBcRQwf_9A-H2n6by_yMI2alPd\/view?usp=sharing\" target=\"_blank\" rel=\"noopener\">AUTORITZACI\u00d3 MEDICAMENTS<\/a><\/p>\n<p><a href=\"https:\/\/drive.google.com\/file\/d\/18YupujJKsIc_Vq0ZJIf9QldYrALvzg4p\/view?usp=sharing\" target=\"_blank\" rel=\"noopener\">AVISOS I ENC\u00c0RRECS<\/a><\/p>\n<p><strong>AUTORITZACIONS ANUALS<\/strong><\/p>\n<p><a href=\"https:\/\/drive.google.com\/file\/d\/1l0pweRJ4j75iKzJ6Tj0LD6mM35LN0b5e\/view?usp=sharing\" target=\"_blank\" rel=\"noopener\">Autoritzaci\u00f3 Sortida Alumnat 3r<\/a><\/p>\n<p><a href=\"https:\/\/drive.google.com\/file\/d\/17SRzyx_LF1bUXKU8rO4eQPk01wcrBWsN\/view?usp=sharing\" target=\"_blank\" rel=\"noopener\">Autoritzaci\u00f3 Sortida Alumnat 4t a 6\u00e8<\/a><\/p>\n<p><a href=\"https:\/\/drive.google.com\/file\/d\/1q1xz7kC_7io07jPBIRpQhUtCK8pCJFzq\/view?usp=sharing\" target=\"_blank\" rel=\"noopener\">Autoritzaci\u00f3 Sortida Alumnat 4t a 6\u00e8 amb germans de 1r a 3r<\/a><\/p>\n<p><a href=\"https:\/\/drive.google.com\/file\/d\/1lldll0DEzqcwugBtAHHXHASofaM3zT89\/view?usp=sharing\" target=\"_blank\" rel=\"noopener\">Autoritzaci\u00f3 Dispositius m\u00f2bils<\/a><\/p>\n<p><strong>AUTORITZACI\u00d3 PROTECCI\u00d3 DE DADES<\/strong><\/p>\n<p><a href=\"https:\/\/drive.google.com\/file\/d\/1o7OIAx2EQyu_8ivHI0Z6_6NYG1YLC_Pc\/view\">Autoritzaci\u00f3 protecci\u00f3 de dades.<\/a><\/p>\n","protected":false},"excerpt":{"rendered":"<p>Podeu descarregar aquests documents per omplir-los i fer-i arribar als mestres. Tamb\u00e9 els podeu trobar a la consergeria. SORTIDA D&#8217;ALUMNES EN HORARI ESCOLAR AUTORITZACI\u00d3 MEDICAMENTS AVISOS I ENC\u00c0RRECS AUTORITZACIONS ANUALS Autoritzaci\u00f3 Sortida Alumnat 3r Autoritzaci\u00f3 Sortida Alumnat 4t a 6\u00e8 Autoritzaci\u00f3 Sortida Alumnat 4t a 6\u00e8 amb germans de 1r a 3r Autoritzaci\u00f3 Dispositius m\u00f2bils [&hellip;]<\/p>\n","protected":false},"author":1,"featured_media":0,"parent":213,"menu_order":0,"comment_status":"closed","ping_status":"closed","template":"","meta":{"_bbp_topic_count":0,"_bbp_reply_count":0,"_bbp_total_topic_count":0,"_bbp_total_reply_count":0,"_bbp_voice_count":0,"_bbp_anonymous_reply_count":0,"_bbp_topic_count_hidden":0,"_bbp_reply_count_hidden":0,"_bbp_forum_subforum_count":0,"site-sidebar-layout":"default","site-content-layout":"","ast-site-content-layout":"default","site-content-style":"default","site-sidebar-style":"default","ast-global-header-display":"","ast-banner-title-visibility":"","ast-main-header-display":"","ast-hfb-above-header-display":"","ast-hfb-below-header-display":"","ast-hfb-mobile-header-display":"","site-post-title":"","ast-breadcrumbs-content":"","ast-featured-img":"","footer-sml-layout":"","theme-transparent-header-meta":"default","adv-header-id-meta":"","stick-header-meta":"","header-above-stick-meta":"","header-main-stick-meta":"","header-below-stick-meta":"","astra-migrate-meta-layouts":"set","ast-page-background-enabled":"default","ast-page-background-meta":{"desktop":{"background-color":"var(--ast-global-color-4)","background-image":"","background-repeat":"repeat","background-position":"center center","background-size":"auto","background-attachment":"scroll","background-type":"","background-media":"","overlay-type":"","overlay-color":"","overlay-opacity":"","overlay-gradient":""},"tablet":{"background-color":"","background-image":"","background-repeat":"repeat","background-position":"center center","background-size":"auto","background-attachment":"scroll","background-type":"","background-media":"","overlay-type":"","overlay-color":"","overlay-opacity":"","overlay-gradient":""},"mobile":{"background-color":"","background-image":"","background-repeat":"repeat","background-position":"center center","background-size":"auto","background-attachment":"scroll","background-type":"","background-media":"","overlay-type":"","overlay-color":"","overlay-opacity":"","overlay-gradient":""}},"ast-content-background-meta":{"desktop":{"background-color":"var(--ast-global-color-5)","background-image":"","background-repeat":"repeat","background-position":"center center","background-size":"auto","background-attachment":"scroll","background-type":"","background-media":"","overlay-type":"","overlay-color":"","overlay-opacity":"","overlay-gradient":""},"tablet":{"background-color":"var(--ast-global-color-5)","background-image":"","background-repeat":"repeat","background-position":"center center","background-size":"auto","background-attachment":"scroll","background-type":"","background-media":"","overlay-type":"","overlay-color":"","overlay-opacity":"","overlay-gradient":""},"mobile":{"background-color":"var(--ast-global-color-5)","background-image":"","background-repeat":"repeat","background-position":"center center","background-size":"auto","background-attachment":"scroll","background-type":"","background-media":"","overlay-type":"","overlay-color":"","overlay-opacity":"","overlay-gradient":""}},"footnotes":""},"class_list":["post-245","page","type-page","status-publish","hentry"],"post_mailing_queue_ids":[],"_links":{"self":[{"href":"https:\/\/agora.xtec.cat\/ceiptorredemer\/wp-json\/wp\/v2\/pages\/245","targetHints":{"allow":["GET"]}}],"collection":[{"href":"https:\/\/agora.xtec.cat\/ceiptorredemer\/wp-json\/wp\/v2\/pages"}],"about":[{"href":"https:\/\/agora.xtec.cat\/ceiptorredemer\/wp-json\/wp\/v2\/types\/page"}],"author":[{"embeddable":true,"href":"https:\/\/agora.xtec.cat\/ceiptorredemer\/wp-json\/wp\/v2\/users\/1"}],"replies":[{"embeddable":true,"href":"https:\/\/agora.xtec.cat\/ceiptorredemer\/wp-json\/wp\/v2\/comments?post=245"}],"version-history":[{"count":6,"href":"https:\/\/agora.xtec.cat\/ceiptorredemer\/wp-json\/wp\/v2\/pages\/245\/revisions"}],"predecessor-version":[{"id":8102,"href":"https:\/\/agora.xtec.cat\/ceiptorredemer\/wp-json\/wp\/v2\/pages\/245\/revisions\/8102"}],"up":[{"embeddable":true,"href":"https:\/\/agora.xtec.cat\/ceiptorredemer\/wp-json\/wp\/v2\/pages\/213"}],"wp:attachment":[{"href":"https:\/\/agora.xtec.cat\/ceiptorredemer\/wp-json\/wp\/v2\/media?parent=245"}],"curies":[{"name":"wp","href":"https:\/\/api.w.org\/{rel}","templated":true}]}}