{"id":4097,"date":"2020-03-26T12:14:42","date_gmt":"2020-03-26T11:14:42","guid":{"rendered":"http:\/\/agora.xtec.cat\/ceiptomasraguer\/?page_id=4097"},"modified":"2025-05-19T16:02:35","modified_gmt":"2025-05-19T14:02:35","slug":"contacte-amb-la-comunitat-educativa","status":"publish","type":"page","link":"https:\/\/agora.xtec.cat\/ceiptomasraguer\/lescola\/el-claustre\/contacte-amb-la-comunitat-educativa\/","title":{"rendered":"Contacte amb la Comunitat Educativa"},"content":{"rendered":"<table style=\"width: 87.1647%; height: 838px;\" width=\"0\">\n<tbody>\n<tr style=\"height: 136px;\">\n<td style=\"width: 26.0736%; height: 136px;\" width=\"170\">EDUCACI\u00d3 INFANTIL<\/td>\n<td style=\"width: 55.5165%; height: 136px;\" width=\"171\">M.\u00c0ngels Ayats<\/p>\n<p>Carla Espu\u00f1a<\/p>\n<p>Montse Escrib\u00e0<\/p>\n<p>Mari Vidal<\/p>\n<p>Eva Farr\u00e9s<\/td>\n<td style=\"width: 23.3732%; height: 136px;\" width=\"301\">mangelsayats@escolatomasraguer.cat<\/p>\n<p>carlaespuna@escolatomasraguer.cat<\/p>\n<p>montseescriba@escolatomasraguer.cat<\/p>\n<p>marividal@escolatomasraguer.cat<\/p>\n<p>evafarres@escolatomasraguer.cat<\/td>\n<\/tr>\n<tr style=\"height: 96px;\">\n<td style=\"width: 26.0736%; height: 96px;\" width=\"170\">CICLE INICIAL<\/td>\n<td style=\"width: 55.5165%; height: 96px;\" width=\"171\">N\u00faria Pons<\/p>\n<p>Tat Picornell<\/p>\n<p>Carme Palmerola<\/td>\n<td style=\"width: 23.3732%; height: 96px;\" width=\"301\">nuriapons@escolatomasraguer.cat<\/p>\n<p>tatpicornell@escolatomasraguer.cat<\/p>\n<p>carmepalmerola@escolatomasraguer.cat<\/td>\n<\/tr>\n<tr style=\"height: 96px;\">\n<td style=\"width: 26.0736%; height: 96px;\" width=\"170\">CICLE MITJ\u00c0<\/td>\n<td style=\"width: 55.5165%; height: 96px;\" width=\"171\">Sonia Hern\u00e1ndez<\/p>\n<p>Marina Garcia<\/td>\n<td style=\"width: 23.3732%; height: 96px;\" width=\"301\">soniahernandez@escolatomasraguer.cat<\/p>\n<p>marinagarcia@escolatomasraguer.cat<\/td>\n<\/tr>\n<tr style=\"height: 96px;\">\n<td style=\"width: 26.0736%; height: 96px;\" width=\"170\">CICLE SUPERIOR<\/td>\n<td style=\"width: 55.5165%; height: 96px;\" width=\"171\">Eva Salam\u00f3<\/p>\n<p>J\u00e8ssica Ram\u00edrez<\/td>\n<td style=\"width: 23.3732%; height: 96px;\" width=\"301\">evasalamo@escolatomasraguer.cat<\/p>\n<p>jessicaramirez@escolatomasraguer.cat<\/td>\n<\/tr>\n<tr style=\"height: 112px;\">\n<td style=\"width: 26.0736%; height: 112px;\">Suports<\/td>\n<td style=\"width: 55.5165%; height: 112px;\">Noem\u00ed MasipElena Basaga\u00f1a<\/td>\n<td style=\"width: 23.3732%; height: 112px;\">noemimasip@escolatomasraguer.catelenabasagana@escolatomasraguer.cat<\/td>\n<\/tr>\n<tr style=\"height: 32px;\">\n<td style=\"width: 26.0736%; height: 32px;\" width=\"170\">M\u00fasica i franc\u00e8s<\/td>\n<td style=\"width: 55.5165%; height: 32px;\" width=\"171\">Magda Sadurn\u00ed<\/p>\n<p>Subs: S\u00f2nia Carrera<\/td>\n<td style=\"width: 23.3732%; height: 32px;\" width=\"301\">magdasadurni@escolatomasraguer.cat<\/p>\n<p>soniacarrera@escolatomasraguer.cat<\/td>\n<\/tr>\n<tr style=\"height: 32px;\">\n<td style=\"width: 26.0736%; height: 32px;\" width=\"170\">NEE<\/td>\n<td style=\"width: 55.5165%; height: 32px;\" width=\"171\">Sandra Borrull<\/td>\n<td style=\"width: 23.3732%; height: 32px;\" width=\"301\">sandraborrull@escolatomasraguer.cat<\/td>\n<\/tr>\n<tr style=\"height: 32px;\">\n<td style=\"width: 26.0736%; height: 32px;\" width=\"170\">Ed f\u00edsica<\/td>\n<td style=\"width: 55.5165%; height: 32px;\" width=\"171\">Roser Moreno<\/td>\n<td style=\"width: 23.3732%; height: 32px;\" width=\"301\">rosermoreno@escolatomasraguer.cat<\/td>\n<\/tr>\n<tr style=\"height: 32px;\">\n<td style=\"width: 26.0736%; height: 32px;\">AA<\/td>\n<td style=\"width: 55.5165%; height: 32px;\">Berta Yuste<\/td>\n<td style=\"width: 23.3732%; height: 32px;\">bertayuste@escolatomasraguer.cat<\/td>\n<\/tr>\n<tr style=\"height: 48px;\">\n<td style=\"width: 26.0736%; height: 48px;\" width=\"170\">Cultura de les religions i valors<\/td>\n<td style=\"width: 55.5165%; height: 48px;\" width=\"171\">Maria Jes\u00fas de Sande<\/td>\n<td style=\"width: 23.3732%; height: 48px;\" width=\"301\">mjesusdesande@escolatomasraguer.cat<\/td>\n<\/tr>\n<tr style=\"height: 48px;\">\n<td style=\"width: 26.0736%; height: 48px;\" width=\"170\">TEEI (t\u00e8cnica d&#8217;educaci\u00f3 infantil)<\/td>\n<td style=\"width: 55.5165%; height: 48px;\" width=\"171\">Alba Rovira<\/td>\n<td style=\"width: 23.3732%; height: 48px;\" width=\"301\"><\/td>\n<\/tr>\n<tr style=\"height: 48px;\">\n<td style=\"width: 26.0736%; height: 48px;\" width=\"170\">TIS (t\u00e8cnica d&#8217;integraci\u00f3 social)<\/td>\n<td style=\"width: 55.5165%; height: 48px;\" width=\"171\">Maria Teixidor<\/td>\n<td style=\"width: 23.3732%; height: 48px;\" width=\"301\">mariatis@escolatomasraguer.cat<\/td>\n<\/tr>\n<\/tbody>\n<\/table>\n","protected":false},"excerpt":{"rendered":"<p>EDUCACI\u00d3 INFANTIL M.\u00c0ngels Ayats Carla Espu\u00f1a Montse Escrib\u00e0 Mari Vidal Eva Farr\u00e9s mangelsayats@escolatomasraguer.cat carlaespuna@escolatomasraguer.cat montseescriba@escolatomasraguer.cat marividal@escolatomasraguer.cat evafarres@escolatomasraguer.cat CICLE INICIAL N\u00faria Pons Tat Picornell Carme Palmerola nuriapons@escolatomasraguer.cat tatpicornell@escolatomasraguer.cat carmepalmerola@escolatomasraguer.cat CICLE MITJ\u00c0 Sonia Hern\u00e1ndez Marina Garcia soniahernandez@escolatomasraguer.cat marinagarcia@escolatomasraguer.cat CICLE SUPERIOR Eva Salam\u00f3 J\u00e8ssica Ram\u00edrez evasalamo@escolatomasraguer.cat jessicaramirez@escolatomasraguer.cat Suports Noem\u00ed MasipElena Basaga\u00f1a noemimasip@escolatomasraguer.catelenabasagana@escolatomasraguer.cat M\u00fasica i franc\u00e8s Magda Sadurn\u00ed Subs: [&hellip;]<\/p>\n","protected":false},"author":4,"featured_media":0,"parent":472,"menu_order":0,"comment_status":"closed","ping_status":"closed","template":"","meta":{"_bbp_topic_count":0,"_bbp_reply_count":0,"_bbp_total_topic_count":0,"_bbp_total_reply_count":0,"_bbp_voice_count":0,"_bbp_anonymous_reply_count":0,"_bbp_topic_count_hidden":0,"_bbp_reply_count_hidden":0,"_bbp_forum_subforum_count":0,"site-sidebar-layout":"default","site-content-layout":"","ast-site-content-layout":"default","site-content-style":"default","site-sidebar-style":"default","ast-global-header-display":"","ast-banner-title-visibility":"","ast-main-header-display":"","ast-hfb-above-header-display":"","ast-hfb-below-header-display":"","ast-hfb-mobile-header-display":"","site-post-title":"","ast-breadcrumbs-content":"","ast-featured-img":"","footer-sml-layout":"","theme-transparent-header-meta":"","adv-header-id-meta":"","stick-header-meta":"","header-above-stick-meta":"","header-main-stick-meta":"","header-below-stick-meta":"","astra-migrate-meta-layouts":"set","ast-page-background-enabled":"default","ast-page-background-meta":{"desktop":{"background-color":"var(--ast-global-color-4)","background-image":"","background-repeat":"repeat","background-position":"center center","background-size":"auto","background-attachment":"scroll","background-type":"","background-media":"","overlay-type":"","overlay-color":"","overlay-opacity":"","overlay-gradient":""},"tablet":{"background-color":"","background-image":"","background-repeat":"repeat","background-position":"center center","background-size":"auto","background-attachment":"scroll","background-type":"","background-media":"","overlay-type":"","overlay-color":"","overlay-opacity":"","overlay-gradient":""},"mobile":{"background-color":"","background-image":"","background-repeat":"repeat","background-position":"center center","background-size":"auto","background-attachment":"scroll","background-type":"","background-media":"","overlay-type":"","overlay-color":"","overlay-opacity":"","overlay-gradient":""}},"ast-content-background-meta":{"desktop":{"background-color":"var(--ast-global-color-5)","background-image":"","background-repeat":"repeat","background-position":"center center","background-size":"auto","background-attachment":"scroll","background-type":"","background-media":"","overlay-type":"","overlay-color":"","overlay-opacity":"","overlay-gradient":""},"tablet":{"background-color":"var(--ast-global-color-5)","background-image":"","background-repeat":"repeat","background-position":"center center","background-size":"auto","background-attachment":"scroll","background-type":"","background-media":"","overlay-type":"","overlay-color":"","overlay-opacity":"","overlay-gradient":""},"mobile":{"background-color":"var(--ast-global-color-5)","background-image":"","background-repeat":"repeat","background-position":"center center","background-size":"auto","background-attachment":"scroll","background-type":"","background-media":"","overlay-type":"","overlay-color":"","overlay-opacity":"","overlay-gradient":""}},"footnotes":""},"class_list":["post-4097","page","type-page","status-publish","hentry"],"post_mailing_queue_ids":[],"_links":{"self":[{"href":"https:\/\/agora.xtec.cat\/ceiptomasraguer\/wp-json\/wp\/v2\/pages\/4097","targetHints":{"allow":["GET"]}}],"collection":[{"href":"https:\/\/agora.xtec.cat\/ceiptomasraguer\/wp-json\/wp\/v2\/pages"}],"about":[{"href":"https:\/\/agora.xtec.cat\/ceiptomasraguer\/wp-json\/wp\/v2\/types\/page"}],"author":[{"embeddable":true,"href":"https:\/\/agora.xtec.cat\/ceiptomasraguer\/wp-json\/wp\/v2\/users\/4"}],"replies":[{"embeddable":true,"href":"https:\/\/agora.xtec.cat\/ceiptomasraguer\/wp-json\/wp\/v2\/comments?post=4097"}],"version-history":[{"count":6,"href":"https:\/\/agora.xtec.cat\/ceiptomasraguer\/wp-json\/wp\/v2\/pages\/4097\/revisions"}],"predecessor-version":[{"id":10007,"href":"https:\/\/agora.xtec.cat\/ceiptomasraguer\/wp-json\/wp\/v2\/pages\/4097\/revisions\/10007"}],"up":[{"embeddable":true,"href":"https:\/\/agora.xtec.cat\/ceiptomasraguer\/wp-json\/wp\/v2\/pages\/472"}],"wp:attachment":[{"href":"https:\/\/agora.xtec.cat\/ceiptomasraguer\/wp-json\/wp\/v2\/media?parent=4097"}],"curies":[{"name":"wp","href":"https:\/\/api.w.org\/{rel}","templated":true}]}}