{"id":26666,"date":"2026-01-09T11:14:13","date_gmt":"2026-01-09T10:14:13","guid":{"rendered":"https:\/\/agora.xtec.cat\/ceiptibidabo\/?page_id=26666"},"modified":"2026-01-09T13:33:51","modified_gmt":"2026-01-09T12:33:51","slug":"faqs-educacio-primaria","status":"publish","type":"page","link":"https:\/\/agora.xtec.cat\/ceiptibidabo\/faqs-2\/faqs-educacio-primaria\/","title":{"rendered":"FaQs Educaci\u00f3 Prim\u00e0ria"},"content":{"rendered":"<p style=\"text-align: justify;\"><b>&#8211; <span style=\"text-decoration: underline;\">Utilitzeu llibres de text?<\/span>\u00a0<\/b><span style=\"font-weight: 400;\">A l\u2019escola apostem per una metodologia m\u00e9s oberta i, per tant, <\/span><b>nom\u00e9s utilitzem llibres de text en l&#8217;\u00e0rea de matem\u00e0tiques<\/b><span style=\"font-weight: 400;\">, concretament el m\u00e8tode <\/span><b>Innovamat<\/b><span style=\"font-weight: 400;\">, que combina la part manipulativa amb el registre en paper.<\/span><\/p>\n<p style=\"text-align: justify;\"><b>&#8211; <\/b><span style=\"text-decoration: underline;\"><b>Quin \u00fas feu de les pantalles?<\/b><\/span><b>\u00a0<\/b><span style=\"font-weight: 400;\">L&#8217;\u00fas de la tecnologia est\u00e0 graduat segons l&#8217;edat de l&#8217;infant:<\/span><\/p>\n<ul style=\"text-align: justify;\">\n<li style=\"font-weight: 400;\" aria-level=\"1\"><b>Comunitat Mitjana:<\/b><span style=\"font-weight: 400;\"> Les aules disposen de pantalles i pissarres de guix. S\u2019utilitza la tauleta de forma espec\u00edfica per a activitats de matem\u00e0tiques.<\/span><\/li>\n<li style=\"font-weight: 400;\" aria-level=\"1\"><b>Comunitat Gran (5\u00e8 i 6\u00e8):<\/b><span style=\"font-weight: 400;\"> Hi ha pantalles a les aules i s\u2019introdueix l\u2019\u00fas de l\u2019ordinador personal per a recerques o treballs de creaci\u00f3, per\u00f2 <\/span><b>no com a eina di\u00e0ria<\/b><span style=\"font-weight: 400;\">. Tamb\u00e9 s&#8217;utilitzen per a la plataforma de matem\u00e0tiques.<\/span><\/li>\n<\/ul>\n<p style=\"text-align: justify;\"><b>&#8211; <span style=\"text-decoration: underline;\">Utilitzeu autocars o transport p\u00fablic?<\/span>\u00a0<\/b><span style=\"font-weight: 400;\">El tipus de transport dep\u00e8n de l&#8217;etapa educativa:<\/span><\/p>\n<ul style=\"text-align: justify;\">\n<li style=\"font-weight: 400;\" aria-level=\"1\"><b>Educaci\u00f3 Prim\u00e0ria:<\/b><span style=\"font-weight: 400;\"> Sempre que sigui possible, prioritzem l&#8217;\u00fas del <\/span><b>transport p\u00fablic<\/b><span style=\"font-weight: 400;\"> per fomentar l&#8217;autonomia i el civisme.<\/span><\/li>\n<\/ul>\n<p style=\"text-align: justify;\"><b>Requisit:<\/b><span style=\"font-weight: 400;\"> \u00c9s imprescindible que tot l&#8217;alumnat de prim\u00e0ria disposi de la\u00a0 <\/span><b>T-16<\/b><span style=\"font-weight: 400;\"> per poder\u00a0 realitzar aquestes sortides.<\/span><\/p>\n<p style=\"text-align: justify;\"><b>&#8211; <span style=\"text-decoration: underline;\">A partir de quin curs es fan col\u00f2nies?<\/span> <\/b><span style=\"font-weight: 400;\">Les col\u00f2nies s\u00f3n un dels moments m\u00e9s esperats i tenen un gran valor per a la conviv\u00e8ncia. L&#8217;estructura \u00e9s la seg\u00fcent:<\/span><\/p>\n<ul>\n<li><span style=\"text-decoration: underline;\">1r de prim\u00e0ria:<\/span> (1 nit\/2 dies). <span style=\"font-weight: 400;\">Primera presa de contacte amb el dormir fora.<\/span><\/li>\n<li><span style=\"text-decoration: underline;\">De 2n a 5\u00e8 de prim\u00e0ria:<\/span> (2 nits\/3 dies). <span style=\"font-weight: 400;\">Tots els cursos marxen <\/span><b>al mateix lloc i alhora<\/b><span style=\"font-weight: 400;\">, fomentant el vincle entre tota l&#8217;escola.<\/span><\/li>\n<li><span style=\"text-decoration: underline;\">6\u00e8 de prim\u00e0ria:<\/span> (3 nits\/4 dies). <span style=\"font-weight: 400;\">Es realitzen al juny i serveixen com a <\/span><b>viatge de final d&#8217;etapa.<\/b><\/li>\n<\/ul>\n<h6 style=\"text-align: justify;\"><b>&#8211; <span style=\"text-decoration: underline;\">Quantes excursions fan durant el curs?<\/span><\/b><b style=\"font-size: 1.5em; font-style: inherit;\"> <\/b><span style=\"font-weight: 400;\">L&#8217;aprenentatge fora de l&#8217;aula \u00e9s fonamental al nostre projecte. Cada curs realitza:<\/span><\/h6>\n<ul style=\"text-align: justify;\">\n<li style=\"font-weight: 400;\" aria-level=\"1\"><b>Una sortida amb autocar per trimestre<\/b><span style=\"font-weight: 400;\"> (incloent-hi les col\u00f2nies).<\/span><\/li>\n<li style=\"font-weight: 400;\" aria-level=\"1\"><b>Una sortida cultural com a m\u00ednim<\/b><span style=\"font-weight: 400;\"> (visites a museus, exposicions, teatre o concerts).<\/span><\/li>\n<li style=\"font-weight: 400;\" aria-level=\"1\"><b>Sortides esportives<\/b><span style=\"font-weight: 400;\"> i participaci\u00f3 en activitats organitzades per entitats del barri i del districte, per tal de mantenir el vincle amb l&#8217;entorn proper.<\/span><\/li>\n<\/ul>\n<h6 style=\"text-align: justify;\"><b>&#8211; <\/b><b><span style=\"text-decoration: underline;\">Utilitzeu autocars o transport p\u00fablic?<\/span>\u00a0<\/b><span style=\"font-weight: 400;\">El tipus de transport dep\u00e8n de l&#8217;etapa educativa:<\/span><\/h6>\n<ul style=\"text-align: justify;\">\n<li style=\"font-weight: 400;\" aria-level=\"1\"><b>Educaci\u00f3 Prim\u00e0ria:<\/b><span style=\"font-weight: 400;\"> Sempre que sigui possible, prioritzem l&#8217;\u00fas del <\/span><b>transport p\u00fablic<\/b><span style=\"font-weight: 400;\"> per fomentar l&#8217;autonomia i el civisme.<\/span><\/li>\n<\/ul>\n<p style=\"text-align: justify;\"><b>Requisit:<\/b><span style=\"font-weight: 400;\"> \u00c9s imprescindible que tot l&#8217;alumnat de prim\u00e0ria disposi de la targeta <\/span><b>T-16<\/b><span style=\"font-weight: 400;\"> per poder realitzar aquestes sortides.<\/span><\/p>\n","protected":false},"excerpt":{"rendered":"<p>&#8211; Utilitzeu llibres de text?\u00a0A l\u2019escola apostem per una metodologia m\u00e9s oberta i, per tant, nom\u00e9s utilitzem llibres de text en l&#8217;\u00e0rea de matem\u00e0tiques, concretament el m\u00e8tode Innovamat, que combina la part manipulativa amb el registre en paper. &#8211; Quin \u00fas feu de les pantalles?\u00a0L&#8217;\u00fas de la tecnologia est\u00e0 graduat segons l&#8217;edat de l&#8217;infant: Comunitat [&hellip;]<\/p>\n","protected":false},"author":283,"featured_media":0,"parent":26055,"menu_order":0,"comment_status":"closed","ping_status":"closed","template":"","meta":{"_bbp_topic_count":0,"_bbp_reply_count":0,"_bbp_total_topic_count":0,"_bbp_total_reply_count":0,"_bbp_voice_count":0,"_bbp_anonymous_reply_count":0,"_bbp_topic_count_hidden":0,"_bbp_reply_count_hidden":0,"_bbp_forum_subforum_count":0,"site-sidebar-layout":"default","site-content-layout":"","ast-site-content-layout":"default","site-content-style":"default","site-sidebar-style":"default","ast-global-header-display":"","ast-banner-title-visibility":"","ast-main-header-display":"","ast-hfb-above-header-display":"","ast-hfb-below-header-display":"","ast-hfb-mobile-header-display":"","site-post-title":"","ast-breadcrumbs-content":"","ast-featured-img":"","footer-sml-layout":"","theme-transparent-header-meta":"default","adv-header-id-meta":"","stick-header-meta":"","header-above-stick-meta":"","header-main-stick-meta":"","header-below-stick-meta":"","astra-migrate-meta-layouts":"set","ast-page-background-enabled":"default","ast-page-background-meta":{"desktop":{"background-color":"var(--ast-global-color-4)","background-image":"","background-repeat":"repeat","background-position":"center center","background-size":"auto","background-attachment":"scroll","background-type":"","background-media":"","overlay-type":"","overlay-color":"","overlay-opacity":"","overlay-gradient":""},"tablet":{"background-color":"","background-image":"","background-repeat":"repeat","background-position":"center center","background-size":"auto","background-attachment":"scroll","background-type":"","background-media":"","overlay-type":"","overlay-color":"","overlay-opacity":"","overlay-gradient":""},"mobile":{"background-color":"","background-image":"","background-repeat":"repeat","background-position":"center center","background-size":"auto","background-attachment":"scroll","background-type":"","background-media":"","overlay-type":"","overlay-color":"","overlay-opacity":"","overlay-gradient":""}},"ast-content-background-meta":{"desktop":{"background-color":"var(--ast-global-color-5)","background-image":"","background-repeat":"repeat","background-position":"center center","background-size":"auto","background-attachment":"scroll","background-type":"","background-media":"","overlay-type":"","overlay-color":"","overlay-opacity":"","overlay-gradient":""},"tablet":{"background-color":"var(--ast-global-color-5)","background-image":"","background-repeat":"repeat","background-position":"center center","background-size":"auto","background-attachment":"scroll","background-type":"","background-media":"","overlay-type":"","overlay-color":"","overlay-opacity":"","overlay-gradient":""},"mobile":{"background-color":"var(--ast-global-color-5)","background-image":"","background-repeat":"repeat","background-position":"center center","background-size":"auto","background-attachment":"scroll","background-type":"","background-media":"","overlay-type":"","overlay-color":"","overlay-opacity":"","overlay-gradient":""}},"footnotes":""},"class_list":["post-26666","page","type-page","status-publish","hentry"],"post_mailing_queue_ids":[],"_links":{"self":[{"href":"https:\/\/agora.xtec.cat\/ceiptibidabo\/wp-json\/wp\/v2\/pages\/26666","targetHints":{"allow":["GET"]}}],"collection":[{"href":"https:\/\/agora.xtec.cat\/ceiptibidabo\/wp-json\/wp\/v2\/pages"}],"about":[{"href":"https:\/\/agora.xtec.cat\/ceiptibidabo\/wp-json\/wp\/v2\/types\/page"}],"author":[{"embeddable":true,"href":"https:\/\/agora.xtec.cat\/ceiptibidabo\/wp-json\/wp\/v2\/users\/283"}],"replies":[{"embeddable":true,"href":"https:\/\/agora.xtec.cat\/ceiptibidabo\/wp-json\/wp\/v2\/comments?post=26666"}],"version-history":[{"count":1,"href":"https:\/\/agora.xtec.cat\/ceiptibidabo\/wp-json\/wp\/v2\/pages\/26666\/revisions"}],"predecessor-version":[{"id":26681,"href":"https:\/\/agora.xtec.cat\/ceiptibidabo\/wp-json\/wp\/v2\/pages\/26666\/revisions\/26681"}],"up":[{"embeddable":true,"href":"https:\/\/agora.xtec.cat\/ceiptibidabo\/wp-json\/wp\/v2\/pages\/26055"}],"wp:attachment":[{"href":"https:\/\/agora.xtec.cat\/ceiptibidabo\/wp-json\/wp\/v2\/media?parent=26666"}],"curies":[{"name":"wp","href":"https:\/\/api.w.org\/{rel}","templated":true}]}}