{"id":32,"date":"2014-09-18T12:31:33","date_gmt":"2014-09-18T12:31:33","guid":{"rendered":"http:\/\/agora.xtec.cat\/ceiptiana\/?page_id=32"},"modified":"2025-09-26T11:44:26","modified_gmt":"2025-09-26T09:44:26","slug":"calendari-del-curs","status":"publish","type":"page","link":"https:\/\/agora.xtec.cat\/ceiptiana\/lescola\/calendari-del-curs\/","title":{"rendered":"Calendari del curs"},"content":{"rendered":"<h4><strong>Inici de curs:<\/strong><\/h4>\n<p>Dilluns 8 de setembre de 2025<\/p>\n<h4><strong>Vacances:<\/strong><\/h4>\n<p>VACANCES D\u2019HIVERN: DEL 20 DE DESEMBRE AL 7 DE GENER DE 2026 (AMBD\u00d3S INCLOSOS).<\/p>\n<p>VACANCES DE PRIMAVERA: DEL 28 DE MAR\u00c7 AL 6 D&#8217;ABRIL DE 2026 (AMBD\u00d3S INCLOSOS).<\/p>\n<p>Fi DE CURS: DIVENDRES 19 DE JUNY DE 2026.<\/p>\n<h4><strong>Festes de lliure disposici\u00f3:<\/strong><\/h4>\n<ul style=\"list-style-type: square;\">\n<li>Dilluns 3 de novembre de 2025<\/li>\n<li>Divendres 5 de desembre de 2025<\/li>\n<li>Dilluns 16 de febrer de 2026<\/li>\n<li>Dilluns 4 de maig de 2026<\/li>\n<li>Dimarts 26 de maig de 2026<\/li>\n<\/ul>\n<h4><strong>Festes generals:<\/strong><\/h4>\n<ul style=\"list-style-type: square;\">\n<li>Dijous 11 de setembre de 2025 (Diada Nacional de Catalunya)<\/li>\n<li>Diumenge 12 d\u2019octubre de 2025 (Festa Nacional)<\/li>\n<li>Dissabte 1 de novembre de 2025 (Tots Sants)<\/li>\n<li>Dissabte 6 de desembre de 2025 (Dia de la Constituci\u00f3)<\/li>\n<li>Dilluns 8 de desembre de 2025 (La Inmaculada)<\/li>\n<li>Dimarts 6 de gener de 2026 (Reis)<\/li>\n<li>Divendres 1 de maig de 2026 (Dia del treballador)<\/li>\n<\/ul>\n<h4><strong>Festes locals:<\/strong><\/h4>\n<ul style=\"list-style-type: square;\">\n<li>Dilluns 25 de maig de 2026 (Segona Pasqua).<\/li>\n<li>Dilluns 31 d&#8217;agost de 2026 (Festa Major).<\/li>\n<\/ul>\n<div>\n<p><em><strong>Jornada intensiva:<\/strong><\/em><\/p>\n<ul style=\"list-style-type: square;\">\n<li>DIVENDRES 19 DE DESEMBRE DE 2025 DE 9:00 A 13:00h.<\/li>\n<\/ul>\n<\/div>\n<ul style=\"list-style-type: square;\">\n<li>DEL DILLUNS 8 DE JUNY AL DIVENDRES 19 DE JUNY DE 2026 DE 9:00 A 13:00h.<\/li>\n<\/ul>\n<p>(PENDENT D\u2019APROVACI\u00d3 DEPARTAMENT D\u2019EDUCACI\u00d3).<\/p>\n<p>L\u2019<b>horari lectiu<\/b> del centre \u00e9s de 09:00h a 12:30h i de 15:00h a 16:30h per a tots els alumnes.\u00a0El dia 19 de desembre de 2025, i a partir del 8 de juny de 2026, es realitza horari compactat de 09:00h a 13:00h. (Els alumnes que utilitzen el servei de menjador surten a les 15:30 h.).<\/p>\n<p>Per als alumnes que inicien l\u2019escolaritzaci\u00f3 a EI3 s\u2019organitza un breu per\u00edode d\u2019adaptaci\u00f3 que suposa una certa modificaci\u00f3 dels horaris dels tres primers dies de classe i que es fa saber a les fam\u00edlies en les reunions pr\u00e8vies corresponents.<\/p>\n<p>Les concrecions del calendari escolar, d&#8217;activitats i sortides anuals s\u00f3n al calendari de la p\u00e0gina principal.<\/p>\n","protected":false},"excerpt":{"rendered":"<p>Inici de curs:<br \/>\nDilluns 8 de setembre de 2025<br \/>\nVacances:<br \/>\nVACANCES D\u2019HIVERN: DEL 20 DE DESEMBRE AL 7 DE GENER DE 2026 (AMBD\u00d3S INCLOSOS).<br \/>\nVACANCES DE PRIMAVERA: DEL 28 DE MAR\u00c7 AL 6 D&#8217;ABRIL DE 2026 (AMBD\u00d3S INCLOSOS).<br \/>\nFi DE CURS: DIVENDRES 19 DE JUNY DE 2026.<br \/>\nFestes de lliure disposici\u00f3:\n<ul&hellip;  <a href=\"https:\/\/agora.xtec.cat\/ceiptiana\/lescola\/calendari-del-curs\/\" title=\"Read Calendari del curs\">Llegeix m\u00e9s\u00bb<\/a><\/p>\n","protected":false},"author":2,"featured_media":0,"parent":22,"menu_order":50,"comment_status":"closed","ping_status":"closed","template":"page-templates\/side-menu.php","meta":{"_bbp_topic_count":0,"_bbp_reply_count":0,"_bbp_total_topic_count":0,"_bbp_total_reply_count":0,"_bbp_voice_count":0,"_bbp_anonymous_reply_count":0,"_bbp_topic_count_hidden":0,"_bbp_reply_count_hidden":0,"_bbp_forum_subforum_count":0,"footnotes":""},"class_list":["post-32","page","type-page","status-publish","hentry"],"post_mailing_queue_ids":[],"_links":{"self":[{"href":"https:\/\/agora.xtec.cat\/ceiptiana\/wp-json\/wp\/v2\/pages\/32","targetHints":{"allow":["GET"]}}],"collection":[{"href":"https:\/\/agora.xtec.cat\/ceiptiana\/wp-json\/wp\/v2\/pages"}],"about":[{"href":"https:\/\/agora.xtec.cat\/ceiptiana\/wp-json\/wp\/v2\/types\/page"}],"author":[{"embeddable":true,"href":"https:\/\/agora.xtec.cat\/ceiptiana\/wp-json\/wp\/v2\/users\/2"}],"replies":[{"embeddable":true,"href":"https:\/\/agora.xtec.cat\/ceiptiana\/wp-json\/wp\/v2\/comments?post=32"}],"version-history":[{"count":6,"href":"https:\/\/agora.xtec.cat\/ceiptiana\/wp-json\/wp\/v2\/pages\/32\/revisions"}],"predecessor-version":[{"id":9978,"href":"https:\/\/agora.xtec.cat\/ceiptiana\/wp-json\/wp\/v2\/pages\/32\/revisions\/9978"}],"up":[{"embeddable":true,"href":"https:\/\/agora.xtec.cat\/ceiptiana\/wp-json\/wp\/v2\/pages\/22"}],"wp:attachment":[{"href":"https:\/\/agora.xtec.cat\/ceiptiana\/wp-json\/wp\/v2\/media?parent=32"}],"curies":[{"name":"wp","href":"https:\/\/api.w.org\/{rel}","templated":true}]}}