{"id":879,"date":"2018-02-13T13:26:24","date_gmt":"2018-02-13T12:26:24","guid":{"rendered":"http:\/\/agora.xtec.cat\/ceipteresaclaramunt\/?page_id=879"},"modified":"2022-02-01T13:08:38","modified_gmt":"2022-02-01T12:08:38","slug":"gep","status":"publish","type":"page","link":"https:\/\/agora.xtec.cat\/ceipteresaclaramunt\/gep\/","title":{"rendered":"GEP"},"content":{"rendered":"<p><img loading=\"lazy\" decoding=\"async\" class=\"size-full wp-image-2079 alignleft\" src=\"https:\/\/agora.xtec.cat\/ceipteresaclaramunt\/wp-content\/uploads\/usu2652\/2022\/02\/gep.png\" alt=\"\" width=\"296\" height=\"109\" \/><\/p>\n<p>El programa GEP (Generaci\u00f3 Pluriling\u00fce) neix durant el curs 2017-18 per tal d&#8217;augmentar la compet\u00e8ncia comunicativa de l&#8217;alumnat en lleng\u00fces estrangeres curriculars incrementant el grau d&#8217;exposici\u00f3 a aquestes lleng\u00fces.<\/p>\n<p>A la vegada, pret\u00e9n promoure un aprenentatge actiu i significatiu, basat en el treball cooperatiu i per projectes, en l&#8217;avaluaci\u00f3 orientada a l&#8217;aprenentatge i que fomenti el treball aut\u00f2nom tot incorporant progressivament l&#8217;ensenyament de lleng\u00fces estrangeres curriculars a trav\u00e9s de mat\u00e8ries no ling\u00fc\u00edstiques.<\/p>\n<p>La nostra escola es va adherir a aquest programa d&#8217;innovaci\u00f3 el mateix curs 2017-18. Des de llavors, es du a terme en llengua anglesa.<\/p>\n<p>Podeu accedir als continguts elaborats en els diferents cicles i nivells mitjan\u00e7ant <a href=\"https:\/\/blocs.xtec.cat\/etcangles\/\">aquest enlla\u00e7 al bloc.<\/a><\/p>\n","protected":false},"excerpt":{"rendered":"<p>El programa GEP (Generaci\u00f3 Pluriling\u00fce) neix durant el curs 2017-18 per tal d&#8217;augmentar la compet\u00e8ncia comunicativa de l&#8217;alumnat en lleng\u00fces estrangeres curriculars incrementant el grau d&#8217;exposici\u00f3 a aquestes lleng\u00fces.<br \/>\nA la vegada, pret\u00e9n promoure un aprenentatge actiu i significatiu, basat en el treball cooperatiu i per&hellip;  <a href=\"https:\/\/agora.xtec.cat\/ceipteresaclaramunt\/gep\/\" title=\"Read GEP\">Llegeix m\u00e9s\u00bb<\/a><\/p>\n","protected":false},"author":1,"featured_media":0,"parent":0,"menu_order":0,"comment_status":"closed","ping_status":"closed","template":"","meta":{"_bbp_topic_count":0,"_bbp_reply_count":0,"_bbp_total_topic_count":0,"_bbp_total_reply_count":0,"_bbp_voice_count":0,"_bbp_anonymous_reply_count":0,"_bbp_topic_count_hidden":0,"_bbp_reply_count_hidden":0,"_bbp_forum_subforum_count":0,"footnotes":""},"class_list":["post-879","page","type-page","status-publish","hentry"],"post_mailing_queue_ids":[],"_links":{"self":[{"href":"https:\/\/agora.xtec.cat\/ceipteresaclaramunt\/wp-json\/wp\/v2\/pages\/879","targetHints":{"allow":["GET"]}}],"collection":[{"href":"https:\/\/agora.xtec.cat\/ceipteresaclaramunt\/wp-json\/wp\/v2\/pages"}],"about":[{"href":"https:\/\/agora.xtec.cat\/ceipteresaclaramunt\/wp-json\/wp\/v2\/types\/page"}],"author":[{"embeddable":true,"href":"https:\/\/agora.xtec.cat\/ceipteresaclaramunt\/wp-json\/wp\/v2\/users\/1"}],"replies":[{"embeddable":true,"href":"https:\/\/agora.xtec.cat\/ceipteresaclaramunt\/wp-json\/wp\/v2\/comments?post=879"}],"version-history":[{"count":4,"href":"https:\/\/agora.xtec.cat\/ceipteresaclaramunt\/wp-json\/wp\/v2\/pages\/879\/revisions"}],"predecessor-version":[{"id":2081,"href":"https:\/\/agora.xtec.cat\/ceipteresaclaramunt\/wp-json\/wp\/v2\/pages\/879\/revisions\/2081"}],"wp:attachment":[{"href":"https:\/\/agora.xtec.cat\/ceipteresaclaramunt\/wp-json\/wp\/v2\/media?parent=879"}],"curies":[{"name":"wp","href":"https:\/\/api.w.org\/{rel}","templated":true}]}}