{"id":1940,"date":"2021-07-05T13:40:16","date_gmt":"2021-07-05T11:40:16","guid":{"rendered":"http:\/\/agora.xtec.cat\/ceipteresaclaramunt\/?page_id=1940"},"modified":"2022-01-11T12:00:15","modified_gmt":"2022-01-11T11:00:15","slug":"projecte-de-convivencia","status":"publish","type":"page","link":"https:\/\/agora.xtec.cat\/ceipteresaclaramunt\/projecte-de-convivencia\/","title":{"rendered":"Projecte de conviv\u00e8ncia"},"content":{"rendered":"<ul>\n<li><a href=\"https:\/\/agora.xtec.cat\/ceipteresaclaramunt\/wp-content\/uploads\/usu2652\/2021\/07\/projectede-convivencia_escolaTeresaClaramunt.docx-1.pdf\">Projecte de conviv\u00e8ncia<\/a><\/li>\n<li>Pla d&#8217;acollida<\/li>\n<li><a href=\"https:\/\/agora.xtec.cat\/ceipteresaclaramunt\/wp-content\/uploads\/usu2652\/2021\/07\/ProtocolAssetjament_escolaTeresaClaramunt.pdf\">Protocol de prevenci\u00f3, detecci\u00f3 i intervenci\u00f3 davant l&#8217;assetjament i el ciberassetjament entre iguals<\/a><\/li>\n<li><a href=\"https:\/\/agora.xtec.cat\/ceipteresaclaramunt\/wp-content\/uploads\/usu2652\/2021\/07\/11.-Mesures-reparadores.pdf\">Protocol d&#8217;intervenci\u00f3 en cas d&#8217;incompliment a les normes de conviv\u00e8ncia: mesures correctores i reparadores<\/a><\/li>\n<\/ul>\n","protected":false},"excerpt":{"rendered":"<ul>\n<li><a href=\"https:\/\/agora.xtec.cat\/ceipteresaclaramunt\/wp-content\/uploads\/usu2652\/2021\/07\/projectede-convivencia_escolaTeresaClaramunt.docx-1.pdf\">Projecte de conviv\u00e8ncia<\/a><\/li>\n<li>Pla d&#8217;acollida<\/li>\n<li><a href=\"https:\/\/agora.xtec.cat\/ceipteresaclaramunt\/wp-content\/uploads\/usu2652\/2021\/07\/ProtocolAssetjament_escolaTeresaClaramunt.pdf\">Protocol de prevenci\u00f3, detecci\u00f3 i intervenci\u00f3 davant l&#8217;assetjament i el ciberassetjament entre iguals<\/a><\/li>\n<li><a href=\"https:\/\/agora.xtec.cat\/ceipteresaclaramunt\/wp-content\/uploads\/usu2652\/2021\/07\/11.-Mesures-reparadores.pdf\">Protocol d&#8217;intervenci\u00f3 en cas d&#8217;incompliment a les normes de conviv\u00e8ncia: mesures correctores i reparadores<\/a><\/li>\n<\/ul>\n","protected":false},"author":1,"featured_media":0,"parent":0,"menu_order":0,"comment_status":"closed","ping_status":"closed","template":"","meta":{"_bbp_topic_count":0,"_bbp_reply_count":0,"_bbp_total_topic_count":0,"_bbp_total_reply_count":0,"_bbp_voice_count":0,"_bbp_anonymous_reply_count":0,"_bbp_topic_count_hidden":0,"_bbp_reply_count_hidden":0,"_bbp_forum_subforum_count":0,"footnotes":""},"class_list":["post-1940","page","type-page","status-publish","hentry"],"post_mailing_queue_ids":[],"_links":{"self":[{"href":"https:\/\/agora.xtec.cat\/ceipteresaclaramunt\/wp-json\/wp\/v2\/pages\/1940","targetHints":{"allow":["GET"]}}],"collection":[{"href":"https:\/\/agora.xtec.cat\/ceipteresaclaramunt\/wp-json\/wp\/v2\/pages"}],"about":[{"href":"https:\/\/agora.xtec.cat\/ceipteresaclaramunt\/wp-json\/wp\/v2\/types\/page"}],"author":[{"embeddable":true,"href":"https:\/\/agora.xtec.cat\/ceipteresaclaramunt\/wp-json\/wp\/v2\/users\/1"}],"replies":[{"embeddable":true,"href":"https:\/\/agora.xtec.cat\/ceipteresaclaramunt\/wp-json\/wp\/v2\/comments?post=1940"}],"version-history":[{"count":3,"href":"https:\/\/agora.xtec.cat\/ceipteresaclaramunt\/wp-json\/wp\/v2\/pages\/1940\/revisions"}],"predecessor-version":[{"id":2033,"href":"https:\/\/agora.xtec.cat\/ceipteresaclaramunt\/wp-json\/wp\/v2\/pages\/1940\/revisions\/2033"}],"wp:attachment":[{"href":"https:\/\/agora.xtec.cat\/ceipteresaclaramunt\/wp-json\/wp\/v2\/media?parent=1940"}],"curies":[{"name":"wp","href":"https:\/\/api.w.org\/{rel}","templated":true}]}}

Projecte de convivència

<ul>
<li><a href="https://agora.xtec.cat/ceipteresaclaramunt/wp-content/uploads/usu2652/2021/07/projectede-convivencia_escolaTeresaClaramunt.docx-1.pdf">Projecte de convivència</a></li>
<li>Pla d&#8217;acollida</li>
<li><a href="https://agora.xtec.cat/ceipteresaclaramunt/wp-content/uploads/usu2652/2021/07/ProtocolAssetjament_escolaTeresaClaramunt.pdf">Protocol de prevenció, detecció i intervenció davant l&#8217;assetjament i el ciberassetjament entre iguals</a></li>
<li><a href="https://agora.xtec.cat/ceipteresaclaramunt/wp-content/uploads/usu2652/2021/07/11.-Mesures-reparadores.pdf">Protocol d&#8217;intervenció en cas d&#8217;incompliment a les normes de convivència: mesures correctores i reparadores</a></li>
</ul>
