{"id":1608,"date":"2021-02-04T13:08:35","date_gmt":"2021-02-04T12:08:35","guid":{"rendered":"http:\/\/agora.xtec.cat\/ceipteresaclaramunt\/?page_id=1608"},"modified":"2024-02-21T13:34:02","modified_gmt":"2024-02-21T12:34:02","slug":"fem-espais","status":"publish","type":"page","link":"https:\/\/agora.xtec.cat\/ceipteresaclaramunt\/fem-espais\/","title":{"rendered":"Fem espais"},"content":{"rendered":"<p><span style=\"color: #993300;\"><em><strong>QUE S\u00d3N ELS ESPAIS?<\/strong><\/em><\/span><\/p>\n<p>Els espais s\u00f3n un projecte\u00a0 que busca una nova forma d\u2019aprenentatge, en el que l\u2019alumne \u00e9s m\u00e9s protagonista.<\/p>\n<p>* Dos dies a la setmana a les tardes, els alumnes de I3, I4 i I5, barrejats i en grups de 15-17 alumnes, aniran a experimentar a un espai concret que hauran escollit pr\u00e8viament.<\/p>\n<p>* Els alumnes han de fer suposicions i contrastar-les, anar afegint el que ja saben a all\u00f2 que estan aprenent. Plantejar hip\u00f2tesis i respondre-les.<\/p>\n<p>* Ning\u00fa fa res malament, ning\u00fa s\u2019equivoca, perqu\u00e8 tot \u00e9s experi\u00e8ncia. I s\u2019apr\u00e8n fent, per\u00f2 tamb\u00e9 observant qu\u00e8 fan els altres, el que expliquen els altres\u2026<\/p>\n<p><span style=\"color: #993300;\"><em><strong> ON FEM ESPAIS ?<\/strong><\/em><\/span><\/p>\n<p><a href=\"http:\/\/agora.xtec.cat\/ceipteresaclaramunt\/a-educacio-infantil\/\"><strong>A Educaci\u00f3 Infantil<\/strong><\/a><\/p>\n<p><a href=\"http:\/\/agora.xtec.cat\/ceipteresaclaramunt\/a-cicle-inicial\/\"><strong>A Cicle Inicial<\/strong><\/a><\/p>\n","protected":false},"excerpt":{"rendered":"<p>QUE S\u00d3N ELS ESPAIS?<br \/>\nEls espais s\u00f3n un projecte\u00a0 que busca una nova forma d\u2019aprenentatge, en el que l\u2019alumne \u00e9s m\u00e9s protagonista.<br \/>\n* Dos dies a la setmana a les tardes, els alumnes de I3, I4 i I5, barrejats i en grups de 15-17 alumnes, aniran a&hellip;  <a href=\"https:\/\/agora.xtec.cat\/ceipteresaclaramunt\/fem-espais\/\" title=\"Read Fem espais\">Llegeix m\u00e9s\u00bb<\/a><\/p>\n","protected":false},"author":1,"featured_media":0,"parent":0,"menu_order":0,"comment_status":"closed","ping_status":"closed","template":"","meta":{"_bbp_topic_count":0,"_bbp_reply_count":0,"_bbp_total_topic_count":0,"_bbp_total_reply_count":0,"_bbp_voice_count":0,"_bbp_anonymous_reply_count":0,"_bbp_topic_count_hidden":0,"_bbp_reply_count_hidden":0,"_bbp_forum_subforum_count":0,"footnotes":""},"class_list":["post-1608","page","type-page","status-publish","hentry"],"post_mailing_queue_ids":[],"_links":{"self":[{"href":"https:\/\/agora.xtec.cat\/ceipteresaclaramunt\/wp-json\/wp\/v2\/pages\/1608","targetHints":{"allow":["GET"]}}],"collection":[{"href":"https:\/\/agora.xtec.cat\/ceipteresaclaramunt\/wp-json\/wp\/v2\/pages"}],"about":[{"href":"https:\/\/agora.xtec.cat\/ceipteresaclaramunt\/wp-json\/wp\/v2\/types\/page"}],"author":[{"embeddable":true,"href":"https:\/\/agora.xtec.cat\/ceipteresaclaramunt\/wp-json\/wp\/v2\/users\/1"}],"replies":[{"embeddable":true,"href":"https:\/\/agora.xtec.cat\/ceipteresaclaramunt\/wp-json\/wp\/v2\/comments?post=1608"}],"version-history":[{"count":5,"href":"https:\/\/agora.xtec.cat\/ceipteresaclaramunt\/wp-json\/wp\/v2\/pages\/1608\/revisions"}],"predecessor-version":[{"id":2808,"href":"https:\/\/agora.xtec.cat\/ceipteresaclaramunt\/wp-json\/wp\/v2\/pages\/1608\/revisions\/2808"}],"wp:attachment":[{"href":"https:\/\/agora.xtec.cat\/ceipteresaclaramunt\/wp-json\/wp\/v2\/media?parent=1608"}],"curies":[{"name":"wp","href":"https:\/\/api.w.org\/{rel}","templated":true}]}}