{"id":9657,"date":"2025-01-29T09:45:01","date_gmt":"2025-01-29T08:45:01","guid":{"rendered":"https:\/\/agora.xtec.cat\/ceiptallo\/?page_id=9657"},"modified":"2025-01-30T09:34:02","modified_gmt":"2025-01-30T08:34:02","slug":"extraescolars","status":"publish","type":"page","link":"https:\/\/agora.xtec.cat\/ceiptallo\/extraescolars\/","title":{"rendered":"Extraescolars"},"content":{"rendered":"\n<p><strong>ACTIVITATS DE L\u2019ASSOCIACI\u00d3 ESPORTIVA DE LA NOSTRA ESCOLA<\/strong><\/p>\n\n\n\n<p>L&#8217;Associaci\u00f3 esportiva neix amb l&#8217;objectiu de poder oferir activitats extraescolars als infants de l&#8217;escola, on es promouen h\u00e0bits saludables, valors com l&#8217;esfor\u00e7, el treball en equip, la const\u00e0ncia&#8230; i apropar diferents esports a trav\u00e9s de professionals del territori. Aquestes activitats tenen un preu ajustat ja que l\u2019escola participa des de fa quinze anys al programa PCEE (Pla Catal\u00e0 de l\u2019Esport a l\u2019Escola) de qui rebem una subvenci\u00f3 a trav\u00e9s del Consell Comarcal de la Cerdanya. A continuaci\u00f3 compartim el programa de les activitats organitzades per aquest curs 24-25.<\/p>\n\n\n\n<figure class=\"wp-block-table\"><table><tbody><tr><td><strong>CURS<\/strong><\/td><td><strong>ACTIVITAT<\/strong><\/td><td><strong>DIA<\/strong><\/td><td><strong>HORA<\/strong><\/td><td><strong>LLOC<\/strong><\/td><td><strong>MONITOR\/A<\/strong><\/td><\/tr><tr><td rowspan=\"2\">I3, I4, I5<\/td><td>Multiesport<\/td><td>Dimarts<\/td><td>16:30 a 17:45h<\/td><td>Gimn\u00e0s de l\u2019Escola<\/td><td>Maria O.<\/td><\/tr><tr><td>Multiesport<\/td><td>Dijous<\/td><td>16:30 a 17:45h<\/td><td>Gimn\u00e0s de l\u2019Escola<\/td><td>Maria O.<\/td><\/tr><tr><td rowspan=\"6\">1r, 2n i 3r<\/td><td>Multiesport<\/td><td>Dilluns<\/td><td>16:30 a 17:45h<\/td><td>Poliesportiu<\/td><td>Ariadna B.<\/td><\/tr><tr><td>CRE-ART-TE<\/td><td>Dimarts<\/td><td>16:30 a 17:45h<\/td><td>Centre C\u00edvic<\/td><td>Ana B.<\/td><\/tr><tr><td>Taller de circ i Aeris<\/td><td>Dimecres<\/td><td>16:30 a 17:45h<\/td><td>Poliesportiu<\/td><td>Tonya C.<\/td><\/tr><tr><td>Escacs*<\/td><td>Dimecres<\/td><td>16:30 a 17:45h<\/td><td>Escola<\/td><td>Maria U.<\/td><\/tr><tr><td>Karate<\/td><td>Dijous<\/td><td>16:30 a 17:45h<\/td><td>Poliesportiu<\/td><td>Gerard G.<\/td><\/tr><tr><td>Futbol<\/td><td>Divendres<\/td><td>16:30 a 17:45h<\/td><td>Poliesportiu<\/td><td>Jose A.<\/td><\/tr><tr><td rowspan=\"7\">4t, 5\u00e8 i 6\u00e8<\/td><td>Multisport OutdoorEsports de raquetaEsports alternatius<\/td><td>Dilluns<\/td><td>18 a 19h<\/td><td>Poliesportiu<\/td><td>Ariadna B.<\/td><\/tr><tr><td>Teatre<\/td><td>Dimarts<\/td><td>18 a 19.30h<\/td><td>Centre C\u00edvic<\/td><td>Ana B.<\/td><\/tr><tr><td>Teles acrob\u00e0tiques<\/td><td>Dimarts<\/td><td>16.30 a 17.45h<\/td><td>Poliesportiu<\/td><td>Bernat F.<\/td><\/tr><tr><td>Futbol 7<\/td><td>Dimarts<\/td><td>16:30 a 17.45h<\/td><td>Camp de futbol<\/td><td>Jose A.<\/td><\/tr><tr><td>Escacs*<\/td><td>Dimecres&nbsp;<\/td><td>18 a 19h<\/td><td>Escola<\/td><td>Maria U.<\/td><\/tr><tr><td>Taller de circ i Aeris<\/td><td>Dimecres<\/td><td>18 a 19h<\/td><td>Poliesportiu<\/td><td>Tonya C.<\/td><\/tr><tr><td>Karate<\/td><td>Dijous<\/td><td>18 a 19h<\/td><td>Poliesportiu<\/td><td>Gerard G.<\/td><\/tr><\/tbody><\/table><\/figure>\n\n\n\n<p><\/p>\n\n\n\n<p><em>PREU:<\/em><\/p>\n\n\n\n<p>1 activitat: 48\u20ac (per trimestre)<\/p>\n\n\n\n<p>2 activitats: 84\u20ac (per trimestre)<\/p>\n\n\n\n<p>3 activitats: 108\u20ac (per trimestre)<\/p>\n\n\n\n<p>4 activitats: 132\u20ac (per trimestre)<\/p>\n\n\n\n<p>5 activitats: 156\u20ac (per trimestre)<\/p>\n\n\n\n<p><\/p>\n\n\n\n<p>Aquest preu no inclou l\u2019asseguran\u00e7a obligat\u00f2ria ni la quota de soci del poliesportiu.<\/p>\n\n\n\n<p>Aquelles fam\u00edlies que tinguin m\u00e9s d\u2019un fill\/a a l\u2019escola se\u2019ls comptar\u00e0 la quota en funci\u00f3 del nombre total d\u2019activitats que realitzin, no per cada nen\/a. (Exemple: si t\u00e9 dos fills\/es i cadasc\u00fa realitza una activitat d\u2019una hora pagaran 84\u20ac).<\/p>\n\n\n\n<p><em>INSCRIPCIONS (RESERVA DE PLA\u00c7A): <\/em>del 16 el 22 de setembre. S\u2019enviar\u00e0 informaci\u00f3 per email m\u00e9s endavant.<\/p>\n\n\n\n<p><em>DATA D\u2019INICI: <\/em>octubre<\/p>\n\n\n\n<p>Les activitats\/horaris dependan dels inscrits a cada activitat (m\u00ednim 8 alumnes) perqu\u00e8 es pugui fer o no.<\/p>\n\n\n\n<p><em>CONTACTE:<\/em><\/p>\n\n\n\n<p>Si esteu interessats\/des escriviu un correu i us enviaran informaci\u00f3 m\u00e9s detallada.<\/p>\n\n\n\n<p><a href=\"mailto:extraescolars.escolabellver@gmail.com\">extaescolars.escolabellver@gmail.com<\/a><\/p>\n\n\n\n<p><\/p>\n\n\n\n<ul class=\"wp-block-list\">\n<li><strong>MULTIESPORT I3, I4 i I5:<\/strong><\/li>\n<\/ul>\n\n\n\n<p><em>(Consell Esportiu de la Cerdanya. T\u00e8cnics d\u2019esports i graduats en CAFE)<\/em><\/p>\n\n\n\n<p>La intervenci\u00f3 en aquest nivell est\u00e0 dirigida principalment al coneixement del propi cos i la seva interacci\u00f3 amb el medi que l&#8217;envolta. Les activitats programades cerquen fomentar processos d\u2019experimentaci\u00f3 motriu i de recerca de solucions per tal d\u2019afavorir el descobriment i connexi\u00f3 amb el propi cos, les seves possibilitats de moviment i el sentiment d\u2019autonomia.<\/p>\n\n\n\n<ul class=\"wp-block-list\">\n<li><strong>MULTIESPORT 1r, 2n i 3r:<\/strong><\/li>\n<\/ul>\n\n\n\n<p><em>(Consell Esportiu de la Cerdanya; T\u00e8cnics d\u2019esport i graduats en CAFE)<\/em><\/p>\n\n\n\n<p>La intervenci\u00f3 en aquest nivell t\u00e9 com a objectiu principal donar continu\u00eftat al desenvolupament de la motricitat b\u00e0sica i a la incorporaci\u00f3 gradual d\u2019habilitats i destreses motrius m\u00e9s espec\u00edfiques i amb variables externes m\u00e9s complexes. Les activitats programades cerquen introduir accions d&#8217;una gran variabilitat per evitar l&#8217;adquisici\u00f3 d&#8217;automatismes i fomentar la pr\u00e0ctica pre-esportiva diversificada (circuits, jocs normatius, jocs cooperatius&#8230;). A trav\u00e9s dels jocs preesportius es duran a terme diferents esports individuals i col\u00b7lectius diversificats i programats al llarg del curs escolar. Els esports practicats durant el curs escolar seran: l\u2019atletisme, el voleibol, el handbol, el futbol, el b\u00e0squet, el hockey, els esports de raqueta i esports alternatius entre d\u2019altres.<\/p>\n\n\n\n<ul class=\"wp-block-list\">\n<li><strong>MULTIESPORTS OUTDOOR, ESPORTS DE RAQUETA i ESPORTS ALTERNATIUS:<\/strong><\/li>\n<\/ul>\n\n\n\n<p><em>(Consell Esportiu de la Cerdanya; T\u00e8cnics d\u2019esport i graduats en CAFE)<\/em><\/p>\n\n\n\n<p>La intervenci\u00f3 en aquest nivell vol oferir una pr\u00e0ctica esportiva diversificada, amb l&#8217;objectiu d&#8217;iniciar i perfeccionar als infants en les pr\u00e0ctiques esportives espec\u00edfiques d&#8217;esports individuals i col\u00b7lectius al medi natural. Els nens i nenes realitzaran diferents modalitats esportives Outdoor aprofitant l&#8217;entorn i els mitjans del municipi. Els esports practicats seran la BTT, el trail-running, l\u2019orientaci\u00f3, el tir amb arc, la marxa n\u00f2rdica i l\u2019escalada. A m\u00e9s a m\u00e9s, descobriran i practicaran esports alternatius, esports reglats poc coneguts en la societat actual. Com per exemple el Kinball, l\u2019ultimate, el bigbol o el dodgeball. Les activitats programades cerquen introduir accions i normatives adaptades de diferents esports i aportar als infants una formaci\u00f3 esportiva de base completa que els hi permeti al llarg de la seva vida poder dur a terme qualsevol pr\u00e0ctica esportiva de forma adient.<\/p>\n\n\n\n<ul class=\"wp-block-list\">\n<li><strong>CRE-ART-TE<\/strong><\/li>\n<\/ul>\n\n\n\n<p><em>(Formadora de Teatre i Consci\u00e8ncia en el m\u00e8tode Sabat\u00e9. Cofundadora projecte El Millor de Tu lideratge emocional)<\/em><\/p>\n\n\n\n<p>Aquesta \u00e9s una proposta extra-escolar en la que busquem que els infants es puguin expressar i con\u00e8ixer-se millor a trav\u00e9s de l&#8217;expressi\u00f3 art\u00edstica. La idea \u00e9s utilitzar totes les arts (pintura, escultura, cant, ball, teatre) i aix\u00ed crear un viatge din\u00e0mic on elles i ells puguin anar descobrint-se i connectar amb el seu m\u00f3n emocional i la seva capacitat de comunicaci\u00f3 des d\u2019un lloc de joc i des de l\u2019art.<\/p>\n\n\n\n<ul class=\"wp-block-list\">\n<li><strong>TEATRE:<\/strong><\/li>\n<\/ul>\n\n\n\n<p><em>(Formadora de Teatre i Consci\u00e8ncia en el m\u00e8tode Sabat\u00e9. Cofundadora projecte El Millor de Tu lideratge emocional)<\/em><\/p>\n\n\n\n<p>Aquest curs de Teatre per la Vida est\u00e0 enfocat per gaudir, jugar, riure, imaginar i crear noves perspectives! a trav\u00e9s del teatre trobem la pr\u00f2pia autenticitat, ens podem con\u00e8ixer millor i m\u00e9s profund i formar amb el grup, un entorn segur i de confian\u00e7a, una tribu.<\/p>\n\n\n\n<p>La vida \u00e9s un teatre, improvisa en el moment present, crea i dirigeix el teu propi gui\u00f3.<\/p>\n\n\n\n<ul class=\"wp-block-list\">\n<li><strong>TELES ACROB\u00c0TIQUES<\/strong><\/li>\n<\/ul>\n\n\n\n<p>Ens endinsarem al m\u00f3n de les teles acrob\u00e0tiques tot aprenent diferents maneres de pujar, experimentant a partir de figures i moviment a l\u2019element, tant de manera m\u00e9s did\u00e0ctica com investigant i fent c\u00f3rrer la imaginaci\u00f3.<\/p>\n\n\n\n<ul class=\"wp-block-list\">\n<li><strong>TALLER DE CIRC I AERIS:<\/strong><\/li>\n<\/ul>\n\n\n\n<p><em>(Aula de Natura i Tecnologia Cortariu; graduada en QFEM)<\/em><\/p>\n\n\n\n<p>Equilibris, malabars, acrob\u00e0cies&#8230; Per\u00f2 sobretot molta imaginaci\u00f3 i molta m\u00e0gia.<\/p>\n\n\n\n<p>Tots tenim quelcom, que pot ser extraordinari!&nbsp; Vine a con\u00e8ixer l\u2019incre\u00efble m\u00f3n del circ, on la gravetat \u00e9s un joc de mans! Aqu\u00ed tot \u00e9s possible! Aqu\u00ed tot el que pensis es pot fer realitat.<\/p>\n\n\n\n<ul class=\"wp-block-list\">\n<li><strong>KARATE:<\/strong><\/li>\n<\/ul>\n\n\n\n<p><em>(Club Karate Kobudo Tradicional Pirineus)<\/em><\/p>\n\n\n\n<p>4 raons per practicar Karate<\/p>\n\n\n\n<p>&#8211; La concentraci\u00f3, es crearan h\u00e0bits que t\u2019ajudaran en els teus estudis o treballs<\/p>\n\n\n\n<p>&#8211; El respecte i l\u2019educaci\u00f3, ser\u00e0s m\u00e9s comprensiu amb les altres persones i desenvolupar\u00e0s actituds m\u00e9s positives.<\/p>\n\n\n\n<p>&#8211; La confian\u00e7a i la seguretat, et sentir\u00e0s segur de les teves possibilitats en diferents situacions de la vida quotidiana.<\/p>\n\n\n\n<p>&#8211; La condici\u00f3 f\u00edsica, el teu cos guanyar\u00e0 flexibilitat i for\u00e7a.<\/p>\n\n\n\n<ul class=\"wp-block-list\">\n<li><strong>FUTBOL:<\/strong><\/li>\n<\/ul>\n\n\n\n<p><em>(Entrenador de futbol i graduat en CAFE)<\/em><\/p>\n\n\n\n<p>Exercicis amb pilota i partidets per a la pr\u00e0ctica del futbol. Es fomenta la pr\u00e0ctica de l\u2019esport col\u00b7lectiu des d\u2019una vessant l\u00fadica. Es millora&nbsp; la condici\u00f3 f\u00edsica mitjan\u00e7ant el joc en equip. Es faran partits amistosos contra altres escoles de la comarca.<\/p>\n\n\n\n<ul class=\"wp-block-list\">\n<li><strong>ESCACS:<\/strong><\/li>\n<\/ul>\n\n\n\n<p><em>(Professora i apassionada dels escacs)<\/em><\/p>\n\n\n\n<p>Vine a descobrir els escacs.&nbsp; Un dels jocs m\u00e9s antics del m\u00f3n, amb tantes maneres de jugar com \u00e0toms a l\u2019univers. Aprendr\u00e0s a ser pacient i a pensar abans d\u2019actuar. Aprendr\u00e0s a pensar les conseq\u00fc\u00e8ncies del que fas. Aprendr\u00e0s a concentrar-te.<\/p>\n\n\n\n<p>&#8212;&#8212;&#8212;&#8212;&#8212;&#8212;&#8212;&#8212;&#8212;&#8212;&#8212;&#8212;&#8212;&#8212;&#8212;&#8212;&#8212;&#8212;&#8212;&#8212;&#8212;&#8212;&#8212;&#8212;&#8212;&#8212;&#8212;&#8212;&#8212;&#8212;&#8212;&#8212;&#8212;&#8212;&#8212;&#8212;&#8212;&#8212;&#8211;<\/p>\n\n\n\n<p><strong>ANGL\u00c8S ENJOY ART<\/strong><\/p>\n\n\n\n<p>Enjoy art \u00e9s una extraescolar de manualitats per\u00f2 amb la peculiaritat que es porta a terme en angl\u00e8s, \u00e9s un espai on es busca fomentar la creativitat de l\u2019infant i al mateix temps que aprengui la llenga anglesa.<\/p>\n\n\n\n<p>Per introduir l\u2019angl\u00e8s d\u2019una forma flu\u00efda i divertida i aconseguir que els infants estiguin c\u00f2modes i tinguin ganes d\u2019aprendre es fa treballant diferents modalitats d\u2019art: pintura, dibuix, fang, scrapbooking, decopatch, treballs amb fusta, manualitats amb material reciclat, introducci\u00f3 a la costura (sempre amb el nivell adequat segons l\u2019edat dels infants).<\/p>\n\n\n\n<p><em>HORARIS:<\/em><\/p>\n\n\n\n<p>I3, I4 i I5: Dilluns de 14 a 15h<\/p>\n\n\n\n<p>1r i 2n: Dijous de 14 a 15h<\/p>\n\n\n\n<p>3r: Divendres de 14 a 15h<\/p>\n\n\n\n<p>4t: Dijous de 14 a 15h<\/p>\n\n\n\n<p>5\u00e8: Dilluns 13 a 14h<\/p>\n\n\n\n<p>6\u00e8: Divendres de 13 a 14h<\/p>\n\n\n\n<p><em>LLOC:<\/em> Escola Mare de D\u00e9u de Tall\u00f3<\/p>\n\n\n\n<p><em>PREU:<\/em> 30\u20ac al mes. La quota inclou tot el material i recursos necessaris per portar a terme les activitats.<\/p>\n\n\n\n<p>En el cas de que una fam\u00edlia tingui dos filles o fills inscrits en aquesta activitat<\/p>\n\n\n\n<p>el cost del la quota t\u00e9 descompte del 10% per el segon fill o filla.<\/p>\n\n\n\n<p><em>INSCRIPCIONS:<\/em> Contactar amb la Roser<\/p>\n\n\n\n<p><strong>CONTACTE<\/strong>: Roser Telf. 636057547<\/p>\n\n\n\n<p><a href=\"mailto:triangleespaicreatiu@gmail.com\">triangleespaicreatiu@gmail.com<\/a><\/p>\n\n\n\n<p>&#8212;&#8212;&#8212;&#8212;&#8212;&#8212;&#8212;&#8212;&#8212;&#8212;&#8212;&#8212;&#8212;&#8212;&#8212;&#8212;&#8212;&#8212;&#8212;&#8212;&#8212;&#8212;&#8212;&#8212;&#8212;&#8212;&#8212;&#8212;&#8212;&#8212;&#8212;&#8212;&#8212;&#8212;&#8212;&#8212;&#8212;&#8212;&#8211;<\/p>\n\n\n\n<p><strong>M\u00daSICA ESCOLA FOLK<\/strong><\/p>\n\n\n\n<p>Informaci\u00f3 sobre les activitats de m\u00fasica a:<\/p>\n\n\n\n<p><a href=\"https:\/\/escolafolkdelpirineu.tradicionarius.cat\/\"><strong>P\u00e0gina d&#8217;Inici de l&#8217;Escola Folk del Pirineu<\/strong><\/a><strong>&nbsp;&nbsp;&nbsp;<\/strong><\/p>\n\n\n\n<p>INSCRIPCIONS: De l\u20191 al 22 de setembre.<\/p>\n\n\n\n<figure class=\"wp-block-embed\"><div class=\"wp-block-embed__wrapper\">\nhttps:\/\/escolafolkdelpirineu.tradicionarius.cat\/inici\/folk-a-lescola\/inscriu-te\n<\/div><\/figure>\n\n\n\n<p>Inici del curs el 7 d\u2019octubre.<\/p>\n\n\n\n<p>CONTACTE:<strong> <\/strong>Isidre Pel\u00e0ez Dulcet. Escola Folk del Pirineu. Telf. 973 38 41 82<\/p>\n\n\n\n<p><a href=\"mailto:escolafolkdelpirineu@tradicionarius.cat\">escolafolkdelpirineu@tradicionarius.cat<\/a><\/p>\n\n\n\n<p><\/p>\n","protected":false},"excerpt":{"rendered":"<p>ACTIVITATS DE L\u2019ASSOCIACI\u00d3 ESPORTIVA DE LA NOSTRA ESCOLA<\/p>\n<p>L&#8217;Associaci\u00f3 esportiva neix amb l&#8217;objectiu de poder oferir activitats extraescolars als infants de l&#8217;escola, on es promouen h\u00e0bits saludables, valors com l&#8217;esfor\u00e7, el treball en equip, la const\u00e0ncia&#8230; i apropar diferents esports a trav\u00e9s de professionals del territori.&hellip;  <a href=\"https:\/\/agora.xtec.cat\/ceiptallo\/extraescolars\/\" title=\"Read Extraescolars\">Llegeix m\u00e9s\u00bb<\/a><\/p>\n","protected":false},"author":1,"featured_media":0,"parent":0,"menu_order":0,"comment_status":"closed","ping_status":"close","template":"","meta":{"_bbp_topic_count":0,"_bbp_reply_count":0,"_bbp_total_topic_count":0,"_bbp_total_reply_count":0,"_bbp_voice_count":0,"_bbp_anonymous_reply_count":0,"_bbp_topic_count_hidden":0,"_bbp_reply_count_hidden":0,"_bbp_forum_subforum_count":0,"footnotes":""},"class_list":["post-9657","page","type-page","status-publish","hentry"],"post_mailing_queue_ids":[],"_links":{"self":[{"href":"https:\/\/agora.xtec.cat\/ceiptallo\/wp-json\/wp\/v2\/pages\/9657","targetHints":{"allow":["GET"]}}],"collection":[{"href":"https:\/\/agora.xtec.cat\/ceiptallo\/wp-json\/wp\/v2\/pages"}],"about":[{"href":"https:\/\/agora.xtec.cat\/ceiptallo\/wp-json\/wp\/v2\/types\/page"}],"author":[{"embeddable":true,"href":"https:\/\/agora.xtec.cat\/ceiptallo\/wp-json\/wp\/v2\/users\/1"}],"replies":[{"embeddable":true,"href":"https:\/\/agora.xtec.cat\/ceiptallo\/wp-json\/wp\/v2\/comments?post=9657"}],"version-history":[{"count":6,"href":"https:\/\/agora.xtec.cat\/ceiptallo\/wp-json\/wp\/v2\/pages\/9657\/revisions"}],"predecessor-version":[{"id":9666,"href":"https:\/\/agora.xtec.cat\/ceiptallo\/wp-json\/wp\/v2\/pages\/9657\/revisions\/9666"}],"wp:attachment":[{"href":"https:\/\/agora.xtec.cat\/ceiptallo\/wp-json\/wp\/v2\/media?parent=9657"}],"curies":[{"name":"wp","href":"https:\/\/api.w.org\/{rel}","templated":true}]}}