{"id":624,"date":"2019-03-11T13:21:07","date_gmt":"2019-03-11T12:21:07","guid":{"rendered":"http:\/\/agora.xtec.cat\/ceiptallo\/?page_id=624"},"modified":"2026-01-27T16:15:16","modified_gmt":"2026-01-27T15:15:16","slug":"ampa","status":"publish","type":"page","link":"https:\/\/agora.xtec.cat\/ceiptallo\/lescola\/ampa\/","title":{"rendered":"AFA"},"content":{"rendered":"<pre style=\"text-align: center;\"><\/pre>\n<p><span style=\"font-weight: 400;\">L\u2019AFA \u00e9s una associaci\u00f3 sense \u00e0nim de lucre formada per les fam\u00edlies de l\u2019alumnat per contribuir a la millora de la qualitat del sistema educatiu p\u00fablic i de les condicions d\u2019escolaritzaci\u00f3 de l\u2019alumnat.\u00a0<\/span><\/p>\n<p><span style=\"font-weight: 400;\">Des de l\u2019AFA s&#8217;exerceixen diferents responsabilitats -econ\u00f2miques, legals, laborals i personals- per influir en l\u2019educaci\u00f3 de tot l\u2019alumnat i en el bon funcionament del centre educatiu.<\/span><\/p>\n<p><span style=\"font-weight: 400;\">L\u2019AFA realitza, al llarg de l\u2019any, diferents <\/span><b>activitats i tasques<\/b><span style=\"font-weight: 400;\">:<\/span><\/p>\n<ul>\n<li style=\"font-weight: 400;\" aria-level=\"1\"><span style=\"font-weight: 400;\">Gestionem les activitats extraescolars dels dimecres (tardes no lectives)<\/span><\/li>\n<li style=\"font-weight: 400;\" aria-level=\"1\"><span style=\"font-weight: 400;\">Gestionem el servei del menjador escolar.<\/span><\/li>\n<li style=\"font-weight: 400;\" aria-level=\"1\"><span style=\"font-weight: 400;\">Destinem diners al centre per la compra del regals de Nadal (Reis i Ti\u00f3) a cada aula i a cada infant i jove.<\/span><\/li>\n<li style=\"font-weight: 400;\" aria-level=\"1\"><span style=\"font-weight: 400;\">Comprem les castanyes i els moniatos per la festa de la castanyada.<\/span><\/li>\n<li style=\"font-weight: 400;\" aria-level=\"1\"><span style=\"font-weight: 400;\">Realitzem aportacions econ\u00f2miques per la compra de material que necessita el centre.<\/span><\/li>\n<li style=\"font-weight: 400;\" aria-level=\"1\"><span style=\"font-weight: 400;\">Realitzem aportacions econ\u00f2miques per la compra de llibres per Sant Jordi per cada aula i els espais de lectura.<\/span><\/li>\n<li style=\"font-weight: 400;\" aria-level=\"1\"><span style=\"font-weight: 400;\">Enviem a totes les classes informaci\u00f3 que creiem rellevant sobre activitats, tallers, festes\u2026<\/span><\/li>\n<li style=\"font-weight: 400;\" aria-level=\"1\"><span style=\"font-weight: 400;\">Som intermediaris amb el servei d\u2019acollida, per a qu\u00e8 es pugui dur a terme.<\/span><\/li>\n<li style=\"font-weight: 400;\" aria-level=\"1\"><span style=\"font-weight: 400;\">Organitzem \u201cel pica pica\u201d de Nadal.<\/span><\/li>\n<li style=\"font-weight: 400;\" aria-level=\"1\"><span style=\"font-weight: 400;\">Organitzem la festa de fi curs.<\/span><\/li>\n<\/ul>\n<p><span style=\"font-weight: 400;\">Des de l\u2019AFA volem agrair a totes les fam\u00edlies que formen part d\u2019aquesta associaci\u00f3 que, de manera desinteressada, lluiten cada dia per millorar l\u2019educaci\u00f3 dels nostres infants i que, juntament amb l\u2019escola, creen una meravellosa comunitat d\u2019aprenentatge.\u00a0<\/span><\/p>\n<p><span style=\"font-weight: 400;\">Tamb\u00e9 volem animar-vos a col\u00b7laborar en les activitats que fem. Els beneficis son per tots els\/les petits\/es i sempre necessitem mans.<\/span><\/p>\n<table class=\" aligncenter\" style=\"height: 71px; width: 91.1514%; border-collapse: collapse; background-color: #5d9e69;\">\n<tbody>\n<tr style=\"height: 71px;\">\n<td style=\"width: 50%; text-align: center; height: 71px;\">\n<h5><span style=\"color: #000000;\">Si voleu contactar-hi, podeu escriure un correu a<\/span> <span style=\"color: #ccffcc;\"><strong>afabellver@gmail.com<\/strong><\/span><span style=\"color: #000000;\">\u00a0<\/span><\/h5>\n<\/td>\n<\/tr>\n<\/tbody>\n<\/table>\n<h6><\/h6>\n","protected":false},"excerpt":{"rendered":"<p>L\u2019AFA \u00e9s una associaci\u00f3 sense \u00e0nim de lucre formada per les fam\u00edlies de l\u2019alumnat per contribuir a la millora de la qualitat del sistema educatiu p\u00fablic i de les condicions d\u2019escolaritzaci\u00f3 de l\u2019alumnat.\u00a0<br \/>\nDes de l\u2019AFA s&#8217;exerceixen diferents responsabilitats -econ\u00f2miques, legals, laborals i personals- per influir&hellip;  <a href=\"https:\/\/agora.xtec.cat\/ceiptallo\/lescola\/ampa\/\" title=\"Read AFA\">Llegeix m\u00e9s\u00bb<\/a><\/p>\n","protected":false},"author":1,"featured_media":0,"parent":22,"menu_order":100,"comment_status":"closed","ping_status":"closed","template":"page-templates\/side-menu.php","meta":{"_bbp_topic_count":0,"_bbp_reply_count":0,"_bbp_total_topic_count":0,"_bbp_total_reply_count":0,"_bbp_voice_count":0,"_bbp_anonymous_reply_count":0,"_bbp_topic_count_hidden":0,"_bbp_reply_count_hidden":0,"_bbp_forum_subforum_count":0,"footnotes":""},"class_list":["post-624","page","type-page","status-publish","hentry"],"post_mailing_queue_ids":[],"_links":{"self":[{"href":"https:\/\/agora.xtec.cat\/ceiptallo\/wp-json\/wp\/v2\/pages\/624","targetHints":{"allow":["GET"]}}],"collection":[{"href":"https:\/\/agora.xtec.cat\/ceiptallo\/wp-json\/wp\/v2\/pages"}],"about":[{"href":"https:\/\/agora.xtec.cat\/ceiptallo\/wp-json\/wp\/v2\/types\/page"}],"author":[{"embeddable":true,"href":"https:\/\/agora.xtec.cat\/ceiptallo\/wp-json\/wp\/v2\/users\/1"}],"replies":[{"embeddable":true,"href":"https:\/\/agora.xtec.cat\/ceiptallo\/wp-json\/wp\/v2\/comments?post=624"}],"version-history":[{"count":6,"href":"https:\/\/agora.xtec.cat\/ceiptallo\/wp-json\/wp\/v2\/pages\/624\/revisions"}],"predecessor-version":[{"id":9744,"href":"https:\/\/agora.xtec.cat\/ceiptallo\/wp-json\/wp\/v2\/pages\/624\/revisions\/9744"}],"up":[{"embeddable":true,"href":"https:\/\/agora.xtec.cat\/ceiptallo\/wp-json\/wp\/v2\/pages\/22"}],"wp:attachment":[{"href":"https:\/\/agora.xtec.cat\/ceiptallo\/wp-json\/wp\/v2\/media?parent=624"}],"curies":[{"name":"wp","href":"https:\/\/api.w.org\/{rel}","templated":true}]}}