{"id":26,"date":"2014-09-18T12:24:32","date_gmt":"2014-09-18T11:24:32","guid":{"rendered":"http:\/\/agora.xtec.cat\/ceiptagamanent\/?page_id=26"},"modified":"2019-07-03T16:24:58","modified_gmt":"2019-07-03T14:24:58","slug":"historia","status":"publish","type":"page","link":"https:\/\/agora.xtec.cat\/ceiptagamanent\/lescola\/historia\/","title":{"rendered":"Hist\u00f2ria"},"content":{"rendered":"<p>L\u2019escola Tagamanent es va construir, l\u2019any 1982, en els terrenys de Can Viol\u00ed, masia que estava voltada de camps d\u2019oliveres i vinyes. La masia era on ara hi ha l\u2019institut Blancafort i l\u2019escola est\u00e0 en un dels camps d\u2019oliveres que l\u2019envoltava.<\/p>\n<p>En aquell moment a la Garriga hi havia tres escoles: el Puiggraci\u00f3s, el Sant Llu\u00eds i l\u2019Alpe (ara dit SEK). D\u2019aquestes escoles nom\u00e9s el Puiggraci\u00f3s era escola p\u00fablica, la segona va ser el Tagamanent.<\/p>\n<p>Va comen\u00e7ar amb 240 alumnes de 1r a 7\u00e8 d\u2019EGB i una plantilla de 7 professors. Gaireb\u00e9 tots eren alumnes que venien de l\u2019escola Puiggraci\u00f2s, aix\u00ed com tamb\u00e9 alguns dels seus mestres. Al curs seg\u00fcent 1983-1984, a l\u2019escola ja hi havia alumnes des de P-4 a 8\u00e8 d\u2019EGB.<\/p>\n<p>El funcionament de l\u2019escola era similar a l\u2019actual per\u00f2 hi ha difer\u00e8ncies que cal recordar. A les aules el nombre d\u2019alumnes era m\u00e9s alt, algun any a la classe de 2n van arribar a ser fins a 36 alumnes. En aquells primers anys no hi havia mestres especialistes: educaci\u00f3 f\u00edsica, m\u00fasica, angl\u00e8s, educaci\u00f3 especial. Els mitjans tecnol\u00f2gics eren molt diferents no hi havia fotocopiadora, ni ordinadors, ni pissarres digitals\u2026 per\u00f2 s\u00ed hi havia moltes ganes de treballar i crear una escola on els alumnes gaudissin aprenent.<\/p>\n<p>La llengua b\u00e0sica d<a href=\"https:\/\/escolatagamanent.files.wordpress.com\/2015\/04\/situacio-escola.png\"><img loading=\"lazy\" decoding=\"async\" class=\" size-medium wp-image-84 alignleft\" src=\"https:\/\/escolatagamanent.files.wordpress.com\/2015\/04\/situacio-escola.png?w=300&amp;h=174\" sizes=\"auto, (max-width: 300px) 100vw, 300px\" srcset=\"https:\/\/escolatagamanent.files.wordpress.com\/2015\/04\/situacio-escola.png?w=300&amp;h=174 300w, https:\/\/escolatagamanent.files.wordpress.com\/2015\/04\/situacio-escola.png?w=150&amp;h=87 150w, https:\/\/escolatagamanent.files.wordpress.com\/2015\/04\/situacio-escola.png 539w\" alt=\"Situacio escola\" width=\"300\" height=\"174\" data-attachment-id=\"84\" data-permalink=\"https:\/\/escolatagamanent.wordpress.com\/historia-i-situacio\/situacio-escola\/\" data-orig-file=\"https:\/\/escolatagamanent.files.wordpress.com\/2015\/04\/situacio-escola.png\" data-orig-size=\"539,313\" data-comments-opened=\"1\" data-image-meta=\"{&quot;aperture&quot;:&quot;0&quot;,&quot;credit&quot;:&quot;&quot;,&quot;camera&quot;:&quot;&quot;,&quot;caption&quot;:&quot;&quot;,&quot;created_timestamp&quot;:&quot;0&quot;,&quot;copyright&quot;:&quot;&quot;,&quot;focal_length&quot;:&quot;0&quot;,&quot;iso&quot;:&quot;0&quot;,&quot;shutter_speed&quot;:&quot;0&quot;,&quot;title&quot;:&quot;&quot;,&quot;orientation&quot;:&quot;0&quot;}\" data-image-title=\"Situacio escola\" data-image-description=\"\" data-medium-file=\"https:\/\/escolatagamanent.files.wordpress.com\/2015\/04\/situacio-escola.png?w=300\" data-large-file=\"https:\/\/escolatagamanent.files.wordpress.com\/2015\/04\/situacio-escola.png?w=539\" \/><\/a>\u2019aprenentatge era el castell\u00e0, anys m\u00e9s endavant es van iniciar els programes d\u2019immersi\u00f3 ling\u00fc\u00edstica fins arribar a l\u2019aprenentatge en catal\u00e0.<\/p>\n<p>Com a l\u2019escola no hi havia mestres especialistes\u00a0 l\u2019ajuntament contractava professionals que feien l\u2019educaci\u00f3 f\u00edsica, la m\u00fasica, l\u2019atenci\u00f3 psicol\u00f2gica i la logop\u00e8dica. Aix\u00ed va ser fins que el Departament d\u2019Ensenyament va anar nomenant aquests professionals. Tot\u00a0 i aix\u00f2 el nostre ajuntament encara contracta la logopeda, que ve dos dies a la setmana al centre.<\/p>\n<p>El primer any, el menjador encara no estava organitzat i els alumnes que es quedaven a dinar anaven a l\u2019escola Puiggraci\u00f3s a fer-ho. El curs seg\u00fcent ja va comen\u00e7ar, tot i que el menjar era portat de fora. Poc a poc gr\u00e0cies als esfor\u00e7os dels mestres\u00a0 i de l\u2019AMPA van aconseguir el material\u00a0 necessari per a cuinar al centre.<br \/>\nAl principi la gesti\u00f3 del menjador la portaven els mestres, que tamb\u00e9 feien el monitoratge. M\u00e9s endavant el van portar els pares fins a l\u2019any 1997, quan la gesti\u00f3 va a passar a una empresa. Des de llavors es continua amb aquest model de gesti\u00f3 i el seguiment el fa una comissi\u00f3 de menjador formada per pares i mestres.<\/p>\n<p>A la cuina i al menjador s\u2019han dut a terme obres diverses vegades ampliant la cuina, insonoritzar el menjador, fent una pica i renovant l\u2019equipament de cuina.<\/p>\n<p>L\u2019escola anava anat creixent, \u00e9s per aix\u00f2 que a l\u2019any 86 es van instal\u00b7lar aules prefabricades o \u201cbarracons\u201d al pati de dalt. Aquest fet va fer que els pares, mares i mestres de les dues escoles p\u00fabliques i l\u2019Ajuntament sol.licitessin al Departament crear una nova escola a la Garriga. Al curs 1988\/89 s\u2019inaugurava l\u2019escola Pinetons amb 5 aules prefabricades on anirien nens de P-4 fins a 3r.<\/p>\n<p>Tot i aix\u00f2 a l\u2019any 1991 i durant dos cursos, els nens i nenes de P-3 del Tagamanent, van haver d\u2019anar a Can Sala, edifici actual de l\u2019escola de M\u00fasica, per manca d\u2019espais a l\u2019escola. AMPA, professorat i Ajuntament van comen\u00e7ar a demanar al Departament la construcci\u00f3 d\u2019un aulari per al Parvulari. Van caldre 10 anys per aconseguir-ho. El setembre del curs 2001\/2002 es va inaugurar.<\/p>\n<p>Altres aspectes que tamb\u00e9 han anat canviant amb el temps, ja que una escola poc a poc i amb el temps es va dotant de m\u00e9s recursos, han estat la creaci\u00f3 dels patis, jardins, hort, zones esportives, biblioteca, aula d\u2019inform\u00e0tica,\u2026 alguns per necessitats d\u2019espai i altres per adaptar-se als canvis tecnol\u00f2gics que durant aquests 25 anys s\u2019han anat produint.<\/p>\n<p>Tots aquests canvis han suposat un esfor\u00e7 considerable i un treball compartit entre professors i pares i mares per aconseguir-los.<\/p>\n<p>La poblaci\u00f3 de La Garriga ha passat en pocs anys d\u2019uns 6.000 habitants als 15.000, aproximadament, que t\u00e9 actualment. Aix\u00f2 ha fet tornar a cr\u00e9ixer la demanda de places escolars i per aix\u00f2 al 1999\/2000 es comen\u00e7a, amb m\u00f2duls prefabricats, una nova escola, que actualment ja est\u00e0 constru\u00efda i que \u00e9s el Giroi. Aix\u00ed com a l\u2019inici del Tagamanent la majoria d\u2019alumnes i mestres van venir de Puiggr\u00e0cios a l\u2019inici del Giroi els mestres i la majoria d\u2019alumnes eren de Tagamanent.<\/p>\n<p>Al llarg d\u2019aquests anys s\u00f3n molts els mestres que han treballat a les seves aules, com tamb\u00e9 s\u00f3n molt els pares i mares que han estat membres a l\u2019AMPA. Cal destacar la feina que junts han realitzat i continuen realitzant per aconseguir mantenir i millorar la nostra escola. Junts s\u2019ha volgut i es vol mantenir l\u2019esperit de l\u2019escola per tal que els nostres alumnes gaudeixin aprenent i visquin l\u2019escola com un espai propi on trobaran companys i companyes i on viuran experi\u00e8ncies \u00faniques que els aniran formant com a persones.<\/p>\n<p>Com ja hem comentat som una escola petita, d\u2019una sola l\u00ednia, que actualment compta amb una plantilla de 15 professors i uns 215 alumnes. Valorem molt la relaci\u00f3 entre els alumnes de les diferents aules, no nom\u00e9s en les coincid\u00e8ncies en els espais de lleure, sin\u00f3 que tamb\u00e9 duem a terme activitats entre grups i etapes diferents. Disposem dels mitjans necessaris per dur a terme un ensenyament adequat als nostres temps i gaudim d\u2019uns espais exteriors amplis rodejats d\u2019oliveres i amb unes vistes priviliegades de la nostra comarca.<\/p>\n","protected":false},"excerpt":{"rendered":"<p>L\u2019escola Tagamanent es va construir, l\u2019any 1982, en els terrenys de Can Viol\u00ed, masia que estava voltada de camps d\u2019oliveres i vinyes. La masia era on ara hi ha l\u2019institut Blancafort i l\u2019escola est\u00e0 en un dels camps d\u2019oliveres que l\u2019envoltava. En aquell moment a la Garriga hi havia tres escoles: el Puiggraci\u00f3s, el Sant [&hellip;]<\/p>\n","protected":false},"author":1,"featured_media":0,"parent":22,"menu_order":20,"comment_status":"closed","ping_status":"closed","template":"page-templates\/side-menu.php","meta":{"_bbp_topic_count":0,"_bbp_reply_count":0,"_bbp_total_topic_count":0,"_bbp_total_reply_count":0,"_bbp_voice_count":0,"_bbp_anonymous_reply_count":0,"_bbp_topic_count_hidden":0,"_bbp_reply_count_hidden":0,"_bbp_forum_subforum_count":0,"site-sidebar-layout":"default","site-content-layout":"","ast-site-content-layout":"","site-content-style":"default","site-sidebar-style":"default","ast-global-header-display":"","ast-banner-title-visibility":"","ast-main-header-display":"","ast-hfb-above-header-display":"","ast-hfb-below-header-display":"","ast-hfb-mobile-header-display":"","site-post-title":"","ast-breadcrumbs-content":"","ast-featured-img":"","footer-sml-layout":"","theme-transparent-header-meta":"","adv-header-id-meta":"","stick-header-meta":"","header-above-stick-meta":"","header-main-stick-meta":"","header-below-stick-meta":"","astra-migrate-meta-layouts":"default","ast-page-background-enabled":"default","ast-page-background-meta":{"desktop":{"background-color":"var(--ast-global-color-4)","background-image":"","background-repeat":"repeat","background-position":"center center","background-size":"auto","background-attachment":"scroll","background-type":"","background-media":"","overlay-type":"","overlay-color":"","overlay-opacity":"","overlay-gradient":""},"tablet":{"background-color":"","background-image":"","background-repeat":"repeat","background-position":"center center","background-size":"auto","background-attachment":"scroll","background-type":"","background-media":"","overlay-type":"","overlay-color":"","overlay-opacity":"","overlay-gradient":""},"mobile":{"background-color":"","background-image":"","background-repeat":"repeat","background-position":"center center","background-size":"auto","background-attachment":"scroll","background-type":"","background-media":"","overlay-type":"","overlay-color":"","overlay-opacity":"","overlay-gradient":""}},"ast-content-background-meta":{"desktop":{"background-color":"var(--ast-global-color-5)","background-image":"","background-repeat":"repeat","background-position":"center center","background-size":"auto","background-attachment":"scroll","background-type":"","background-media":"","overlay-type":"","overlay-color":"","overlay-opacity":"","overlay-gradient":""},"tablet":{"background-color":"var(--ast-global-color-5)","background-image":"","background-repeat":"repeat","background-position":"center center","background-size":"auto","background-attachment":"scroll","background-type":"","background-media":"","overlay-type":"","overlay-color":"","overlay-opacity":"","overlay-gradient":""},"mobile":{"background-color":"var(--ast-global-color-5)","background-image":"","background-repeat":"repeat","background-position":"center center","background-size":"auto","background-attachment":"scroll","background-type":"","background-media":"","overlay-type":"","overlay-color":"","overlay-opacity":"","overlay-gradient":""}},"footnotes":""},"class_list":["post-26","page","type-page","status-publish","hentry"],"post_mailing_queue_ids":[],"_links":{"self":[{"href":"https:\/\/agora.xtec.cat\/ceiptagamanent\/wp-json\/wp\/v2\/pages\/26","targetHints":{"allow":["GET"]}}],"collection":[{"href":"https:\/\/agora.xtec.cat\/ceiptagamanent\/wp-json\/wp\/v2\/pages"}],"about":[{"href":"https:\/\/agora.xtec.cat\/ceiptagamanent\/wp-json\/wp\/v2\/types\/page"}],"author":[{"embeddable":true,"href":"https:\/\/agora.xtec.cat\/ceiptagamanent\/wp-json\/wp\/v2\/users\/1"}],"replies":[{"embeddable":true,"href":"https:\/\/agora.xtec.cat\/ceiptagamanent\/wp-json\/wp\/v2\/comments?post=26"}],"version-history":[{"count":1,"href":"https:\/\/agora.xtec.cat\/ceiptagamanent\/wp-json\/wp\/v2\/pages\/26\/revisions"}],"predecessor-version":[{"id":490,"href":"https:\/\/agora.xtec.cat\/ceiptagamanent\/wp-json\/wp\/v2\/pages\/26\/revisions\/490"}],"up":[{"embeddable":true,"href":"https:\/\/agora.xtec.cat\/ceiptagamanent\/wp-json\/wp\/v2\/pages\/22"}],"wp:attachment":[{"href":"https:\/\/agora.xtec.cat\/ceiptagamanent\/wp-json\/wp\/v2\/media?parent=26"}],"curies":[{"name":"wp","href":"https:\/\/api.w.org\/{rel}","templated":true}]}}