{"id":26,"date":"2014-09-18T12:24:32","date_gmt":"2014-09-18T11:24:32","guid":{"rendered":"http:\/\/agora.xtec.cat\/ceipssantalo\/?page_id=26"},"modified":"2022-06-21T09:34:31","modified_gmt":"2022-06-21T07:34:31","slug":"historia","status":"publish","type":"page","link":"https:\/\/agora.xtec.cat\/ceipssantalo\/lescola\/historia\/","title":{"rendered":"Hist\u00f2ria"},"content":{"rendered":"<h1 align=\"center\">Hist\u00f2ria de l&#8217;escola<\/h1>\n<div align=\"center\"><\/div>\n<p>El CEIP Silvestre Santal\u00f3 fou inaugurat el 27 de mar\u00e7<a href=\"https:\/\/agora.xtec.cat\/ceipssantalo\/wp-content\/uploads\/usu1956\/2022\/06\/cole.jpg\"><img loading=\"lazy\" decoding=\"async\" class=\"size-medium wp-image-1509 alignright\" src=\"https:\/\/agora.xtec.cat\/ceipssantalo\/wp-content\/uploads\/usu1956\/2022\/06\/cole-300x130.jpg\" alt=\"\" width=\"300\" height=\"130\" srcset=\"https:\/\/agora.xtec.cat\/ceipssantalo\/wp-content\/uploads\/usu1956\/2022\/06\/cole-300x130.jpg 300w, https:\/\/agora.xtec.cat\/ceipssantalo\/wp-content\/uploads\/usu1956\/2022\/06\/cole.jpg 329w\" sizes=\"auto, (max-width: 300px) 100vw, 300px\" \/><\/a> de 1976, durant el lapsus de temps en qu\u00e8 Salt havia perdut la seva independ\u00e8ncia i no era m\u00e9s que un barri de Girona.<\/p>\n<p align=\"left\">Aix\u00ed, el nom de l&#8217;escola fou triat per l&#8217;ajuntament giron\u00ed i, per tant, fa refer\u00e8ncia a un il.lustre pedagog, Silvestre Santal\u00f3, que mai no va exercir a Salt. Malgrat tot, n&#8217;estem ben cofois, perqu\u00e8 malgrat el consistori giron\u00ed que el va escollir era encara del per\u00edode franquista,\u00a0<a href=\"http:\/\/xtec.cat\/centres\/b7003151\/silvestre.htm\" rel=\"nofollow\">Silvestre Santal\u00f3<\/a>\u00a0havia estat un pedagog progressista i represaliat en acabar la guerra civil.<\/p>\n<p>Quan vaig arribar al Silvestre Santal\u00f3 el curs 1977-78, l&#8217;escola ja feia un any que funcionava, malgrat que encara no s&#8217;havia inaugurat oficialment. Era la segona escola de la localitat, i havia nascut en previsi\u00f3 de la necesitat de matr\u00edcula despr\u00e9s del &#8220;boom&#8221; de natalitat dels anys 70.<\/p>\n<p>Malgrat aquest intent de previsi\u00f3, els c\u00e0lculs van fallar, i en el moment d&#8217;ocupar l&#8217;escola el curs 1976-77, ja va ser impossible d&#8217;inquibir-hi tots els nens que havien sol.licitat una pla\u00e7a d&#8217;oferta p\u00fablica.<\/p>\n<p>R\u00e0pidament es va posar en marxa la construcci\u00f3 d&#8217;un nou edifici per a dues l\u00ednees al solar annex a l&#8217;escola, i fins que va quedar constru\u00eft el curs 1979-80, els grups que no tenien cabuda a l&#8217;escola ocuparen dues aules cedides per l&#8217;Institut d&#8217;Ensenyament Mitj\u00e0 que hi ha a la mateixa zona (ara, IES Salvador Espriu). Fins i tot durant un temps es va ocupar un edifici mig en runes que havia estat escola de La Salle.<\/p>\n<p><a href=\"https:\/\/agora.xtec.cat\/ceipssantalo\/wp-content\/uploads\/usu1956\/2022\/06\/zonaeduc.jpg\"><img loading=\"lazy\" decoding=\"async\" class=\"wp-image-1508 size-full aligncenter\" src=\"https:\/\/agora.xtec.cat\/ceipssantalo\/wp-content\/uploads\/usu1956\/2022\/06\/zonaeduc.jpg\" alt=\"\" width=\"500\" height=\"170\" srcset=\"https:\/\/agora.xtec.cat\/ceipssantalo\/wp-content\/uploads\/usu1956\/2022\/06\/zonaeduc.jpg 500w, https:\/\/agora.xtec.cat\/ceipssantalo\/wp-content\/uploads\/usu1956\/2022\/06\/zonaeduc-300x102.jpg 300w\" sizes=\"auto, (max-width: 500px) 100vw, 500px\" \/><\/a><\/p>\n<p align=\"center\">\n<p align=\"left\">Altre cop es va reproduir el mateix problema: en el moment de la inauguraci\u00f3 del nou edifici es varen trobar amb la necesitat de construir una nova escola a la localitat, doncs la demanda de places escolars superava novament totes les previsions que s&#8217;havien fet.<\/p>\n<p>Aix\u00ed, al mateix temps que es constru\u00efen noves escoles (El Pla i El Ve\u00efnat), el Silvestre Santal\u00f3 s&#8217;anava ampliant amb un nou edifici anexe amb sis aules de parvulari, i va acabar per convertir-se en un monstre amb tres l\u00ednees complertes i alguns cursos amb fins i tot cinc l\u00ednees.<\/p>\n<p>Molt aviat es va fer pal.l\u00e8s que una escola tan gran, amb m\u00e9s de 35 mestres, repartits en tres edificis independents, era inviable. Hi havia molts problemes de coordinaci\u00f3 entre cicles, falta de comunicaci\u00f3 entre els mestres dels diferents edificis, desconnexi\u00f3 entre els alumnes, que entenien cada edifici com una escola gaireg\u00e9 independent i, el que m\u00e9s perjudicava l&#8217;acci\u00f3 educativa del centre, claustres llargs i feixucs que feien molt dif\u00edcil prendre decisions, ja que era molt problem\u00e0tic aconseguir que tothom estigu\u00e9s d&#8217;acord i que no sorgissin petites desavinences que haguessin pogut abocar en una fragmentaci\u00f3 del Claustre.<\/p>\n<p>Finalment, tant els mestres com la pr\u00f2pia Administraci\u00f3 v\u00e0rem coincidir en qu\u00e8 f\u00f3ra millor escindir aquell conglomerat enorme en dues escoles independents, que prendrien els noms de SILVESTRE SANTAL\u00d3 GRAN (edifici nou m\u00e9s quatre aules del parvulari) i SILVESTRE SANTAL\u00d3 PETIT (edifici originari i dues aules de parvulari). La separaci\u00f3 es va fer per sorteig dels alumnes i partici\u00f3 proporcional de tot el material escolar. Els mestres en plantilla v\u00e0rem escollir lliurement per antiguitat al centre a quin dels dos nous col.legis vol\u00edem anar.<br \/>\nEl Silvestre Santal\u00f3 Petit va recuperar de nou el nom en exclusiva al comprovar les confusions i problemes administratius que creava el fet que hi haguessin dues escolar amb noms tan semblants. El Silvestre Santal\u00f3 Gran va convertir-se llavors en La Vallvera.<\/p>\n<p>Despr\u00e9s d&#8217;aix\u00f2 i recuperada la nostra identitat com escola, no hem deixat de continuar patint els problemes d&#8217;una pol\u00edtica de centres no adaptada a la realitat de la nostra zona i hem seguit (i en alguns casos, encara seguim) amb manca d&#8217;espais, zones compartides ara amb uns, ara amb els altres, manca d&#8217;un menjador escolar propi, etc. Esperem que en un futur no massa lluny\u00e0 la nostra escola pugui gaudir de la totalitat dels espais que li corresponen i encetar el nou mil.leni amb l&#8217;esperan\u00e7a posada a continuar jugant un paper molt important en l&#8217;educaci\u00f3 dels nois i noies de Salt.<\/p>\n<p align=\"center\">Anna M. Gafarot<\/p>\n","protected":false},"excerpt":{"rendered":"<p>Hist\u00f2ria de l&#8217;escola<\/p>\n<p>El CEIP Silvestre Santal\u00f3 fou inaugurat el 27 de mar\u00e7<a href=\"https:\/\/agora.xtec.cat\/ceipssantalo\/wp-content\/uploads\/usu1956\/2022\/06\/cole.jpg\"><\/a> de 1976, durant el lapsus de temps en qu\u00e8 Salt havia perdut la seva independ\u00e8ncia i no era m\u00e9s que un barri de Girona.<br \/>\nAix\u00ed, el nom de l&#8217;escola fou triat per l&#8217;ajuntament&hellip;  <a href=\"https:\/\/agora.xtec.cat\/ceipssantalo\/lescola\/historia\/\" title=\"Read Hist\u00f2ria\">Llegeix m\u00e9s\u00bb<\/a><\/p>\n","protected":false},"author":1,"featured_media":0,"parent":22,"menu_order":20,"comment_status":"closed","ping_status":"closed","template":"page-templates\/side-menu.php","meta":{"_bbp_topic_count":0,"_bbp_reply_count":0,"_bbp_total_topic_count":0,"_bbp_total_reply_count":0,"_bbp_voice_count":0,"_bbp_anonymous_reply_count":0,"_bbp_topic_count_hidden":0,"_bbp_reply_count_hidden":0,"_bbp_forum_subforum_count":0,"footnotes":""},"class_list":["post-26","page","type-page","status-publish","hentry"],"post_mailing_queue_ids":[],"_links":{"self":[{"href":"https:\/\/agora.xtec.cat\/ceipssantalo\/wp-json\/wp\/v2\/pages\/26","targetHints":{"allow":["GET"]}}],"collection":[{"href":"https:\/\/agora.xtec.cat\/ceipssantalo\/wp-json\/wp\/v2\/pages"}],"about":[{"href":"https:\/\/agora.xtec.cat\/ceipssantalo\/wp-json\/wp\/v2\/types\/page"}],"author":[{"embeddable":true,"href":"https:\/\/agora.xtec.cat\/ceipssantalo\/wp-json\/wp\/v2\/users\/1"}],"replies":[{"embeddable":true,"href":"https:\/\/agora.xtec.cat\/ceipssantalo\/wp-json\/wp\/v2\/comments?post=26"}],"version-history":[{"count":2,"href":"https:\/\/agora.xtec.cat\/ceipssantalo\/wp-json\/wp\/v2\/pages\/26\/revisions"}],"predecessor-version":[{"id":1510,"href":"https:\/\/agora.xtec.cat\/ceipssantalo\/wp-json\/wp\/v2\/pages\/26\/revisions\/1510"}],"up":[{"embeddable":true,"href":"https:\/\/agora.xtec.cat\/ceipssantalo\/wp-json\/wp\/v2\/pages\/22"}],"wp:attachment":[{"href":"https:\/\/agora.xtec.cat\/ceipssantalo\/wp-json\/wp\/v2\/media?parent=26"}],"curies":[{"name":"wp","href":"https:\/\/api.w.org\/{rel}","templated":true}]}}

Història

<h1 align="center">Història de l&#8217;escola</h1>
<div align="center"></div>
<p>El CEIP Silvestre Santaló fou inaugurat el 27 de març<a href="https://agora.xtec.cat/ceipssantalo/wp-content/uploads/usu1956/2022/06/cole.jpg"><img loading="lazy" decoding="async" class="size-medium wp-image-1509 alignright" src="https://agora.xtec.cat/ceipssantalo/wp-content/uploads/usu1956/2022/06/cole-300x130.jpg" alt="" width="300" height="130" srcset="https://agora.xtec.cat/ceipssantalo/wp-content/uploads/usu1956/2022/06/cole-300x130.jpg 300w, https://agora.xtec.cat/ceipssantalo/wp-content/uploads/usu1956/2022/06/cole.jpg 329w" sizes="auto, (max-width: 300px) 100vw, 300px" /></a> de 1976, durant el lapsus de temps en què Salt havia perdut la seva independència i no era més que un barri de Girona.</p>
<p align="left">Així, el nom de l&#8217;escola fou triat per l&#8217;ajuntament gironí i, per tant, fa referència a un il.lustre pedagog, Silvestre Santaló, que mai no va exercir a Salt. Malgrat tot, n&#8217;estem ben cofois, perquè malgrat el consistori gironí que el va escollir era encara del període franquista, <a href="http://xtec.cat/centres/b7003151/silvestre.htm" rel="nofollow">Silvestre Santaló</a> havia estat un pedagog progressista i represaliat en acabar la guerra civil.</p>
<p>Quan vaig arribar al Silvestre Santaló el curs 1977-78, l&#8217;escola ja feia un any que funcionava, malgrat que encara no s&#8217;havia inaugurat oficialment. Era la segona escola de la localitat, i havia nascut en previsió de la necesitat de matrícula després del &#8220;boom&#8221; de natalitat dels anys 70.</p>
<p>Malgrat aquest intent de previsió, els càlculs van fallar, i en el moment d&#8217;ocupar l&#8217;escola el curs 1976-77, ja va ser impossible d&#8217;inquibir-hi tots els nens que havien sol.licitat una plaça d&#8217;oferta pública.</p>
<p>Ràpidament es va posar en marxa la construcció d&#8217;un nou edifici per a dues línees al solar annex a l&#8217;escola, i fins que va quedar construït el curs 1979-80, els grups que no tenien cabuda a l&#8217;escola ocuparen dues aules cedides per l&#8217;Institut d&#8217;Ensenyament Mitjà que hi ha a la mateixa zona (ara, IES Salvador Espriu). Fins i tot durant un temps es va ocupar un edifici mig en runes que havia estat escola de La Salle.</p>
<p><a href="https://agora.xtec.cat/ceipssantalo/wp-content/uploads/usu1956/2022/06/zonaeduc.jpg"><img loading="lazy" decoding="async" class="wp-image-1508 size-full aligncenter" src="https://agora.xtec.cat/ceipssantalo/wp-content/uploads/usu1956/2022/06/zonaeduc.jpg" alt="" width="500" height="170" srcset="https://agora.xtec.cat/ceipssantalo/wp-content/uploads/usu1956/2022/06/zonaeduc.jpg 500w, https://agora.xtec.cat/ceipssantalo/wp-content/uploads/usu1956/2022/06/zonaeduc-300x102.jpg 300w" sizes="auto, (max-width: 500px) 100vw, 500px" /></a></p>
<p align="center">
<p align="left">Altre cop es va reproduir el mateix problema: en el moment de la inauguració del nou edifici es varen trobar amb la necesitat de construir una nova escola a la localitat, doncs la demanda de places escolars superava novament totes les previsions que s&#8217;havien fet.</p>
<p>Així, al mateix temps que es construïen noves escoles (El Pla i El Veïnat), el Silvestre Santaló s&#8217;anava ampliant amb un nou edifici anexe amb sis aules de parvulari, i va acabar per convertir-se en un monstre amb tres línees complertes i alguns cursos amb fins i tot cinc línees.</p>
<p>Molt aviat es va fer pal.lès que una escola tan gran, amb més de 35 mestres, repartits en tres edificis independents, era inviable. Hi havia molts problemes de coordinació entre cicles, falta de comunicació entre els mestres dels diferents edificis, desconnexió entre els alumnes, que entenien cada edifici com una escola gairegé independent i, el que més perjudicava l&#8217;acció educativa del centre, claustres llargs i feixucs que feien molt difícil prendre decisions, ja que era molt problemàtic aconseguir que tothom estigués d&#8217;acord i que no sorgissin petites desavinences que haguessin pogut abocar en una fragmentació del Claustre.</p>
<p>Finalment, tant els mestres com la pròpia Administració vàrem coincidir en què fóra millor escindir aquell conglomerat enorme en dues escoles independents, que prendrien els noms de SILVESTRE SANTALÓ GRAN (edifici nou més quatre aules del parvulari) i SILVESTRE SANTALÓ PETIT (edifici originari i dues aules de parvulari). La separació es va fer per sorteig dels alumnes i partició proporcional de tot el material escolar. Els mestres en plantilla vàrem escollir lliurement per antiguitat al centre a quin dels dos nous col.legis volíem anar.<br />
El Silvestre Santaló Petit va recuperar de nou el nom en exclusiva al comprovar les confusions i problemes administratius que creava el fet que hi haguessin dues escolar amb noms tan semblants. El Silvestre Santaló Gran va convertir-se llavors en La Vallvera.</p>
<p>Després d&#8217;això i recuperada la nostra identitat com escola, no hem deixat de continuar patint els problemes d&#8217;una política de centres no adaptada a la realitat de la nostra zona i hem seguit (i en alguns casos, encara seguim) amb manca d&#8217;espais, zones compartides ara amb uns, ara amb els altres, manca d&#8217;un menjador escolar propi, etc. Esperem que en un futur no massa llunyà la nostra escola pugui gaudir de la totalitat dels espais que li corresponen i encetar el nou mil.leni amb l&#8217;esperança posada a continuar jugant un paper molt important en l&#8217;educació dels nois i noies de Salt.</p>
<p align="center">Anna M. Gafarot</p>

<p>Història de l&#8217;escola</p>
<p>El CEIP Silvestre Santaló fou inaugurat el 27 de març<a href="https://agora.xtec.cat/ceipssantalo/wp-content/uploads/usu1956/2022/06/cole.jpg"></a> de 1976, durant el lapsus de temps en què Salt havia perdut la seva independència i no era més que un barri de Girona.<br />
Així, el nom de l&#8217;escola fou triat per l&#8217;ajuntament&hellip;  <a href="https://agora.xtec.cat/ceipssantalo/lescola/historia/" title="Read Història">Llegeix més»</a></p>
