{"id":7727,"date":"2023-11-05T18:44:36","date_gmt":"2023-11-05T17:44:36","guid":{"rendered":"https:\/\/agora.xtec.cat\/ceipsotdelcamp\/?page_id=7727"},"modified":"2025-11-12T15:28:55","modified_gmt":"2025-11-12T14:28:55","slug":"transparencia","status":"publish","type":"page","link":"https:\/\/agora.xtec.cat\/ceipsotdelcamp\/transparencia\/","title":{"rendered":"Transpar\u00e8ncia"},"content":{"rendered":"<p class=\"zfr3Q CDt4Ke \" dir=\"ltr\"><span class=\"C9DxTc \">La<\/span><a class=\"XqQF9c\" href=\"https:\/\/portaljuridic.gencat.cat\/ca\/document-del-pjur\/?documentId=680124&amp;validity=1793329&amp;traceability=02&amp;language=ca\" target=\"_blank\" rel=\"noopener\"><span class=\"C9DxTc \">\u00a0<\/span><span class=\"C9DxTc \">Llei 19\/2014<\/span><\/a><span class=\"C9DxTc \">, del 29 de desembre, de transpar\u00e8ncia, acc\u00e9s a la informaci\u00f3 p\u00fablica i bon govern regula les obligacions de publicitat activa de les administracions p\u00fabliques i detalla la informaci\u00f3 que s&#8217;ha de publicar de forma obligat\u00f2ria al portal de la Transpar\u00e8ncia de la Generalitat de Catalunya. Tamb\u00e9 estableix el dret d&#8217;acc\u00e9s a la informaci\u00f3 p\u00fablica per part de la ciutadania i crea la Comissi\u00f3 de Garantia del Dret d&#8217;Acc\u00e9s a la Informaci\u00f3 P\u00fablica (GAIP), que \u00e9s l&#8217;encarregada de vetllar pel compliment i les garanties del dret d&#8217;acc\u00e9s a la informaci\u00f3 p\u00fablica. El<\/span><a class=\"XqQF9c\" href=\"https:\/\/portaljuridic.gencat.cat\/ca\/document-del-pjur\/?documentId=893113&amp;validity=1&amp;traceability=01\" target=\"_blank\" rel=\"noopener\"><span class=\"C9DxTc \">\u00a0<\/span><span class=\"C9DxTc \">Decret 8\/2021<\/span><\/a><span class=\"C9DxTc \">, de 9 de febrer, sobre transpar\u00e8ncia i el dret d&#8217;acc\u00e9s a la informaci\u00f3 p\u00fablica, desenvolupa parcialment la Llei 19\/2014, del 29 de desembre, i t\u00e9 com a finalitat garantir una implementaci\u00f3 de la Llei m\u00e9s homog\u00e8nia, efectiva i exhaustiva, clarificar conceptes jur\u00eddics indeterminats i resoldre\u2019n dubtes interpretatius.<\/span><\/p>\n<p class=\"zfr3Q CDt4Ke \" dir=\"ltr\"><span class=\"C9DxTc \">La normativa citada en mat\u00e8ria de transpar\u00e8ncia tamb\u00e9 \u00e9s aplicable als centres educatius, que han de complir les previsions i obligacions sobre la publicitat activa i el dret d&#8217;acc\u00e9s a la informaci\u00f3 p\u00fablica.<\/span><\/p>\n<p dir=\"ltr\"><em>Convenis de l&#8217;escola amb entitats:<\/em><\/p>\n<ul>\n<li dir=\"ltr\"><strong>Conveni per l&#8217;\u00fas social del centre:<\/strong> (pendent d&#8217;actualitzaci\u00f3 de dades)\n<ul>\n<li dir=\"ltr\">Associaci\u00f3 d&#8217;Aikido-Senkikai: activitats extraescolars i Escola d&#8217;Aikido.<\/li>\n<\/ul>\n<\/li>\n<li><strong>Conveni de l&#8217;Ajuntament per la cessi\u00f3 de material inform\u00e0tic.<\/strong><\/li>\n<li><strong>Conveni de l&#8217;Escola Sot del Camp amb Ajuntament de Sant Vicen\u00e7 de Montalt i IES Esteve Albert per dur a terme el projecte Fil d&#8217;Ariadna.\u00a0\u00a0<\/strong><\/li>\n<\/ul>\n<p><em>Certificats d&#8217;acords del Consell Escolar:<\/em><\/p>\n<ul>\n<li>Certificat d&#8217;acords curs 2024-25: <a href=\"https:\/\/agora.xtec.cat\/ceipsotdelcamp\/wp-content\/uploads\/usu1699\/2025\/11\/Consell-escolar-26-6-2025.pdf\">Consell escolar 26-6-2025<\/a><\/li>\n<li>Certificat d&#8217;acords curs 2025-26:\n<ul>\n<li style=\"list-style-type: none;\">\n<ul>\n<li style=\"list-style-type: none;\">\n<ul>\n<li style=\"list-style-type: none;\">\n<ul>\n<li>Consell escolar 1:<a href=\"https:\/\/agora.xtec.cat\/ceipsotdelcamp\/wp-content\/uploads\/usu1699\/2025\/11\/Consell-escolar-13-10-2025.pdf\">Consell escolar 13-10-2025<\/a><\/li>\n<\/ul>\n<\/li>\n<\/ul>\n<\/li>\n<\/ul>\n<\/li>\n<\/ul>\n<\/li>\n<\/ul>\n","protected":false},"excerpt":{"rendered":"<p>La\u00a0Llei 19\/2014, del 29 de desembre, de transpar\u00e8ncia, acc\u00e9s a la informaci\u00f3 p\u00fablica i bon govern regula les obligacions de publicitat activa de les administracions p\u00fabliques i detalla la informaci\u00f3 que s&#8217;ha de publicar de forma obligat\u00f2ria al portal de la Transpar\u00e8ncia de la Generalitat de Catalunya. Tamb\u00e9 estableix el dret d&#8217;acc\u00e9s a la informaci\u00f3 [&hellip;]<\/p>\n","protected":false},"author":4,"featured_media":0,"parent":0,"menu_order":0,"comment_status":"closed","ping_status":"closed","template":"","meta":{"_bbp_topic_count":0,"_bbp_reply_count":0,"_bbp_total_topic_count":0,"_bbp_total_reply_count":0,"_bbp_voice_count":0,"_bbp_anonymous_reply_count":0,"_bbp_topic_count_hidden":0,"_bbp_reply_count_hidden":0,"_bbp_forum_subforum_count":0,"site-sidebar-layout":"default","site-content-layout":"","ast-site-content-layout":"default","site-content-style":"default","site-sidebar-style":"default","ast-global-header-display":"","ast-banner-title-visibility":"","ast-main-header-display":"","ast-hfb-above-header-display":"","ast-hfb-below-header-display":"","ast-hfb-mobile-header-display":"","site-post-title":"","ast-breadcrumbs-content":"","ast-featured-img":"","footer-sml-layout":"","theme-transparent-header-meta":"default","adv-header-id-meta":"","stick-header-meta":"","header-above-stick-meta":"","header-main-stick-meta":"","header-below-stick-meta":"","astra-migrate-meta-layouts":"set","ast-page-background-enabled":"default","ast-page-background-meta":{"desktop":{"background-color":"var(--ast-global-color-4)","background-image":"","background-repeat":"repeat","background-position":"center center","background-size":"auto","background-attachment":"scroll","background-type":"","background-media":"","overlay-type":"","overlay-color":"","overlay-opacity":"","overlay-gradient":""},"tablet":{"background-color":"","background-image":"","background-repeat":"repeat","background-position":"center center","background-size":"auto","background-attachment":"scroll","background-type":"","background-media":"","overlay-type":"","overlay-color":"","overlay-opacity":"","overlay-gradient":""},"mobile":{"background-color":"","background-image":"","background-repeat":"repeat","background-position":"center center","background-size":"auto","background-attachment":"scroll","background-type":"","background-media":"","overlay-type":"","overlay-color":"","overlay-opacity":"","overlay-gradient":""}},"ast-content-background-meta":{"desktop":{"background-color":"var(--ast-global-color-5)","background-image":"","background-repeat":"repeat","background-position":"center center","background-size":"auto","background-attachment":"scroll","background-type":"","background-media":"","overlay-type":"","overlay-color":"","overlay-opacity":"","overlay-gradient":""},"tablet":{"background-color":"var(--ast-global-color-5)","background-image":"","background-repeat":"repeat","background-position":"center center","background-size":"auto","background-attachment":"scroll","background-type":"","background-media":"","overlay-type":"","overlay-color":"","overlay-opacity":"","overlay-gradient":""},"mobile":{"background-color":"var(--ast-global-color-5)","background-image":"","background-repeat":"repeat","background-position":"center center","background-size":"auto","background-attachment":"scroll","background-type":"","background-media":"","overlay-type":"","overlay-color":"","overlay-opacity":"","overlay-gradient":""}},"footnotes":""},"class_list":["post-7727","page","type-page","status-publish","hentry"],"post_mailing_queue_ids":[],"_links":{"self":[{"href":"https:\/\/agora.xtec.cat\/ceipsotdelcamp\/wp-json\/wp\/v2\/pages\/7727","targetHints":{"allow":["GET"]}}],"collection":[{"href":"https:\/\/agora.xtec.cat\/ceipsotdelcamp\/wp-json\/wp\/v2\/pages"}],"about":[{"href":"https:\/\/agora.xtec.cat\/ceipsotdelcamp\/wp-json\/wp\/v2\/types\/page"}],"author":[{"embeddable":true,"href":"https:\/\/agora.xtec.cat\/ceipsotdelcamp\/wp-json\/wp\/v2\/users\/4"}],"replies":[{"embeddable":true,"href":"https:\/\/agora.xtec.cat\/ceipsotdelcamp\/wp-json\/wp\/v2\/comments?post=7727"}],"version-history":[{"count":6,"href":"https:\/\/agora.xtec.cat\/ceipsotdelcamp\/wp-json\/wp\/v2\/pages\/7727\/revisions"}],"predecessor-version":[{"id":9483,"href":"https:\/\/agora.xtec.cat\/ceipsotdelcamp\/wp-json\/wp\/v2\/pages\/7727\/revisions\/9483"}],"wp:attachment":[{"href":"https:\/\/agora.xtec.cat\/ceipsotdelcamp\/wp-json\/wp\/v2\/media?parent=7727"}],"curies":[{"name":"wp","href":"https:\/\/api.w.org\/{rel}","templated":true}]}}

Transparència

<p class="zfr3Q CDt4Ke " dir="ltr"><span class="C9DxTc ">La</span><a class="XqQF9c" href="https://portaljuridic.gencat.cat/ca/document-del-pjur/?documentId=680124&amp;validity=1793329&amp;traceability=02&amp;language=ca" target="_blank" rel="noopener"><span class="C9DxTc "> </span><span class="C9DxTc ">Llei 19/2014</span></a><span class="C9DxTc ">, del 29 de desembre, de transparència, accés a la informació pública i bon govern regula les obligacions de publicitat activa de les administracions públiques i detalla la informació que s&#8217;ha de publicar de forma obligatòria al portal de la Transparència de la Generalitat de Catalunya. També estableix el dret d&#8217;accés a la informació pública per part de la ciutadania i crea la Comissió de Garantia del Dret d&#8217;Accés a la Informació Pública (GAIP), que és l&#8217;encarregada de vetllar pel compliment i les garanties del dret d&#8217;accés a la informació pública. El</span><a class="XqQF9c" href="https://portaljuridic.gencat.cat/ca/document-del-pjur/?documentId=893113&amp;validity=1&amp;traceability=01" target="_blank" rel="noopener"><span class="C9DxTc "> </span><span class="C9DxTc ">Decret 8/2021</span></a><span class="C9DxTc ">, de 9 de febrer, sobre transparència i el dret d&#8217;accés a la informació pública, desenvolupa parcialment la Llei 19/2014, del 29 de desembre, i té com a finalitat garantir una implementació de la Llei més homogènia, efectiva i exhaustiva, clarificar conceptes jurídics indeterminats i resoldre’n dubtes interpretatius.</span></p>
<p class="zfr3Q CDt4Ke " dir="ltr"><span class="C9DxTc ">La normativa citada en matèria de transparència també és aplicable als centres educatius, que han de complir les previsions i obligacions sobre la publicitat activa i el dret d&#8217;accés a la informació pública.</span></p>
<p dir="ltr"><em>Convenis de l&#8217;escola amb entitats:</em></p>
<ul>
<li dir="ltr"><strong>Conveni per l&#8217;ús social del centre:</strong> (pendent d&#8217;actualització de dades)
<ul>
<li dir="ltr">Associació d&#8217;Aikido-Senkikai: activitats extraescolars i Escola d&#8217;Aikido.</li>
</ul>
</li>
<li><strong>Conveni de l&#8217;Ajuntament per la cessió de material informàtic.</strong></li>
<li><strong>Conveni de l&#8217;Escola Sot del Camp amb Ajuntament de Sant Vicenç de Montalt i IES Esteve Albert per dur a terme el projecte Fil d&#8217;Ariadna.  </strong></li>
</ul>
<p><em>Certificats d&#8217;acords del Consell Escolar:</em></p>
<ul>
<li>Certificat d&#8217;acords curs 2024-25: <a href="https://agora.xtec.cat/ceipsotdelcamp/wp-content/uploads/usu1699/2025/11/Consell-escolar-26-6-2025.pdf">Consell escolar 26-6-2025</a></li>
<li>Certificat d&#8217;acords curs 2025-26:
<ul>
<li style="list-style-type: none;">
<ul>
<li style="list-style-type: none;">
<ul>
<li style="list-style-type: none;">
<ul>
<li>Consell escolar 1:<a href="https://agora.xtec.cat/ceipsotdelcamp/wp-content/uploads/usu1699/2025/11/Consell-escolar-13-10-2025.pdf">Consell escolar 13-10-2025</a></li>
</ul>
</li>
</ul>
</li>
</ul>
</li>
</ul>
</li>
</ul>

<p>La Llei 19/2014, del 29 de desembre, de transparència, accés a la informació pública i bon govern regula les obligacions de publicitat activa de les administracions públiques i detalla la informació que s&#8217;ha de publicar de forma obligatòria al portal de la Transparència de la Generalitat de Catalunya. També estableix el dret d&#8217;accés a la informació [&hellip;]</p>
