{"id":71,"date":"2014-09-18T12:44:56","date_gmt":"2014-09-18T11:44:56","guid":{"rendered":"http:\/\/agora.xtec.cat\/ceipsotdelcamp\/?page_id=71"},"modified":"2019-02-24T10:21:23","modified_gmt":"2019-02-24T09:21:23","slug":"serveis-digitals","status":"publish","type":"page","link":"https:\/\/agora.xtec.cat\/ceipsotdelcamp\/serveis\/serveis-digitals\/","title":{"rendered":"Serveis digitals. Pla TAC"},"content":{"rendered":"<p>L&#8217;escola compta amb una dotaci\u00f3 de <strong>pissarres digitals interactives<\/strong> (PDI) a totes les aules d&#8217;Ed. Infantil i Ed. Prim\u00e0ria.<\/p>\n<p>Des de les tutories d&#8217;<strong>Ed. Infantil<\/strong> cada dia treballen amb les PDI: canten el bon dia, miren el temps, reciten poemes i dites, repassen els c\u00e0rrecs i preparen el dia. Els nens i nenes participen activament de cada espai (podeu veure les activitats als blocs de cada aula)<\/p>\n<p>A <strong>Ed. Prim\u00e0ria<\/strong> l&#8217;\u00fas \u00e9s molt variat: aplicacions per treballar matem\u00e0tiques, medi, m\u00fasica, angl\u00e8s, per visionar v\u00eddeos i pel.l\u00edcules relacionades amb els continguts que estem treballant.<\/p>\n<p>A Ed. Prim\u00e0ria tamb\u00e9 es fa recerca d&#8217;informaci\u00f3 amb port\u00e0tils per treballar els projectes de Medi Natural i Medi social, es fan presentacions powerpoint en grup i s&#8217;utilitza l&#8217;Office com a eina de treball.<\/p>\n<p>Donem un gran valor a la participaci\u00f3 de les fam\u00edlies i l&#8217;alumnat en la p\u00e0gina web i els blocs i els instem a fer-los particeps en cada article que publiquem.<\/p>\n<p>Els blocs de les especialitats tamb\u00e9 recullen una petita mostra de tot all\u00f2 que fem a les aules.<\/p>\n<p>L&#8217;escola est\u00e0 elaborant el PLA TAC, que \u00e9s el projecte que recull les accions en tecnologies digitals que potencia el centre i noves accions futures.<\/p>\n<p>&nbsp;<\/p>\n","protected":false},"excerpt":{"rendered":"<p>L&#8217;escola compta amb una dotaci\u00f3 de pissarres digitals interactives (PDI) a totes les aules d&#8217;Ed. Infantil i Ed. Prim\u00e0ria. Des de les tutories d&#8217;Ed. Infantil cada dia treballen amb les PDI: canten el bon dia, miren el temps, reciten poemes i dites, repassen els c\u00e0rrecs i preparen el dia. Els nens i nenes participen activament [&hellip;]<\/p>\n","protected":false},"author":1,"featured_media":0,"parent":66,"menu_order":40,"comment_status":"closed","ping_status":"closed","template":"page-templates\/side-menu.php","meta":{"_bbp_topic_count":0,"_bbp_reply_count":0,"_bbp_total_topic_count":0,"_bbp_total_reply_count":0,"_bbp_voice_count":0,"_bbp_anonymous_reply_count":0,"_bbp_topic_count_hidden":0,"_bbp_reply_count_hidden":0,"_bbp_forum_subforum_count":0,"site-sidebar-layout":"default","site-content-layout":"","ast-site-content-layout":"","site-content-style":"default","site-sidebar-style":"default","ast-global-header-display":"","ast-banner-title-visibility":"","ast-main-header-display":"","ast-hfb-above-header-display":"","ast-hfb-below-header-display":"","ast-hfb-mobile-header-display":"","site-post-title":"","ast-breadcrumbs-content":"","ast-featured-img":"","footer-sml-layout":"","theme-transparent-header-meta":"","adv-header-id-meta":"","stick-header-meta":"","header-above-stick-meta":"","header-main-stick-meta":"","header-below-stick-meta":"","astra-migrate-meta-layouts":"default","ast-page-background-enabled":"default","ast-page-background-meta":{"desktop":{"background-color":"var(--ast-global-color-4)","background-image":"","background-repeat":"repeat","background-position":"center center","background-size":"auto","background-attachment":"scroll","background-type":"","background-media":"","overlay-type":"","overlay-color":"","overlay-opacity":"","overlay-gradient":""},"tablet":{"background-color":"","background-image":"","background-repeat":"repeat","background-position":"center center","background-size":"auto","background-attachment":"scroll","background-type":"","background-media":"","overlay-type":"","overlay-color":"","overlay-opacity":"","overlay-gradient":""},"mobile":{"background-color":"","background-image":"","background-repeat":"repeat","background-position":"center center","background-size":"auto","background-attachment":"scroll","background-type":"","background-media":"","overlay-type":"","overlay-color":"","overlay-opacity":"","overlay-gradient":""}},"ast-content-background-meta":{"desktop":{"background-color":"var(--ast-global-color-5)","background-image":"","background-repeat":"repeat","background-position":"center center","background-size":"auto","background-attachment":"scroll","background-type":"","background-media":"","overlay-type":"","overlay-color":"","overlay-opacity":"","overlay-gradient":""},"tablet":{"background-color":"var(--ast-global-color-5)","background-image":"","background-repeat":"repeat","background-position":"center center","background-size":"auto","background-attachment":"scroll","background-type":"","background-media":"","overlay-type":"","overlay-color":"","overlay-opacity":"","overlay-gradient":""},"mobile":{"background-color":"var(--ast-global-color-5)","background-image":"","background-repeat":"repeat","background-position":"center center","background-size":"auto","background-attachment":"scroll","background-type":"","background-media":"","overlay-type":"","overlay-color":"","overlay-opacity":"","overlay-gradient":""}},"footnotes":""},"class_list":["post-71","page","type-page","status-publish","hentry"],"post_mailing_queue_ids":[],"_links":{"self":[{"href":"https:\/\/agora.xtec.cat\/ceipsotdelcamp\/wp-json\/wp\/v2\/pages\/71","targetHints":{"allow":["GET"]}}],"collection":[{"href":"https:\/\/agora.xtec.cat\/ceipsotdelcamp\/wp-json\/wp\/v2\/pages"}],"about":[{"href":"https:\/\/agora.xtec.cat\/ceipsotdelcamp\/wp-json\/wp\/v2\/types\/page"}],"author":[{"embeddable":true,"href":"https:\/\/agora.xtec.cat\/ceipsotdelcamp\/wp-json\/wp\/v2\/users\/1"}],"replies":[{"embeddable":true,"href":"https:\/\/agora.xtec.cat\/ceipsotdelcamp\/wp-json\/wp\/v2\/comments?post=71"}],"version-history":[{"count":3,"href":"https:\/\/agora.xtec.cat\/ceipsotdelcamp\/wp-json\/wp\/v2\/pages\/71\/revisions"}],"predecessor-version":[{"id":1700,"href":"https:\/\/agora.xtec.cat\/ceipsotdelcamp\/wp-json\/wp\/v2\/pages\/71\/revisions\/1700"}],"up":[{"embeddable":true,"href":"https:\/\/agora.xtec.cat\/ceipsotdelcamp\/wp-json\/wp\/v2\/pages\/66"}],"wp:attachment":[{"href":"https:\/\/agora.xtec.cat\/ceipsotdelcamp\/wp-json\/wp\/v2\/media?parent=71"}],"curies":[{"name":"wp","href":"https:\/\/api.w.org\/{rel}","templated":true}]}}

<p>L&#8217;escola compta amb una dotació de <strong>pissarres digitals interactives</strong> (PDI) a totes les aules d&#8217;Ed. Infantil i Ed. Primària.</p>
<p>Des de les tutories d&#8217;<strong>Ed. Infantil</strong> cada dia treballen amb les PDI: canten el bon dia, miren el temps, reciten poemes i dites, repassen els càrrecs i preparen el dia. Els nens i nenes participen activament de cada espai (podeu veure les activitats als blocs de cada aula)</p>
<p>A <strong>Ed. Primària</strong> l&#8217;ús és molt variat: aplicacions per treballar matemàtiques, medi, música, anglès, per visionar vídeos i pel.lícules relacionades amb els continguts que estem treballant.</p>
<p>A Ed. Primària també es fa recerca d&#8217;informació amb portàtils per treballar els projectes de Medi Natural i Medi social, es fan presentacions powerpoint en grup i s&#8217;utilitza l&#8217;Office com a eina de treball.</p>
<p>Donem un gran valor a la participació de les famílies i l&#8217;alumnat en la pàgina web i els blocs i els instem a fer-los particeps en cada article que publiquem.</p>
<p>Els blocs de les especialitats també recullen una petita mostra de tot allò que fem a les aules.</p>
<p>L&#8217;escola està elaborant el PLA TAC, que és el projecte que recull les accions en tecnologies digitals que potencia el centre i noves accions futures.</p>
<p>&nbsp;</p>

<p>L&#8217;escola compta amb una dotació de pissarres digitals interactives (PDI) a totes les aules d&#8217;Ed. Infantil i Ed. Primària. Des de les tutories d&#8217;Ed. Infantil cada dia treballen amb les PDI: canten el bon dia, miren el temps, reciten poemes i dites, repassen els càrrecs i preparen el dia. Els nens i nenes participen activament [&hellip;]</p>
