{"id":6468,"date":"2022-06-03T15:25:41","date_gmt":"2022-06-03T13:25:41","guid":{"rendered":"https:\/\/agora.xtec.cat\/ceipsotdelcamp\/?page_id=6468"},"modified":"2025-05-15T11:36:19","modified_gmt":"2025-05-15T09:36:19","slug":"estrategia-digital","status":"publish","type":"page","link":"https:\/\/agora.xtec.cat\/ceipsotdelcamp\/lescola\/projectes-escolars\/estrategia-digital\/","title":{"rendered":"ESTRAT\u00c8GIA DIGITAL DE CENTRE (EDC)"},"content":{"rendered":"<p>L&#8217;<strong>estrat\u00e8gia digital de centre<\/strong> (EDC) defineix i concreta les l\u00ednies d&#8217;actuaci\u00f3 del centre que fan possible que els docents, l&#8217;alumnat i l&#8217;escola assoleixi la compet\u00e8ncia digital.<\/p>\n<p>Per adquirir la compet\u00e8ncia digital, l&#8217;EDC compr\u00e8n tots els \u00e0mbits del centre: organitzatius, metodol\u00f2gics, curriculars i comunicatius des d&#8217;una perspectiva d&#8217;innovaci\u00f3 i de millora cont\u00ednua.<\/p>\n<ul>\n<li><strong>A qui afecta?<\/strong><\/li>\n<\/ul>\n<p>Afecta al centre, als docents, a l&#8217;alumnat i a les fam\u00edlies.<\/p>\n<ul>\n<li><strong>Qui la duu a terme?<\/strong><\/li>\n<\/ul>\n<p>Est\u00e0 liderada per l&#8217;equip de direcci\u00f3, s&#8217;elabora des de la comissi\u00f3 d&#8217;estrat\u00e8gia digital i s&#8217;implementa per tot el claustre.<\/p>\n<p>A continuaci\u00f3, us adjuntem l&#8217;enlla\u00e7 del SITES a on podreu consultar tota la part estrat\u00e8gica i la cultura digital del centre.<\/p>\n<p><a href=\"https:\/\/sites.google.com\/escolasotdelcamp.cat\/edc-escolasotdelcamp\/p%C3%A0gina-principal\">https:\/\/sites.google.com\/escolasotdelcamp.cat\/edc-escolasotdelcamp\/p%C3%A0gina-principal<\/a><\/p>\n<p>&nbsp;<\/p>\n","protected":false},"excerpt":{"rendered":"<p>L&#8217;estrat\u00e8gia digital de centre (EDC) defineix i concreta les l\u00ednies d&#8217;actuaci\u00f3 del centre que fan possible que els docents, l&#8217;alumnat i l&#8217;escola assoleixi la compet\u00e8ncia digital. Per adquirir la compet\u00e8ncia digital, l&#8217;EDC compr\u00e8n tots els \u00e0mbits del centre: organitzatius, metodol\u00f2gics, curriculars i comunicatius des d&#8217;una perspectiva d&#8217;innovaci\u00f3 i de millora cont\u00ednua. A qui afecta? Afecta [&hellip;]<\/p>\n","protected":false},"author":4,"featured_media":0,"parent":1738,"menu_order":3,"comment_status":"closed","ping_status":"closed","template":"","meta":{"_bbp_topic_count":0,"_bbp_reply_count":0,"_bbp_total_topic_count":0,"_bbp_total_reply_count":0,"_bbp_voice_count":0,"_bbp_anonymous_reply_count":0,"_bbp_topic_count_hidden":0,"_bbp_reply_count_hidden":0,"_bbp_forum_subforum_count":0,"site-sidebar-layout":"default","site-content-layout":"","ast-site-content-layout":"","site-content-style":"default","site-sidebar-style":"default","ast-global-header-display":"","ast-banner-title-visibility":"","ast-main-header-display":"","ast-hfb-above-header-display":"","ast-hfb-below-header-display":"","ast-hfb-mobile-header-display":"","site-post-title":"","ast-breadcrumbs-content":"","ast-featured-img":"","footer-sml-layout":"","theme-transparent-header-meta":"","adv-header-id-meta":"","stick-header-meta":"","header-above-stick-meta":"","header-main-stick-meta":"","header-below-stick-meta":"","astra-migrate-meta-layouts":"default","ast-page-background-enabled":"default","ast-page-background-meta":{"desktop":{"background-color":"var(--ast-global-color-4)","background-image":"","background-repeat":"repeat","background-position":"center center","background-size":"auto","background-attachment":"scroll","background-type":"","background-media":"","overlay-type":"","overlay-color":"","overlay-opacity":"","overlay-gradient":""},"tablet":{"background-color":"","background-image":"","background-repeat":"repeat","background-position":"center center","background-size":"auto","background-attachment":"scroll","background-type":"","background-media":"","overlay-type":"","overlay-color":"","overlay-opacity":"","overlay-gradient":""},"mobile":{"background-color":"","background-image":"","background-repeat":"repeat","background-position":"center center","background-size":"auto","background-attachment":"scroll","background-type":"","background-media":"","overlay-type":"","overlay-color":"","overlay-opacity":"","overlay-gradient":""}},"ast-content-background-meta":{"desktop":{"background-color":"var(--ast-global-color-5)","background-image":"","background-repeat":"repeat","background-position":"center center","background-size":"auto","background-attachment":"scroll","background-type":"","background-media":"","overlay-type":"","overlay-color":"","overlay-opacity":"","overlay-gradient":""},"tablet":{"background-color":"var(--ast-global-color-5)","background-image":"","background-repeat":"repeat","background-position":"center center","background-size":"auto","background-attachment":"scroll","background-type":"","background-media":"","overlay-type":"","overlay-color":"","overlay-opacity":"","overlay-gradient":""},"mobile":{"background-color":"var(--ast-global-color-5)","background-image":"","background-repeat":"repeat","background-position":"center center","background-size":"auto","background-attachment":"scroll","background-type":"","background-media":"","overlay-type":"","overlay-color":"","overlay-opacity":"","overlay-gradient":""}},"footnotes":""},"class_list":["post-6468","page","type-page","status-publish","hentry"],"post_mailing_queue_ids":[],"_links":{"self":[{"href":"https:\/\/agora.xtec.cat\/ceipsotdelcamp\/wp-json\/wp\/v2\/pages\/6468","targetHints":{"allow":["GET"]}}],"collection":[{"href":"https:\/\/agora.xtec.cat\/ceipsotdelcamp\/wp-json\/wp\/v2\/pages"}],"about":[{"href":"https:\/\/agora.xtec.cat\/ceipsotdelcamp\/wp-json\/wp\/v2\/types\/page"}],"author":[{"embeddable":true,"href":"https:\/\/agora.xtec.cat\/ceipsotdelcamp\/wp-json\/wp\/v2\/users\/4"}],"replies":[{"embeddable":true,"href":"https:\/\/agora.xtec.cat\/ceipsotdelcamp\/wp-json\/wp\/v2\/comments?post=6468"}],"version-history":[{"count":7,"href":"https:\/\/agora.xtec.cat\/ceipsotdelcamp\/wp-json\/wp\/v2\/pages\/6468\/revisions"}],"predecessor-version":[{"id":7628,"href":"https:\/\/agora.xtec.cat\/ceipsotdelcamp\/wp-json\/wp\/v2\/pages\/6468\/revisions\/7628"}],"up":[{"embeddable":true,"href":"https:\/\/agora.xtec.cat\/ceipsotdelcamp\/wp-json\/wp\/v2\/pages\/1738"}],"wp:attachment":[{"href":"https:\/\/agora.xtec.cat\/ceipsotdelcamp\/wp-json\/wp\/v2\/media?parent=6468"}],"curies":[{"name":"wp","href":"https:\/\/api.w.org\/{rel}","templated":true}]}}

ESTRATÈGIA DIGITAL DE CENTRE (EDC)

<p>L&#8217;<strong>estratègia digital de centre</strong> (EDC) defineix i concreta les línies d&#8217;actuació del centre que fan possible que els docents, l&#8217;alumnat i l&#8217;escola assoleixi la competència digital.</p>
<p>Per adquirir la competència digital, l&#8217;EDC comprèn tots els àmbits del centre: organitzatius, metodològics, curriculars i comunicatius des d&#8217;una perspectiva d&#8217;innovació i de millora contínua.</p>
<ul>
<li><strong>A qui afecta?</strong></li>
</ul>
<p>Afecta al centre, als docents, a l&#8217;alumnat i a les famílies.</p>
<ul>
<li><strong>Qui la duu a terme?</strong></li>
</ul>
<p>Està liderada per l&#8217;equip de direcció, s&#8217;elabora des de la comissió d&#8217;estratègia digital i s&#8217;implementa per tot el claustre.</p>
<p>A continuació, us adjuntem l&#8217;enllaç del SITES a on podreu consultar tota la part estratègica i la cultura digital del centre.</p>
<p><a href="https://sites.google.com/escolasotdelcamp.cat/edc-escolasotdelcamp/p%C3%A0gina-principal">https://sites.google.com/escolasotdelcamp.cat/edc-escolasotdelcamp/p%C3%A0gina-principal</a></p>
<p>&nbsp;</p>

<p>L&#8217;estratègia digital de centre (EDC) defineix i concreta les línies d&#8217;actuació del centre que fan possible que els docents, l&#8217;alumnat i l&#8217;escola assoleixi la competència digital. Per adquirir la competència digital, l&#8217;EDC comprèn tots els àmbits del centre: organitzatius, metodològics, curriculars i comunicatius des d&#8217;una perspectiva d&#8217;innovació i de millora contínua. A qui afecta? Afecta [&hellip;]</p>
